Last updated on 2025-05-15 09:52:39 CEST.
Flavor | Version | Tinstall | Tcheck | Ttotal | Status | Flags |
---|---|---|---|---|---|---|
r-devel-linux-x86_64-debian-clang | 0.2 | 5.88 | 45.07 | 50.95 | NOTE | |
r-devel-linux-x86_64-debian-gcc | 0.2 | 3.76 | 31.83 | 35.59 | NOTE | |
r-devel-linux-x86_64-fedora-clang | 0.2 | 76.62 | OK | |||
r-devel-linux-x86_64-fedora-gcc | 0.2 | 71.43 | OK | |||
r-devel-windows-x86_64 | 0.2 | 7.00 | 58.00 | 65.00 | OK | |
r-patched-linux-x86_64 | 0.2 | 5.29 | 40.46 | 45.75 | OK | |
r-release-linux-x86_64 | 0.2 | 5.28 | 40.16 | 45.44 | OK | |
r-release-macos-arm64 | 0.2 | 24.00 | OK | |||
r-release-macos-x86_64 | 0.2 | 40.00 | OK | |||
r-release-windows-x86_64 | 0.2 | 7.00 | 60.00 | 67.00 | OK | |
r-oldrel-macos-arm64 | 0.2 | 24.00 | OK | |||
r-oldrel-macos-x86_64 | 0.2 | 34.00 | OK | |||
r-oldrel-windows-x86_64 | 0.2 | 10.00 | 68.00 | 78.00 | OK |
Version: 0.2
Check: CRAN incoming feasibility
Result: NOTE
Maintainer: ‘Karthik Ram <karthik.ram@gmail.com>’
The Description field contains
of the 'rOpenSci' suite (http://ropensci.org).
Please enclose URLs in angle brackets (<...>).
The BugReports field in DESCRIPTION has
http://www.github.com/ropensci/rfisheries/issues/new
which should likely be
http://www.github.com/ropensci/rfisheries/issues/new/issues
instead.
Flavors: r-devel-linux-x86_64-debian-clang, r-devel-linux-x86_64-debian-gcc
These binaries (installable software) and packages are in development.
They may not be fully stable and should be used with caution. We make no claims about them.
Health stats visible at Monitor.