CRAN Package Check Results for Package rfVarImpOOB

Last updated on 2025-05-03 22:50:06 CEST.

Flavor Version Tinstall Tcheck Ttotal Status Flags
r-devel-linux-x86_64-debian-clang 1.0.3 12.18 125.71 137.89 NOTE
r-devel-linux-x86_64-debian-gcc 1.0.3 9.04 82.21 91.25 NOTE
r-devel-linux-x86_64-fedora-clang 1.0.3 210.62 NOTE
r-devel-linux-x86_64-fedora-gcc 1.0.3 218.12 NOTE
r-devel-windows-x86_64 1.0.3 14.00 128.00 142.00 OK
r-patched-linux-x86_64 1.0.3 11.65 117.14 128.79 OK
r-release-linux-x86_64 OK
r-release-macos-arm64 1.0.3 61.00 OK
r-release-macos-x86_64 1.0.3 112.00 OK
r-release-windows-x86_64 1.0.3 13.00 128.00 141.00 OK
r-oldrel-macos-arm64 1.0.3 57.00 OK
r-oldrel-macos-x86_64 1.0.3 86.00 OK
r-oldrel-windows-x86_64 1.0.3 16.00 166.00 182.00 OK

Check Details

Version: 1.0.3
Check: CRAN incoming feasibility
Result: NOTE Maintainer: ‘Markus Loecher <Markus.Loecher@gmail.com>’ No Authors@R field in DESCRIPTION. Please add one, modifying Authors@R: person(given = "Markus", family = "Loecher", role = c("aut", "cre"), email = "Markus.Loecher@gmail.com") as necessary. Flavors: r-devel-linux-x86_64-debian-clang, r-devel-linux-x86_64-debian-gcc

Version: 1.0.3
Check: dependencies in R code
Result: NOTE Namespace in Imports field not imported from: ‘titanic’ All declared Imports should be used. Flavors: r-devel-linux-x86_64-fedora-clang, r-devel-linux-x86_64-fedora-gcc

These binaries (installable software) and packages are in development.
They may not be fully stable and should be used with caution. We make no claims about them.
Health stats visible at Monitor.