Last updated on 2024-05-02 09:51:55 CEST.
Flavor | Version | Tinstall | Tcheck | Ttotal | Status | Flags |
---|---|---|---|---|---|---|
r-devel-linux-x86_64-debian-clang | 0.2.4 | 92.15 | 56.01 | 148.16 | NOTE | |
r-devel-linux-x86_64-debian-gcc | 0.2.4 | 78.95 | 44.20 | 123.15 | OK | |
r-devel-linux-x86_64-fedora-clang | 0.2.4 | 192.78 | OK | |||
r-devel-linux-x86_64-fedora-gcc | 0.2.4 | 233.39 | OK | |||
r-devel-windows-x86_64 | 0.2.4 | 60.00 | 85.00 | 145.00 | NOTE | |
r-patched-linux-x86_64 | 0.2.4 | 100.77 | 57.61 | 158.38 | OK | |
r-release-linux-x86_64 | 0.2.4 | 91.03 | 57.63 | 148.66 | OK | |
r-release-macos-arm64 | 0.2.4 | 50.00 | NOTE | |||
r-release-windows-x86_64 | 0.2.4 | 65.00 | 83.00 | 148.00 | NOTE | |
r-oldrel-macos-arm64 | 0.2.4 | 66.00 | NOTE | |||
r-oldrel-macos-x86_64 | 0.2.4 | 102.00 | NOTE | |||
r-oldrel-windows-x86_64 | 0.2.4 | 81.00 | 90.00 | 171.00 | NOTE |
Version: 0.2.4
Check: re-building of vignette outputs
Result: NOTE
Re-building vignettes had CPU time 2.6 times elapsed time
Flavor: r-devel-linux-x86_64-debian-clang
Version: 0.2.4
Check: installed package size
Result: NOTE
installed size is 5.2Mb
sub-directories of 1Mb or more:
include 1.9Mb
libs 1.6Mb
models 1.6Mb
Flavors: r-devel-windows-x86_64, r-release-macos-arm64, r-release-windows-x86_64, r-oldrel-macos-arm64, r-oldrel-macos-x86_64, r-oldrel-windows-x86_64
These binaries (installable software) and packages are in development.
They may not be fully stable and should be used with caution. We make no claims about them.
Health stats visible at Monitor.