CRAN Package Check Results for Package rethnicity

Last updated on 2025-02-23 15:49:55 CET.

Flavor Version Tinstall Tcheck Ttotal Status Flags
r-devel-linux-x86_64-debian-clang 0.2.6 61.95 39.19 101.14 OK
r-devel-linux-x86_64-debian-gcc 0.2.6 52.06 32.76 84.82 OK
r-devel-linux-x86_64-fedora-clang 0.2.6 178.31 WARN
r-devel-linux-x86_64-fedora-gcc 0.2.6 206.37 OK
r-devel-macos-arm64 0.2.6 49.00 OK
r-devel-macos-x86_64 0.2.6 109.00 OK
r-devel-windows-x86_64 0.2.6 63.00 94.00 157.00 OK
r-patched-linux-x86_64 0.2.6 66.94 38.38 105.32 OK
r-release-linux-x86_64 0.2.6 65.54 40.69 106.23 OK
r-release-macos-arm64 0.2.6 75.00 NOTE
r-release-macos-x86_64 0.2.6 177.00 NOTE
r-release-windows-x86_64 0.2.6 66.00 91.00 157.00 NOTE
r-oldrel-macos-arm64 0.2.6 73.00 NOTE
r-oldrel-macos-x86_64 0.2.6 172.00 NOTE
r-oldrel-windows-x86_64 0.2.6 76.00 102.00 178.00 NOTE

Check Details

Version: 0.2.6
Check: whether package can be installed
Result: WARN Found the following significant warnings: ../inst/include/nlohmann/json.hpp:26439:35: warning: identifier '_json' preceded by whitespace in a literal operator declaration is deprecated [-Wdeprecated-literal-operator] ../inst/include/nlohmann/json.hpp:26458:49: warning: identifier '_json_pointer' preceded by whitespace in a literal operator declaration is deprecated [-Wdeprecated-literal-operator] See ‘/data/gannet/ripley/R/packages/tests-clang/rethnicity.Rcheck/00install.out’ for details. * used C++ compiler: ‘clang version 20.1.0-rc2’ Flavor: r-devel-linux-x86_64-fedora-clang

Version: 0.2.6
Check: installed package size
Result: NOTE installed size is 28.3Mb sub-directories of 1Mb or more: include 2.4Mb libs 24.1Mb models 1.6Mb Flavors: r-release-macos-arm64, r-release-macos-x86_64, r-release-windows-x86_64, r-oldrel-macos-arm64, r-oldrel-macos-x86_64, r-oldrel-windows-x86_64

These binaries (installable software) and packages are in development.
They may not be fully stable and should be used with caution. We make no claims about them.
Health stats visible at Monitor.