CRAN Package Check Results for Package restfulr

Last updated on 2025-02-23 19:51:18 CET.

Flavor Version Tinstall Tcheck Ttotal Status Flags
r-devel-linux-x86_64-debian-clang 0.0.15 12.18 69.08 81.26 OK --no-tests
r-devel-linux-x86_64-debian-gcc 0.0.15 8.25 50.28 58.53 OK --no-tests
r-devel-linux-x86_64-fedora-clang 0.0.15 131.17 OK
r-devel-linux-x86_64-fedora-gcc 0.0.15 127.64 OK
r-devel-macos-arm64 0.0.15 49.00 OK
r-devel-macos-x86_64 0.0.15 105.00 OK
r-devel-windows-x86_64 0.0.15 1.00 6.00 7.00 ERROR --no-examples --no-tests --no-vignettes
r-patched-linux-x86_64 0.0.15 11.54 63.12 74.66 OK --no-tests
r-release-linux-x86_64 0.0.15 12.01 64.29 76.30 OK --no-tests
r-release-macos-arm64 0.0.15 47.00 OK
r-release-macos-x86_64 0.0.15 75.00 OK
r-release-windows-x86_64 0.0.15 1.00 6.00 7.00 ERROR --no-examples --no-tests --no-vignettes
r-oldrel-macos-arm64 0.0.15 45.00 OK
r-oldrel-macos-x86_64 0.0.15 81.00 OK
r-oldrel-windows-x86_64 0.0.15 1.00 8.00 9.00 ERROR --no-examples --no-tests --no-vignettes

Check Details

Version: 0.0.15
Flags: --no-examples --no-tests --no-vignettes
Check: whether package can be installed
Result: ERROR Installation failed. Flavors: r-devel-windows-x86_64, r-release-windows-x86_64, r-oldrel-windows-x86_64

These binaries (installable software) and packages are in development.
They may not be fully stable and should be used with caution. We make no claims about them.
Health stats visible at Monitor.