CRAN Package Check Results for Package resemble

Last updated on 2025-05-17 17:49:30 CEST.

Flavor Version Tinstall Tcheck Ttotal Status Flags
r-devel-linux-x86_64-debian-clang 2.2.3 62.22 247.49 309.71 NOTE
r-devel-linux-x86_64-debian-gcc 2.2.3 47.84 187.69 235.53 NOTE
r-devel-linux-x86_64-fedora-clang 2.2.3 490.09 OK
r-devel-linux-x86_64-fedora-gcc 2.2.3 545.18 OK
r-devel-windows-x86_64 2.2.3 66.00 319.00 385.00 NOTE
r-patched-linux-x86_64 2.2.3 66.25 264.57 330.82 NOTE
r-release-linux-x86_64 2.2.3 68.76 263.79 332.55 NOTE
r-release-macos-arm64 2.2.3 211.00 OK
r-release-macos-x86_64 2.2.3 426.00 OK
r-release-windows-x86_64 2.2.3 67.00 315.00 382.00 NOTE
r-oldrel-macos-arm64 2.2.3 179.00 NOTE
r-oldrel-macos-x86_64 2.2.3 304.00 NOTE
r-oldrel-windows-x86_64 2.2.3 79.00 397.00 476.00 OK

Check Details

Version: 2.2.3
Check: CRAN incoming feasibility
Result: NOTE Maintainer: ‘Leonardo Ramirez-Lopez <ramirez.lopez.leo@gmail.com>’ No Authors@R field in DESCRIPTION. Please add one, modifying Authors@R: c(person(given = "Leonardo", family = "Ramirez-Lopez", role = c("aut", "cre"), email = "ramirez.lopez.leo@gmail.com"), person(given = "Antoine", family = "Stevens", role = c("aut", "ctb")), person(given = "Claudio", family = "Orellano", role = "ctb"), person(given = c("Raphael", "Viscarra"), family = "Rossel", role = "ctb"), person(given = "Zefang", family = "Shen", role = "ctb"), person(given = "Craig", family = "Lobsey", role = "ctb"), person(given = "Alex", family = "Wadoux", role = "ctb")) as necessary. Package has help file(s) containing later-stage \Sexpr{} expressions but no 'build/stage23.rdb' file. Flavors: r-devel-linux-x86_64-debian-clang, r-devel-linux-x86_64-debian-gcc

Version: 2.2.3
Check: Rd cross-references
Result: NOTE Found the following Rd file(s) with Rd \link{} targets missing package anchors: mbl_control.Rd: foreach Please provide package anchors for all Rd \link{} targets not in the package itself and the base packages. Flavors: r-devel-linux-x86_64-debian-clang, r-devel-linux-x86_64-debian-gcc, r-devel-windows-x86_64, r-patched-linux-x86_64, r-release-linux-x86_64, r-release-windows-x86_64

Version: 2.2.3
Check: installed package size
Result: NOTE installed size is 9.3Mb sub-directories of 1Mb or more: doc 1.9Mb libs 6.8Mb Flavors: r-oldrel-macos-arm64, r-oldrel-macos-x86_64

These binaries (installable software) and packages are in development.
They may not be fully stable and should be used with caution. We make no claims about them.
Health stats visible at Monitor.