Last updated on 2025-05-03 22:50:06 CEST.
Flavor | Version | Tinstall | Tcheck | Ttotal | Status | Flags |
---|---|---|---|---|---|---|
r-devel-linux-x86_64-debian-clang | 0.6 | 2.62 | 29.57 | 32.19 | NOTE | |
r-devel-linux-x86_64-debian-gcc | 0.6 | 1.83 | 22.22 | 24.05 | NOTE | |
r-devel-linux-x86_64-fedora-clang | 0.6 | 52.56 | NOTE | |||
r-devel-linux-x86_64-fedora-gcc | 0.6 | 46.81 | NOTE | |||
r-devel-windows-x86_64 | 0.6 | 3.00 | 52.00 | 55.00 | NOTE | |
r-patched-linux-x86_64 | 0.6 | 2.41 | 27.96 | 30.37 | NOTE | |
r-release-linux-x86_64 | NOTE | |||||
r-release-macos-arm64 | 0.6 | 19.00 | NOTE | |||
r-release-macos-x86_64 | 0.6 | 31.00 | NOTE | |||
r-release-windows-x86_64 | 0.6 | 4.00 | 55.00 | 59.00 | NOTE | |
r-oldrel-macos-arm64 | 0.6 | 19.00 | NOTE | |||
r-oldrel-macos-x86_64 | 0.6 | 33.00 | NOTE | |||
r-oldrel-windows-x86_64 | 0.6 | 3.00 | 50.00 | 53.00 | NOTE |
Version: 0.6
Check: CRAN incoming feasibility
Result: NOTE
Maintainer: ‘Tim Hesterberg <timhesterberg@gmail.com>’
No Authors@R field in DESCRIPTION.
Please add one, modifying
Authors@R: person(given = "Tim",
family = "Hesterberg",
role = c("aut", "cre"),
email = "timhesterberg@gmail.com")
as necessary.
Flavors: r-devel-linux-x86_64-debian-clang, r-devel-linux-x86_64-debian-gcc
Version: 0.6
Check: Rd files
Result: NOTE
checkRd: (-1) ExpandProbs.Rd:35: Lost braces; missing escapes or markup?
35 | {z_probs2 sqrt((n-1)/n) = t_probs,n-1}
| ^
Flavors: r-devel-linux-x86_64-debian-clang, r-devel-linux-x86_64-debian-gcc, r-devel-linux-x86_64-fedora-clang, r-devel-linux-x86_64-fedora-gcc, r-devel-windows-x86_64, r-patched-linux-x86_64, r-release-linux-x86_64, r-release-macos-arm64, r-release-macos-x86_64, r-release-windows-x86_64, r-oldrel-macos-arm64, r-oldrel-macos-x86_64, r-oldrel-windows-x86_64
These binaries (installable software) and packages are in development.
They may not be fully stable and should be used with caution. We make no claims about them.
Health stats visible at Monitor.