Last updated on 2025-02-23 15:49:55 CET.
Flavor | Version | Tinstall | Tcheck | Ttotal | Status | Flags |
---|---|---|---|---|---|---|
r-devel-linux-x86_64-debian-clang | 1.2.3 | 13.68 | 37.58 | 51.26 | NOTE | |
r-devel-linux-x86_64-debian-gcc | 1.2.3 | 10.61 | 29.12 | 39.73 | NOTE | |
r-devel-linux-x86_64-fedora-clang | 1.2.3 | 86.56 | NOTE | |||
r-devel-linux-x86_64-fedora-gcc | 1.2.3 | 97.52 | NOTE | |||
r-devel-macos-arm64 | 1.2.3 | 30.00 | NOTE | |||
r-devel-macos-x86_64 | 1.2.3 | 57.00 | NOTE | |||
r-devel-windows-x86_64 | 1.2.3 | 18.00 | 78.00 | 96.00 | NOTE | |
r-patched-linux-x86_64 | 1.2.3 | 15.27 | 36.02 | 51.29 | NOTE | |
r-release-linux-x86_64 | 1.2.3 | 14.27 | 35.94 | 50.21 | NOTE | |
r-release-macos-arm64 | 1.2.3 | 31.00 | NOTE | |||
r-release-macos-x86_64 | 1.2.3 | 51.00 | NOTE | |||
r-release-windows-x86_64 | 1.2.3 | 16.00 | 78.00 | 94.00 | NOTE | |
r-oldrel-macos-arm64 | 1.2.3 | 32.00 | OK | |||
r-oldrel-macos-x86_64 | 1.2.3 | 48.00 | OK | |||
r-oldrel-windows-x86_64 | 1.2.3 | 17.00 | 89.00 | 106.00 | OK |
Version: 1.2.3
Check: Rd files
Result: NOTE
checkRd: (-1) twosidedPValuestobins.Rd:84: Lost braces; missing escapes or markup?
84 | A matrix with \code{n.bins + 1} rows and {ncol(zmat)} columns, representing for each study the discretization chosed. Values are the between bin breaks. First and last values are the edges of the outmost bins.
| ^
checkRd: (-1) ztobins.Rd:90: Lost braces; missing escapes or markup?
90 | A matrix with \code{n.bins + 1} rows and {ncol(zmat)} columns, representing for each study the discretization chosed. Values are the between bin breaks. First and last values are the edges of the outmost bins.
| ^
Flavors: r-devel-linux-x86_64-debian-clang, r-devel-linux-x86_64-debian-gcc, r-devel-linux-x86_64-fedora-clang, r-devel-linux-x86_64-fedora-gcc, r-devel-macos-arm64, r-devel-macos-x86_64, r-devel-windows-x86_64, r-patched-linux-x86_64, r-release-linux-x86_64, r-release-macos-arm64, r-release-macos-x86_64, r-release-windows-x86_64
These binaries (installable software) and packages are in development.
They may not be fully stable and should be used with caution. We make no claims about them.
Health stats visible at Monitor.