Last updated on 2025-02-02 07:50:23 CET.
Flavor | Version | Tinstall | Tcheck | Ttotal | Status | Flags |
---|---|---|---|---|---|---|
r-devel-linux-x86_64-debian-clang | 1.2-1 | 8.41 | 41.10 | 49.51 | NOTE | |
r-devel-linux-x86_64-debian-gcc | 1.2-1 | 6.30 | 31.84 | 38.14 | NOTE | |
r-devel-linux-x86_64-fedora-clang | 1.2-1 | 81.01 | NOTE | |||
r-devel-linux-x86_64-fedora-gcc | 1.2-1 | 77.96 | NOTE | |||
r-devel-windows-x86_64 | 1.2-1 | 14.00 | 69.00 | 83.00 | NOTE | |
r-patched-linux-x86_64 | 1.2-1 | 8.30 | 38.62 | 46.92 | NOTE | |
r-release-linux-x86_64 | 1.2-1 | 8.16 | 38.23 | 46.39 | NOTE | |
r-release-macos-arm64 | 1.2-1 | 26.00 | NOTE | |||
r-release-macos-x86_64 | 1.2-1 | 39.00 | NOTE | |||
r-release-windows-x86_64 | 1.2-1 | 14.00 | 68.00 | 82.00 | NOTE | |
r-oldrel-macos-arm64 | 1.2-1 | 28.00 | OK | |||
r-oldrel-macos-x86_64 | 1.2-1 | 40.00 | OK | |||
r-oldrel-windows-x86_64 | 1.2-1 | 17.00 | 60.00 | 77.00 | OK |
Version: 1.2-1
Check: Rd files
Result: NOTE
checkRd: (-1) rem.dyad.Rd:121: Lost braces; missing escapes or markup?
121 | \item Single or multiple covariates, time varying: For \code{CovSnd}, \code{CovRec}, or \code{CovInt}, an \code{m} by \code{p} by {n} array whose respective dimensions index time (i.e., event number), covariate, and actor. For \code{CovEvent}, a \code{m} by \code{p} by \code{n} by \code{n} array, whose dimensions are analogous to the previous case.
| ^
Flavors: r-devel-linux-x86_64-debian-clang, r-devel-linux-x86_64-debian-gcc, r-devel-linux-x86_64-fedora-clang, r-devel-linux-x86_64-fedora-gcc, r-devel-windows-x86_64, r-patched-linux-x86_64, r-release-linux-x86_64, r-release-macos-arm64, r-release-macos-x86_64, r-release-windows-x86_64
These binaries (installable software) and packages are in development.
They may not be fully stable and should be used with caution. We make no claims about them.
Health stats visible at Monitor.