CRAN Package Check Results for Package relations

Last updated on 2025-02-23 19:51:18 CET.

Flavor Version Tinstall Tcheck Ttotal Status Flags
r-devel-linux-x86_64-debian-clang 0.6-15 10.25 71.01 81.26 OK
r-devel-linux-x86_64-debian-gcc 0.6-15 6.53 41.52 48.05 NOTE
r-devel-linux-x86_64-fedora-clang 0.6-15 129.12 OK
r-devel-linux-x86_64-fedora-gcc 0.6-15 146.03 OK
r-devel-macos-arm64 0.6-14 48.00 OK
r-devel-macos-x86_64 0.6-15 188.00 OK
r-devel-windows-x86_64 0.6-14 10.00 108.00 118.00 OK
r-patched-linux-x86_64 0.6-15 10.19 67.23 77.42 OK
r-release-linux-x86_64 0.6-15 8.70 67.22 75.92 OK
r-release-macos-arm64 0.6-14 49.00 NOTE
r-release-macos-x86_64 0.6-15 142.00 NOTE
r-release-windows-x86_64 0.6-15 12.00 109.00 121.00 NOTE
r-oldrel-macos-arm64 0.6-14 210.00 NOTE
r-oldrel-macos-x86_64 0.6-15 156.00 NOTE
r-oldrel-windows-x86_64 0.6-15 20.00 123.00 143.00 NOTE

Additional issues

noSuggests

Check Details

Version: 0.6-15
Check: re-building of vignette outputs
Result: NOTE Note: skipping ‘relations.Rnw’ due to unavailable dependencies: 'Rgraphviz' Flavor: r-devel-linux-x86_64-debian-gcc

Version: 0.6-14
Check: package dependencies
Result: NOTE Package which this enhances but not available for checking: ‘Rcplex’ Flavors: r-release-macos-arm64, r-oldrel-macos-arm64

Version: 0.6-15
Check: package dependencies
Result: NOTE Package which this enhances but not available for checking: ‘Rcplex’ Flavors: r-release-macos-x86_64, r-release-windows-x86_64, r-oldrel-macos-x86_64, r-oldrel-windows-x86_64

These binaries (installable software) and packages are in development.
They may not be fully stable and should be used with caution. We make no claims about them.
Health stats visible at Monitor.