Last updated on 2024-05-02 11:51:32 CEST.
Flavor | Version | Tinstall | Tcheck | Ttotal | Status | Flags |
---|---|---|---|---|---|---|
r-devel-linux-x86_64-debian-clang | 3.0.2 | 25.66 | 194.85 | 220.51 | NOTE | |
r-devel-linux-x86_64-debian-gcc | 3.0.2 | 23.80 | 138.67 | 162.47 | NOTE | |
r-devel-linux-x86_64-fedora-clang | 3.0.2 | 277.42 | NOTE | |||
r-devel-linux-x86_64-fedora-gcc | 3.0.2 | 270.65 | NOTE | |||
r-devel-windows-x86_64 | 3.0.2 | 24.00 | 144.00 | 168.00 | NOTE | |
r-patched-linux-x86_64 | 3.0.2 | 18.37 | 177.15 | 195.52 | NOTE | |
r-release-linux-x86_64 | 3.0.2 | 18.91 | 175.53 | 194.44 | NOTE | |
r-release-macos-arm64 | 3.0.2 | 66.00 | NOTE | |||
r-release-windows-x86_64 | 3.0.2 | 24.00 | 142.00 | 166.00 | NOTE | |
r-oldrel-macos-arm64 | 3.0.2 | 62.00 | OK | |||
r-oldrel-macos-x86_64 | 3.0.2 | 142.00 | OK | |||
r-oldrel-windows-x86_64 | 3.0.2 | 33.00 | 173.00 | 206.00 | OK |
Version: 3.0.2
Check: Rd files
Result: NOTE
checkRd: (-1) app_server.Rd:10: Lost braces; missing escapes or markup?
10 | \item{input, output, session}{Internal parameters for {shiny}.
| ^
Flavors: r-devel-linux-x86_64-debian-clang, r-devel-linux-x86_64-debian-gcc, r-devel-linux-x86_64-fedora-clang, r-devel-linux-x86_64-fedora-gcc, r-devel-windows-x86_64, r-patched-linux-x86_64, r-release-linux-x86_64, r-release-macos-arm64, r-release-windows-x86_64
Version: 3.0.2
Check: Rd cross-references
Result: NOTE
Undeclared packages ‘gbm’, ‘randomForest’ in Rd xrefs
Flavor: r-devel-linux-x86_64-fedora-clang
These binaries (installable software) and packages are in development.
They may not be fully stable and should be used with caution. We make no claims about them.
Health stats visible at Monitor.