Last updated on 2024-05-02 13:50:11 CEST.
Flavor | Version | Tinstall | Tcheck | Ttotal | Status | Flags |
---|---|---|---|---|---|---|
r-devel-linux-x86_64-debian-clang | 0.1.0 | 3.48 | 222.20 | 225.68 | OK | |
r-devel-linux-x86_64-debian-gcc | 0.1.0 | 4.07 | 156.37 | 160.44 | OK | |
r-devel-linux-x86_64-fedora-clang | 0.1.0 | 281.78 | NOTE | |||
r-devel-linux-x86_64-fedora-gcc | 0.1.0 | 282.09 | OK | |||
r-devel-windows-x86_64 | 0.1.0 | 6.00 | 162.00 | 168.00 | ERROR | |
r-patched-linux-x86_64 | 0.1.0 | 5.72 | 212.80 | 218.52 | OK | |
r-release-linux-x86_64 | 0.1.0 | 5.73 | 212.66 | 218.39 | OK | |
r-release-macos-arm64 | 0.1.0 | 95.00 | OK | |||
r-release-windows-x86_64 | 0.1.0 | 6.00 | 158.00 | 164.00 | ERROR | |
r-oldrel-macos-arm64 | 0.1.0 | 79.00 | OK | |||
r-oldrel-macos-x86_64 | 0.1.0 | 136.00 | OK | |||
r-oldrel-windows-x86_64 | 0.1.0 | 7.00 | 194.00 | 201.00 | OK |
Version: 0.1.0
Check: Rd cross-references
Result: NOTE
Undeclared package ‘jpeg’ in Rd xrefs
Flavor: r-devel-linux-x86_64-fedora-clang
Version: 0.1.0
Check: re-building of vignette outputs
Result: ERROR
Error(s) in re-building vignettes:
--- re-building 'Introduction.Rmd' using rmarkdown
--- finished re-building 'Introduction.Rmd'
--- re-building 'step00_prep.Rmd' using rmarkdown
--- finished re-building 'step00_prep.Rmd'
--- re-building 'step01_loading.Rmd' using rmarkdown
--- finished re-building 'step01_loading.Rmd'
--- re-building 'step02_initial_cluster.Rmd' using rmarkdown
--- finished re-building 'step02_initial_cluster.Rmd'
--- re-building 'step03_refinement.Rmd' using rmarkdown
--- finished re-building 'step03_refinement.Rmd'
--- re-building 'step04_manual_tweak.Rmd' using rmarkdown
--- re-building 'step05_visualization_export.Rmd' using rmarkdown
--- finished re-building 'step05_visualization_export.Rmd'
SUMMARY: processing the following file failed:
'step04_manual_tweak.Rmd'
Error: Vignette re-building failed.
Execution halted
Flavors: r-devel-windows-x86_64, r-release-windows-x86_64
These binaries (installable software) and packages are in development.
They may not be fully stable and should be used with caution. We make no claims about them.
Health stats visible at Monitor.