Last updated on 2025-02-23 19:51:17 CET.
Flavor | Version | Tinstall | Tcheck | Ttotal | Status | Flags |
---|---|---|---|---|---|---|
r-devel-linux-x86_64-debian-clang | 1.0.0 | 16.14 | 146.36 | 162.50 | OK | |
r-devel-linux-x86_64-debian-gcc | 1.0.0 | 11.10 | 107.01 | 118.11 | OK | |
r-devel-linux-x86_64-fedora-clang | 1.0.0 | 241.55 | OK | |||
r-devel-linux-x86_64-fedora-gcc | 1.0.0 | 246.86 | OK | |||
r-devel-macos-arm64 | 1.0.0 | 70.00 | ERROR | |||
r-devel-macos-x86_64 | 1.0.0 | 124.00 | OK | |||
r-devel-windows-x86_64 | 1.0.0 | 16.00 | 139.00 | 155.00 | OK | |
r-patched-linux-x86_64 | 1.0.0 | 14.40 | 138.58 | 152.98 | OK | |
r-release-linux-x86_64 | 1.0.0 | 13.35 | 139.51 | 152.86 | OK | |
r-release-macos-arm64 | 1.0.0 | 13.00 | ERROR | |||
r-release-macos-x86_64 | 1.0.0 | 101.00 | OK | |||
r-release-windows-x86_64 | 1.0.0 | 15.00 | 134.00 | 149.00 | OK | |
r-oldrel-macos-arm64 | 1.0.0 | 76.00 | ERROR | |||
r-oldrel-macos-x86_64 | 1.0.0 | 99.00 | OK | |||
r-oldrel-windows-x86_64 | 1.0.0 | 22.00 | 165.00 | 187.00 | OK |
Version: 1.0.0
Check: examples
Result: ERROR
Running examples in ‘realTimeloads-Ex.R’ failed
The error most likely occurred in:
> ### Name: impute_data
> ### Title: Returns x with gaps imputed using ARIMA and Decision Trees,
> ### optional uncertainty estimation using Monte Carlo resampling
> ### Aliases: impute_data
>
> ### ** Examples
>
> # Impute non-tidal data
> time <- realTimeloads::ExampleData$Sediment_Samples$time
> xo <- realTimeloads::ExampleData$Sediment_Samples$SSCxs_mg_per_liter
> Q <- realTimeloads::ExampleData$Discharge$Discharge_m_cubed_per_s
> idata <- sample(1:length(xo),round(length(xo)*0.5),replace=FALSE)
> x <- rep(NA,length(xo))
> x[idata] <- xo[idata] # simulated samples
> flow_concentrtion_ratio <- imputeTS::na_interpolation(Q/x)
> Xreg <- cbind(Q,flow_concentrtion_ratio)
> Output <- impute_data(time,x,Xreg,MC = 10,ptrain = 0.8)
Error in optim(init[mask], getLike, method = "L-BFGS-B", lower = rep(0, :
L-BFGS-B needs finite values of 'fn'
Calls: impute_data -> <Anonymous> -> <Anonymous> -> optim
Execution halted
Flavors: r-devel-macos-arm64, r-oldrel-macos-arm64
Version: 1.0.0
Check: whether package can be installed
Result: ERROR
Installation failed.
Flavor: r-release-macos-arm64
These binaries (installable software) and packages are in development.
They may not be fully stable and should be used with caution. We make no claims about them.
Health stats visible at Monitor.