CRAN Package Check Results for Package readmet

Last updated on 2025-11-14 01:51:48 CET.

Flavor Version Tinstall Tcheck Ttotal Status Flags
r-devel-linux-x86_64-debian-clang 1.7.1 2.73 30.72 33.45 NOTE
r-devel-linux-x86_64-debian-gcc 1.7.1 1.96 22.04 24.00 NOTE
r-devel-linux-x86_64-fedora-clang 1.7.1 51.14 NOTE
r-devel-linux-x86_64-fedora-gcc 1.7.1 14.00 39.03 53.03 OK
r-devel-windows-x86_64 1.7.1 4.00 45.00 49.00 NOTE
r-patched-linux-x86_64 1.7.1 2.76 29.75 32.51 OK
r-release-linux-x86_64 1.7.1 2.87 28.58 31.45 OK
r-release-macos-arm64 1.7.1 1.00 16.00 17.00 OK
r-release-macos-x86_64 1.7.1 2.00 25.00 27.00 OK
r-release-windows-x86_64 1.7.1 4.00 46.00 50.00 OK
r-oldrel-macos-arm64 1.7.1 1.00 15.00 16.00 OK
r-oldrel-macos-x86_64 1.7.1 2.00 22.00 24.00 OK
r-oldrel-windows-x86_64 1.7.1 4.00 46.00 50.00 OK

Check Details

Version: 1.7.1
Check: CRAN incoming feasibility
Result: NOTE Maintainer: ‘Clemens Druee <druee@uni-trier.de>’ No Authors@R field in DESCRIPTION. Please add one, modifying Authors@R: c(person(given = "Clemens", family = "Druee", role = c("aut", "cre"), email = "druee@uni-trier.de"), person(given = "Universitaet", family = "Trier", role = "aut")) as necessary. Flavors: r-devel-linux-x86_64-debian-clang, r-devel-linux-x86_64-debian-gcc

Version: 1.7.1
Check: Rd files
Result: NOTE checkRd: (-1) readmet-package.Rd:30-49: Only 2 columns allowed in this table (row 2 has 1) checkRd: (-1) readmet-package.Rd:30-49: Only 2 columns allowed in this table (row 10 has 1) checkRd: (-1) readmet-package.Rd:30-49: Only 2 columns allowed in this table (row 12 has 1) Flavors: r-devel-linux-x86_64-debian-clang, r-devel-linux-x86_64-debian-gcc, r-devel-linux-x86_64-fedora-clang, r-devel-windows-x86_64

These binaries (installable software) and packages are in development.
They may not be fully stable and should be used with caution. We make no claims about them.
Health stats visible at Monitor.