Last updated on 2025-10-31 09:50:28 CET.
| Flavor | Version | Tinstall | Tcheck | Ttotal | Status | Flags | 
|---|---|---|---|---|---|---|
| r-devel-linux-x86_64-debian-clang | 0.1.4 | 107.84 | 36.26 | 144.10 | NOTE | |
| r-devel-linux-x86_64-debian-gcc | 0.1.4 | 78.84 | 29.20 | 108.04 | NOTE | |
| r-devel-linux-x86_64-fedora-clang | 0.1.4 | 224.00 | 82.70 | 306.70 | NOTE | |
| r-devel-linux-x86_64-fedora-gcc | 0.1.4 | 508.00 | -195.28 | 312.72 | NOTE | |
| r-devel-windows-x86_64 | 0.1.4 | 133.00 | 80.00 | 213.00 | OK | |
| r-patched-linux-x86_64 | 0.1.4 | 116.06 | 34.72 | 150.78 | OK | |
| r-release-linux-x86_64 | 0.1.4 | 118.79 | 34.63 | 153.42 | OK | |
| r-release-macos-arm64 | 0.1.4 | 40.00 | 30.00 | 70.00 | OK | |
| r-release-macos-x86_64 | 0.1.4 | 36.00 | 55.00 | 91.00 | OK | |
| r-release-windows-x86_64 | 0.1.4 | 144.00 | 85.00 | 229.00 | OK | |
| r-oldrel-macos-arm64 | 0.1.4 | 37.00 | 38.00 | 75.00 | NOTE | |
| r-oldrel-macos-x86_64 | 0.1.4 | 43.00 | 66.00 | 109.00 | NOTE | |
| r-oldrel-windows-x86_64 | 0.1.4 | 142.00 | 96.00 | 238.00 | OK | 
Version: 0.1.4
Check: Rd files
Result: NOTE
  checkRd: (-1) re2_regexp.Rd:15-26: Only 3 columns allowed in this table (row 1 has 2)
  checkRd: (-1) re2_regexp.Rd:15-26: Only 3 columns allowed in this table (row 2 has 2)
  checkRd: (-1) re2_regexp.Rd:15-26: Only 3 columns allowed in this table (row 3 has 2)
  checkRd: (-1) re2_regexp.Rd:15-26: Only 3 columns allowed in this table (row 4 has 2)
  checkRd: (-1) re2_regexp.Rd:15-26: Only 3 columns allowed in this table (row 5 has 2)
  checkRd: (-1) re2_regexp.Rd:15-26: Only 3 columns allowed in this table (row 6 has 2)
  checkRd: (-1) re2_regexp.Rd:15-26: Only 3 columns allowed in this table (row 7 has 2)
  checkRd: (-1) re2_regexp.Rd:15-26: Only 3 columns allowed in this table (row 8 has 2)
  checkRd: (-1) re2_regexp.Rd:15-26: Only 3 columns allowed in this table (row 9 has 2)
  checkRd: (-1) re2_regexp.Rd:31-35: Only 3 columns allowed in this table (row 1 has 2)
  checkRd: (-1) re2_regexp.Rd:31-35: Only 3 columns allowed in this table (row 2 has 2)
  checkRd: (-1) re2_regexp.Rd:31-35: Only 3 columns allowed in this table (row 3 has 2)
  checkRd: (-1) re2_syntax.Rd:84-97: Only 4 columns allowed in this table (row 1 has 2)
  checkRd: (-1) re2_syntax.Rd:84-97: Only 4 columns allowed in this table (row 2 has 2)
  checkRd: (-1) re2_syntax.Rd:84-97: Only 4 columns allowed in this table (row 3 has 2)
  checkRd: (-1) re2_syntax.Rd:84-97: Only 4 columns allowed in this table (row 4 has 2)
  checkRd: (-1) re2_syntax.Rd:84-97: Only 4 columns allowed in this table (row 5 has 2)
  checkRd: (-1) re2_syntax.Rd:84-97: Only 4 columns allowed in this table (row 6 has 2)
  checkRd: (-1) re2_syntax.Rd:84-97: Only 4 columns allowed in this table (row 7 has 2)
  checkRd: (-1) re2_syntax.Rd:84-97: Only 4 columns allowed in this table (row 8 has 2)
  checkRd: (-1) re2_syntax.Rd:84-97: Only 4 columns allowed in this table (row 9 has 2)
  checkRd: (-1) re2_syntax.Rd:84-97: Only 4 columns allowed in this table (row 10 has 2)
  checkRd: (-1) re2_syntax.Rd:84-97: Only 4 columns allowed in this table (row 11 has 2)
  checkRd: (-1) re2_syntax.Rd:84-97: Only 4 columns allowed in this table (row 12 has 2)
  checkRd: (-1) re2_syntax.Rd:100-104: Only 4 columns allowed in this table (row 1 has 2)
  checkRd: (-1) re2_syntax.Rd:100-104: Only 4 columns allowed in this table (row 2 has 2)
  checkRd: (-1) re2_syntax.Rd:100-104: Only 4 columns allowed in this table (row 3 has 2)
  checkRd: (-1) re2_syntax.Rd:107-125: Only 4 columns allowed in this table (row 1 has 2)
  checkRd: (-1) re2_syntax.Rd:107-125: Only 4 columns allowed in this table (row 2 has 2)
  checkRd: (-1) re2_syntax.Rd:107-125: Only 4 columns allowed in this table (row 3 has 2)
  checkRd: (-1) re2_syntax.Rd:107-125: Only 4 columns allowed in this table (row 4 has 2)
  checkRd: (-1) re2_syntax.Rd:107-125: Only 4 columns allowed in this table (row 5 has 2)
  checkRd: (-1) re2_syntax.Rd:107-125: Only 4 columns allowed in this table (row 6 has 2)
  checkRd: (-1) re2_syntax.Rd:107-125: Only 4 columns allowed in this table (row 7 has 2)
  checkRd: (-1) re2_syntax.Rd:107-125: Only 4 columns allowed in this table (row 8 has 2)
  checkRd: (-1) re2_syntax.Rd:107-125: Only 4 columns allowed in this table (row 9 has 2)
  checkRd: (-1) re2_syntax.Rd:107-125: Only 4 columns allowed in this table (row 10 has 2)
  checkRd: (-1) re2_syntax.Rd:107-125: Only 4 columns allowed in this table (row 11 has 2)
  checkRd: (-1) re2_syntax.Rd:107-125: Only 4 columns allowed in this table (row 12 has 2)
  checkRd: (-1) re2_syntax.Rd:107-125: Only 4 columns allowed in this table (row 13 has 2)
  checkRd: (-1) re2_syntax.Rd:107-125: Only 4 columns allowed in this table (row 14 has 2)
  checkRd: (-1) re2_syntax.Rd:107-125: Only 4 columns allowed in this table (row 15 has 2)
  checkRd: (-1) re2_syntax.Rd:107-125: Only 4 columns allowed in this table (row 16 has 2)
  checkRd: (-1) re2_syntax.Rd:107-125: Only 4 columns allowed in this table (row 17 has 2)
  checkRd: (-1) re2_syntax.Rd:130-138: Only 4 columns allowed in this table (row 1 has 2)
  checkRd: (-1) re2_syntax.Rd:130-138: Only 4 columns allowed in this table (row 2 has 2)
  checkRd: (-1) re2_syntax.Rd:130-138: Only 4 columns allowed in this table (row 3 has 2)
  checkRd: (-1) re2_syntax.Rd:130-138: Only 4 columns allowed in this table (row 4 has 2)
  checkRd: (-1) re2_syntax.Rd:130-138: Only 4 columns allowed in this table (row 5 has 2)
  checkRd: (-1) re2_syntax.Rd:130-138: Only 4 columns allowed in this table (row 6 has 2)
  checkRd: (-1) re2_syntax.Rd:130-138: Only 4 columns allowed in this table (row 7 has 2)
  checkRd: (-1) re2_syntax.Rd:141-155: Only 4 columns allowed in this table (row 1 has 2)
  checkRd: (-1) re2_syntax.Rd:141-155: Only 4 columns allowed in this table (row 2 has 2)
  checkRd: (-1) re2_syntax.Rd:141-155: Only 4 columns allowed in this table (row 3 has 2)
  checkRd: (-1) re2_syntax.Rd:141-155: Only 4 columns allowed in this table (row 4 has 2)
  checkRd: (-1) re2_syntax.Rd:141-155: Only 4 columns allowed in this table (row 5 has 2)
  checkRd: (-1) re2_syntax.Rd:141-155: Only 4 columns allowed in this table (row 6 has 2)
  checkRd: (-1) re2_syntax.Rd:141-155: Only 4 columns allowed in this table (row 7 has 2)
  checkRd: (-1) re2_syntax.Rd:141-155: Only 4 columns allowed in this table (row 8 has 2)
  checkRd: (-1) re2_syntax.Rd:141-155: Only 4 columns allowed in this table (row 9 has 2)
  checkRd: (-1) re2_syntax.Rd:141-155: Only 4 columns allowed in this table (row 10 has 2)
  checkRd: (-1) re2_syntax.Rd:141-155: Only 4 columns allowed in this table (row 11 has 2)
  checkRd: (-1) re2_syntax.Rd:141-155: Only 4 columns allowed in this table (row 12 has 2)
  checkRd: (-1) re2_syntax.Rd:141-155: Only 4 columns allowed in this table (row 13 has 2)
  checkRd: (-1) re2_syntax.Rd:159-165: Only 4 columns allowed in this table (row 1 has 2)
  checkRd: (-1) re2_syntax.Rd:159-165: Only 4 columns allowed in this table (row 2 has 2)
  checkRd: (-1) re2_syntax.Rd:159-165: Only 4 columns allowed in this table (row 3 has 2)
  checkRd: (-1) re2_syntax.Rd:159-165: Only 4 columns allowed in this table (row 4 has 2)
  checkRd: (-1) re2_syntax.Rd:159-165: Only 4 columns allowed in this table (row 5 has 2)
  checkRd: (-1) re2_syntax.Rd:170-200: Only 4 columns allowed in this table (row 1 has 2)
  checkRd: (-1) re2_syntax.Rd:170-200: Only 4 columns allowed in this table (row 2 has 2)
  checkRd: (-1) re2_syntax.Rd:170-200: Only 4 columns allowed in this table (row 3 has 2)
  checkRd: (-1) re2_syntax.Rd:170-200: Only 4 columns allowed in this table (row 4 has 2)
  checkRd: (-1) re2_syntax.Rd:170-200: Only 4 columns allowed in this table (row 5 has 2)
  checkRd: (-1) re2_syntax.Rd:170-200: Only 4 columns allowed in this table (row 6 has 2)
  checkRd: (-1) re2_syntax.Rd:170-200: Only 4 columns allowed in this table (row 7 has 2)
  checkRd: (-1) re2_syntax.Rd:170-200: Only 4 columns allowed in this table (row 8 has 2)
  checkRd: (-1) re2_syntax.Rd:170-200: Only 4 columns allowed in this table (row 9 has 2)
  checkRd: (-1) re2_syntax.Rd:170-200: Only 4 columns allowed in this table (row 10 has 2)
  checkRd: (-1) re2_syntax.Rd:170-200: Only 4 columns allowed in this table (row 11 has 2)
  checkRd: (-1) re2_syntax.Rd:170-200: Only 4 columns allowed in this table (row 12 has 2)
  checkRd: (-1) re2_syntax.Rd:170-200: Only 4 columns allowed in this table (row 13 has 2)
  checkRd: (-1) re2_syntax.Rd:170-200: Only 4 columns allowed in this table (row 14 has 2)
  checkRd: (-1) re2_syntax.Rd:170-200: Only 4 columns allowed in this table (row 15 has 2)
  checkRd: (-1) re2_syntax.Rd:170-200: Only 4 columns allowed in this table (row 16 has 2)
  checkRd: (-1) re2_syntax.Rd:170-200: Only 4 columns allowed in this table (row 17 has 2)
  checkRd: (-1) re2_syntax.Rd:170-200: Only 4 columns allowed in this table (row 18 has 2)
  checkRd: (-1) re2_syntax.Rd:170-200: Only 4 columns allowed in this table (row 19 has 2)
  checkRd: (-1) re2_syntax.Rd:170-200: Only 4 columns allowed in this table (row 20 has 2)
  checkRd: (-1) re2_syntax.Rd:170-200: Only 4 columns allowed in this table (row 21 has 2)
  checkRd: (-1) re2_syntax.Rd:170-200: Only 4 columns allowed in this table (row 22 has 2)
  checkRd: (-1) re2_syntax.Rd:170-200: Only 4 columns allowed in this table (row 23 has 2)
  checkRd: (-1) re2_syntax.Rd:170-200: Only 4 columns allowed in this table (row 24 has 2)
  checkRd: (-1) re2_syntax.Rd:170-200: Only 4 columns allowed in this table (row 25 has 2)
  checkRd: (-1) re2_syntax.Rd:170-200: Only 4 columns allowed in this table (row 26 has 2)
  checkRd: (-1) re2_syntax.Rd:170-200: Only 4 columns allowed in this table (row 27 has 2)
  checkRd: (-1) re2_syntax.Rd:170-200: Only 4 columns allowed in this table (row 28 has 2)
  checkRd: (-1) re2_syntax.Rd:170-200: Only 4 columns allowed in this table (row 29 has 2)
  checkRd: (-1) re2_syntax.Rd:203-243: Only 4 columns allowed in this table (row 1 has 2)
  checkRd: (-1) re2_syntax.Rd:203-243: Only 4 columns allowed in this table (row 2 has 2)
  checkRd: (-1) re2_syntax.Rd:203-243: Only 4 columns allowed in this table (row 3 has 2)
  checkRd: (-1) re2_syntax.Rd:203-243: Only 4 columns allowed in this table (row 4 has 2)
  checkRd: (-1) re2_syntax.Rd:203-243: Only 4 columns allowed in this table (row 5 has 2)
  checkRd: (-1) re2_syntax.Rd:203-243: Only 4 columns allowed in this table (row 6 has 2)
  checkRd: (-1) re2_syntax.Rd:203-243: Only 4 columns allowed in this table (row 7 has 2)
  checkRd: (-1) re2_syntax.Rd:203-243: Only 4 columns allowed in this table (row 8 has 2)
  checkRd: (-1) re2_syntax.Rd:203-243: Only 4 columns allowed in this table (row 9 has 2)
  checkRd: (-1) re2_syntax.Rd:203-243: Only 4 columns allowed in this table (row 10 has 2)
  checkRd: (-1) re2_syntax.Rd:203-243: Only 4 columns allowed in this table (row 11 has 2)
  checkRd: (-1) re2_syntax.Rd:203-243: Only 4 columns allowed in this table (row 12 has 2)
  checkRd: (-1) re2_syntax.Rd:203-243: Only 4 columns allowed in this table (row 13 has 2)
  checkRd: (-1) re2_syntax.Rd:203-243: Only 4 columns allowed in this table (row 14 has 2)
  checkRd: (-1) re2_syntax.Rd:203-243: Only 4 columns allowed in this table (row 15 has 2)
  checkRd: (-1) re2_syntax.Rd:203-243: Only 4 columns allowed in this table (row 16 has 2)
  checkRd: (-1) re2_syntax.Rd:203-243: Only 4 columns allowed in this table (row 17 has 2)
  checkRd: (-1) re2_syntax.Rd:203-243: Only 4 columns allowed in this table (row 18 has 2)
  checkRd: (-1) re2_syntax.Rd:203-243: Only 4 columns allowed in this table (row 19 has 2)
  checkRd: (-1) re2_syntax.Rd:203-243: Only 4 columns allowed in this table (row 20 has 2)
  checkRd: (-1) re2_syntax.Rd:203-243: Only 4 columns allowed in this table (row 21 has 2)
  checkRd: (-1) re2_syntax.Rd:203-243: Only 4 columns allowed in this table (row 22 has 2)
  checkRd: (-1) re2_syntax.Rd:203-243: Only 4 columns allowed in this table (row 23 has 2)
  checkRd: (-1) re2_syntax.Rd:203-243: Only 4 columns allowed in this table (row 24 has 2)
  checkRd: (-1) re2_syntax.Rd:203-243: Only 4 columns allowed in this table (row 25 has 2)
  checkRd: (-1) re2_syntax.Rd:203-243: Only 4 columns allowed in this table (row 26 has 2)
  checkRd: (-1) re2_syntax.Rd:203-243: Only 4 columns allowed in this table (row 27 has 2)
  checkRd: (-1) re2_syntax.Rd:203-243: Only 4 columns allowed in this table (row 28 has 2)
  checkRd: (-1) re2_syntax.Rd:203-243: Only 4 columns allowed in this table (row 29 has 2)
  checkRd: (-1) re2_syntax.Rd:203-243: Only 4 columns allowed in this table (row 30 has 2)
  checkRd: (-1) re2_syntax.Rd:203-243: Only 4 columns allowed in this table (row 31 has 2)
  checkRd: (-1) re2_syntax.Rd:203-243: Only 4 columns allowed in this table (row 32 has 2)
  checkRd: (-1) re2_syntax.Rd:203-243: Only 4 columns allowed in this table (row 33 has 2)
  checkRd: (-1) re2_syntax.Rd:203-243: Only 4 columns allowed in this table (row 34 has 2)
  checkRd: (-1) re2_syntax.Rd:203-243: Only 4 columns allowed in this table (row 35 has 2)
  checkRd: (-1) re2_syntax.Rd:203-243: Only 4 columns allowed in this table (row 36 has 2)
  checkRd: (-1) re2_syntax.Rd:203-243: Only 4 columns allowed in this table (row 37 has 2)
  checkRd: (-1) re2_syntax.Rd:203-243: Only 4 columns allowed in this table (row 38 has 2)
  checkRd: (-1) re2_syntax.Rd:203-243: Only 4 columns allowed in this table (row 39 has 2)
  checkRd: (-1) re2_syntax.Rd:246-254: Only 4 columns allowed in this table (row 1 has 2)
  checkRd: (-1) re2_syntax.Rd:246-254: Only 4 columns allowed in this table (row 2 has 2)
  checkRd: (-1) re2_syntax.Rd:246-254: Only 4 columns allowed in this table (row 3 has 2)
  checkRd: (-1) re2_syntax.Rd:246-254: Only 4 columns allowed in this table (row 4 has 2)
  checkRd: (-1) re2_syntax.Rd:246-254: Only 4 columns allowed in this table (row 5 has 2)
  checkRd: (-1) re2_syntax.Rd:246-254: Only 4 columns allowed in this table (row 6 has 2)
  checkRd: (-1) re2_syntax.Rd:246-254: Only 4 columns allowed in this table (row 7 has 2)
  checkRd: (-1) re2_syntax.Rd:257-267: Only 4 columns allowed in this table (row 1 has 2)
  checkRd: (-1) re2_syntax.Rd:257-267: Only 4 columns allowed in this table (row 2 has 2)
  checkRd: (-1) re2_syntax.Rd:257-267: Only 4 columns allowed in this table (row 3 has 2)
  checkRd: (-1) re2_syntax.Rd:257-267: Only 4 columns allowed in this table (row 4 has 2)
  checkRd: (-1) re2_syntax.Rd:257-267: Only 4 columns allowed in this table (row 5 has 2)
  checkRd: (-1) re2_syntax.Rd:257-267: Only 4 columns allowed in this table (row 6 has 2)
  checkRd: (-1) re2_syntax.Rd:257-267: Only 4 columns allowed in this table (row 7 has 2)
  checkRd: (-1) re2_syntax.Rd:257-267: Only 4 columns allowed in this table (row 8 has 2)
  checkRd: (-1) re2_syntax.Rd:257-267: Only 4 columns allowed in this table (row 9 has 2)
  checkRd: (-1) re2_syntax.Rd:271-283: Only 4 columns allowed in this table (row 1 has 2)
  checkRd: (-1) re2_syntax.Rd:271-283: Only 4 columns allowed in this table (row 2 has 2)
  checkRd: (-1) re2_syntax.Rd:271-283: Only 4 columns allowed in this table (row 3 has 2)
  checkRd: (-1) re2_syntax.Rd:271-283: Only 4 columns allowed in this table (row 4 has 2)
  checkRd: (-1) re2_syntax.Rd:271-283: Only 4 columns allowed in this table (row 5 has 2)
  checkRd: (-1) re2_syntax.Rd:271-283: Only 4 columns allowed in this table (row 6 has 2)
  checkRd: (-1) re2_syntax.Rd:271-283: Only 4 columns allowed in this table (row 7 has 2)
  checkRd: (-1) re2_syntax.Rd:271-283: Only 4 columns allowed in this table (row 8 has 2)
  checkRd: (-1) re2_syntax.Rd:271-283: Only 4 columns allowed in this table (row 9 has 2)
  checkRd: (-1) re2_syntax.Rd:271-283: Only 4 columns allowed in this table (row 10 has 2)
  checkRd: (-1) re2_syntax.Rd:271-283: Only 4 columns allowed in this table (row 11 has 2)
  checkRd: (-1) re2_syntax.Rd:287-303: Only 4 columns allowed in this table (row 1 has 2)
  checkRd: (-1) re2_syntax.Rd:287-303: Only 4 columns allowed in this table (row 2 has 2)
  checkRd: (-1) re2_syntax.Rd:287-303: Only 4 columns allowed in this table (row 3 has 2)
  checkRd: (-1) re2_syntax.Rd:287-303: Only 4 columns allowed in this table (row 4 has 2)
  checkRd: (-1) re2_syntax.Rd:287-303: Only 4 columns allowed in this table (row 5 has 2)
  checkRd: (-1) re2_syntax.Rd:287-303: Only 4 columns allowed in this table (row 6 has 2)
  checkRd: (-1) re2_syntax.Rd:287-303: Only 4 columns allowed in this table (row 7 has 2)
  checkRd: (-1) re2_syntax.Rd:287-303: Only 4 columns allowed in this table (row 8 has 2)
  checkRd: (-1) re2_syntax.Rd:287-303: Only 4 columns allowed in this table (row 9 has 2)
  checkRd: (-1) re2_syntax.Rd:287-303: Only 4 columns allowed in this table (row 10 has 2)
  checkRd: (-1) re2_syntax.Rd:287-303: Only 4 columns allowed in this table (row 11 has 2)
  checkRd: (-1) re2_syntax.Rd:287-303: Only 4 columns allowed in this table (row 12 has 2)
  checkRd: (-1) re2_syntax.Rd:287-303: Only 4 columns allowed in this table (row 13 has 2)
  checkRd: (-1) re2_syntax.Rd:287-303: Only 4 columns allowed in this table (row 14 has 2)
  checkRd: (-1) re2_syntax.Rd:287-303: Only 4 columns allowed in this table (row 15 has 2)
  checkRd: (-1) re2_syntax.Rd:306-347: Only 4 columns allowed in this table (row 1 has 2)
  checkRd: (-1) re2_syntax.Rd:306-347: Only 4 columns allowed in this table (row 2 has 2)
  checkRd: (-1) re2_syntax.Rd:306-347: Only 4 columns allowed in this table (row 3 has 2)
  checkRd: (-1) re2_syntax.Rd:306-347: Only 4 columns allowed in this table (row 4 has 2)
  checkRd: (-1) re2_syntax.Rd:306-347: Only 4 columns allowed in this table (row 5 has 2)
  checkRd: (-1) re2_syntax.Rd:306-347: Only 4 columns allowed in this table (row 6 has 2)
  checkRd: (-1) re2_syntax.Rd:306-347: Only 4 columns allowed in this table (row 7 has 2)
  checkRd: (-1) re2_syntax.Rd:306-347: Only 4 columns allowed in this table (row 8 has 2)
  checkRd: (-1) re2_syntax.Rd:306-347: Only 4 columns allowed in this table (row 9 has 2)
  checkRd: (-1) re2_syntax.Rd:306-347: Only 4 columns allowed in this table (row 10 has 2)
  checkRd: (-1) re2_syntax.Rd:306-347: Only 4 columns allowed in this table (row 11 has 2)
  checkRd: (-1) re2_syntax.Rd:306-347: Only 4 columns allowed in this table (row 12 has 2)
  checkRd: (-1) re2_syntax.Rd:306-347: Only 4 columns allowed in this table (row 13 has 2)
  checkRd: (-1) re2_syntax.Rd:306-347: Only 4 columns allowed in this table (row 14 has 2)
  checkRd: (-1) re2_syntax.Rd:306-347: Only 4 columns allowed in this table (row 15 has 2)
  checkRd: (-1) re2_syntax.Rd:306-347: Only 4 columns allowed in this table (row 16 has 2)
  checkRd: (-1) re2_syntax.Rd:306-347: Only 4 columns allowed in this table (row 17 has 2)
  checkRd: (-1) re2_syntax.Rd:306-347: Only 4 columns allowed in this table (row 18 has 2)
  checkRd: (-1) re2_syntax.Rd:306-347: Only 4 columns allowed in this table (row 19 has 2)
  checkRd: (-1) re2_syntax.Rd:306-347: Only 4 columns allowed in this table (row 20 has 2)
  checkRd: (-1) re2_syntax.Rd:306-347: Only 4 columns allowed in this table (row 21 has 2)
  checkRd: (-1) re2_syntax.Rd:306-347: Only 4 columns allowed in this table (row 22 has 2)
  checkRd: (-1) re2_syntax.Rd:306-347: Only 4 columns allowed in this table (row 23 has 2)
  checkRd: (-1) re2_syntax.Rd:306-347: Only 4 columns allowed in this table (row 24 has 2)
  checkRd: (-1) re2_syntax.Rd:306-347: Only 4 columns allowed in this table (row 25 has 2)
  checkRd: (-1) re2_syntax.Rd:306-347: Only 4 columns allowed in this table (row 26 has 2)
  checkRd: (-1) re2_syntax.Rd:306-347: Only 4 columns allowed in this table (row 27 has 2)
  checkRd: (-1) re2_syntax.Rd:306-347: Only 4 columns allowed in this table (row 28 has 2)
  checkRd: (-1) re2_syntax.Rd:306-347: Only 4 columns allowed in this table (row 29 has 2)
  checkRd: (-1) re2_syntax.Rd:306-347: Only 4 columns allowed in this table (row 30 has 2)
  checkRd: (-1) re2_syntax.Rd:306-347: Only 4 columns allowed in this table (row 31 has 2)
  checkRd: (-1) re2_syntax.Rd:306-347: Only 4 columns allowed in this table (row 32 has 2)
  checkRd: (-1) re2_syntax.Rd:306-347: Only 4 columns allowed in this table (row 33 has 2)
  checkRd: (-1) re2_syntax.Rd:306-347: Only 4 columns allowed in this table (row 34 has 2)
  checkRd: (-1) re2_syntax.Rd:306-347: Only 4 columns allowed in this table (row 35 has 2)
  checkRd: (-1) re2_syntax.Rd:306-347: Only 4 columns allowed in this table (row 36 has 2)
  checkRd: (-1) re2_syntax.Rd:306-347: Only 4 columns allowed in this table (row 37 has 2)
  checkRd: (-1) re2_syntax.Rd:306-347: Only 4 columns allowed in this table (row 38 has 2)
  checkRd: (-1) re2_syntax.Rd:306-347: Only 4 columns allowed in this table (row 39 has 2)
  checkRd: (-1) re2_syntax.Rd:306-347: Only 4 columns allowed in this table (row 40 has 2)
  checkRd: (-1) re2_syntax.Rd:350-508: Only 4 columns allowed in this table (row 1 has 1)
  checkRd: (-1) re2_syntax.Rd:350-508: Only 4 columns allowed in this table (row 2 has 1)
  checkRd: (-1) re2_syntax.Rd:350-508: Only 4 columns allowed in this table (row 3 has 1)
  checkRd: (-1) re2_syntax.Rd:350-508: Only 4 columns allowed in this table (row 4 has 1)
  checkRd: (-1) re2_syntax.Rd:350-508: Only 4 columns allowed in this table (row 5 has 1)
  checkRd: (-1) re2_syntax.Rd:350-508: Only 4 columns allowed in this table (row 6 has 1)
  checkRd: (-1) re2_syntax.Rd:350-508: Only 4 columns allowed in this table (row 7 has 1)
  checkRd: (-1) re2_syntax.Rd:350-508: Only 4 columns allowed in this table (row 8 has 1)
  checkRd: (-1) re2_syntax.Rd:350-508: Only 4 columns allowed in this table (row 9 has 1)
  checkRd: (-1) re2_syntax.Rd:350-508: Only 4 columns allowed in this table (row 10 has 1)
  checkRd: (-1) re2_syntax.Rd:350-508: Only 4 columns allowed in this table (row 11 has 1)
  checkRd: (-1) re2_syntax.Rd:350-508: Only 4 columns allowed in this table (row 12 has 1)
  checkRd: (-1) re2_syntax.Rd:350-508: Only 4 columns allowed in this table (row 13 has 1)
  checkRd: (-1) re2_syntax.Rd:350-508: Only 4 columns allowed in this table (row 14 has 1)
  checkRd: (-1) re2_syntax.Rd:350-508: Only 4 columns allowed in this table (row 15 has 1)
  checkRd: (-1) re2_syntax.Rd:350-508: Only 4 columns allowed in this table (row 16 has 1)
  checkRd: (-1) re2_syntax.Rd:350-508: Only 4 columns allowed in this table (row 17 has 1)
  checkRd: (-1) re2_syntax.Rd:350-508: Only 4 columns allowed in this table (row 18 has 1)
  checkRd: (-1) re2_syntax.Rd:350-508: Only 4 columns allowed in this table (row 19 has 1)
  checkRd: (-1) re2_syntax.Rd:350-508: Only 4 columns allowed in this table (row 20 has 1)
  checkRd: (-1) re2_syntax.Rd:350-508: Only 4 columns allowed in this table (row 21 has 1)
  checkRd: (-1) re2_syntax.Rd:350-508: Only 4 columns allowed in this table (row 22 has 1)
  checkRd: (-1) re2_syntax.Rd:350-508: Only 4 columns allowed in this table (row 23 has 1)
  checkRd: (-1) re2_syntax.Rd:350-508: Only 4 columns allowed in this table (row 24 has 1)
  checkRd: (-1) re2_syntax.Rd:350-508: Only 4 columns allowed in this table (row 25 has 1)
  checkRd: (-1) re2_syntax.Rd:350-508: Only 4 columns allowed in this table (row 26 has 1)
  checkRd: (-1) re2_syntax.Rd:350-508: Only 4 columns allowed in this table (row 27 has 1)
  checkRd: (-1) re2_syntax.Rd:350-508: Only 4 columns allowed in this table (row 28 has 1)
  checkRd: (-1) re2_syntax.Rd:350-508: Only 4 columns allowed in this table (row 29 has 1)
  checkRd: (-1) re2_syntax.Rd:350-508: Only 4 columns allowed in this table (row 30 has 1)
  checkRd: (-1) re2_syntax.Rd:350-508: Only 4 columns allowed in this table (row 31 has 1)
  checkRd: (-1) re2_syntax.Rd:350-508: Only 4 columns allowed in this table (row 32 has 1)
  checkRd: (-1) re2_syntax.Rd:350-508: Only 4 columns allowed in this table (row 33 has 1)
  checkRd: (-1) re2_syntax.Rd:350-508: Only 4 columns allowed in this table (row 34 has 1)
  checkRd: (-1) re2_syntax.Rd:350-508: Only 4 columns allowed in this table (row 35 has 1)
  checkRd: (-1) re2_syntax.Rd:350-508: Only 4 columns allowed in this table (row 36 has 1)
  checkRd: (-1) re2_syntax.Rd:350-508: Only 4 columns allowed in this table (row 37 has 1)
  checkRd: (-1) re2_syntax.Rd:350-508: Only 4 columns allowed in this table (row 38 has 1)
  checkRd: (-1) re2_syntax.Rd:350-508: Only 4 columns allowed in this table (row 39 has 1)
  checkRd: (-1) re2_syntax.Rd:350-508: Only 4 columns allowed in this table (row 40 has 1)
  checkRd: (-1) re2_syntax.Rd:350-508: Only 4 columns allowed in this table (row 41 has 1)
  checkRd: (-1) re2_syntax.Rd:350-508: Only 4 columns allowed in this table (row 42 has 1)
  checkRd: (-1) re2_syntax.Rd:350-508: Only 4 columns allowed in this table (row 43 has 1)
  checkRd: (-1) re2_syntax.Rd:350-508: Only 4 columns allowed in this table (row 44 has 1)
  checkRd: (-1) re2_syntax.Rd:350-508: Only 4 columns allowed in this table (row 45 has 1)
  checkRd: (-1) re2_syntax.Rd:350-508: Only 4 columns allowed in this table (row 46 has 1)
  checkRd: (-1) re2_syntax.Rd:350-508: Only 4 columns allowed in this table (row 47 has 1)
  checkRd: (-1) re2_syntax.Rd:350-508: Only 4 columns allowed in this table (row 48 has 1)
  checkRd: (-1) re2_syntax.Rd:350-508: Only 4 columns allowed in this table (row 49 has 1)
  checkRd: (-1) re2_syntax.Rd:350-508: Only 4 columns allowed in this table (row 50 has 1)
  checkRd: (-1) re2_syntax.Rd:350-508: Only 4 columns allowed in this table (row 51 has 1)
  checkRd: (-1) re2_syntax.Rd:350-508: Only 4 columns allowed in this table (row 52 has 1)
  checkRd: (-1) re2_syntax.Rd:350-508: Only 4 columns allowed in this table (row 53 has 1)
  checkRd: (-1) re2_syntax.Rd:350-508: Only 4 columns allowed in this table (row 54 has 1)
  checkRd: (-1) re2_syntax.Rd:350-508: Only 4 columns allowed in this table (row 55 has 1)
  checkRd: (-1) re2_syntax.Rd:350-508: Only 4 columns allowed in this table (row 56 has 1)
  checkRd: (-1) re2_syntax.Rd:350-508: Only 4 columns allowed in this table (row 57 has 1)
  checkRd: (-1) re2_syntax.Rd:350-508: Only 4 columns allowed in this table (row 58 has 1)
  checkRd: (-1) re2_syntax.Rd:350-508: Only 4 columns allowed in this table (row 59 has 1)
  checkRd: (-1) re2_syntax.Rd:350-508: Only 4 columns allowed in this table (row 60 has 1)
  checkRd: (-1) re2_syntax.Rd:350-508: Only 4 columns allowed in this table (row 61 has 1)
  checkRd: (-1) re2_syntax.Rd:350-508: Only 4 columns allowed in this table (row 62 has 1)
  checkRd: (-1) re2_syntax.Rd:350-508: Only 4 columns allowed in this table (row 63 has 1)
  checkRd: (-1) re2_syntax.Rd:350-508: Only 4 columns allowed in this table (row 64 has 1)
  checkRd: (-1) re2_syntax.Rd:350-508: Only 4 columns allowed in this table (row 65 has 1)
  checkRd: (-1) re2_syntax.Rd:350-508: Only 4 columns allowed in this table (row 66 has 1)
  checkRd: (-1) re2_syntax.Rd:350-508: Only 4 columns allowed in this table (row 67 has 1)
  checkRd: (-1) re2_syntax.Rd:350-508: Only 4 columns allowed in this table (row 68 has 1)
  checkRd: (-1) re2_syntax.Rd:350-508: Only 4 columns allowed in this table (row 69 has 1)
  checkRd: (-1) re2_syntax.Rd:350-508: Only 4 columns allowed in this table (row 70 has 1)
  checkRd: (-1) re2_syntax.Rd:350-508: Only 4 columns allowed in this table (row 71 has 1)
  checkRd: (-1) re2_syntax.Rd:350-508: Only 4 columns allowed in this table (row 72 has 1)
  checkRd: (-1) re2_syntax.Rd:350-508: Only 4 columns allowed in this table (row 73 has 1)
  checkRd: (-1) re2_syntax.Rd:350-508: Only 4 columns allowed in this table (row 74 has 1)
  checkRd: (-1) re2_syntax.Rd:350-508: Only 4 columns allowed in this table (row 75 has 1)
  checkRd: (-1) re2_syntax.Rd:350-508: Only 4 columns allowed in this table (row 76 has 1)
  checkRd: (-1) re2_syntax.Rd:350-508: Only 4 columns allowed in this table (row 77 has 1)
  checkRd: (-1) re2_syntax.Rd:350-508: Only 4 columns allowed in this table (row 78 has 1)
  checkRd: (-1) re2_syntax.Rd:350-508: Only 4 columns allowed in this table (row 79 has 1)
  checkRd: (-1) re2_syntax.Rd:350-508: Only 4 columns allowed in this table (row 80 has 1)
  checkRd: (-1) re2_syntax.Rd:350-508: Only 4 columns allowed in this table (row 81 has 1)
  checkRd: (-1) re2_syntax.Rd:350-508: Only 4 columns allowed in this table (row 82 has 1)
  checkRd: (-1) re2_syntax.Rd:350-508: Only 4 columns allowed in this table (row 83 has 1)
  checkRd: (-1) re2_syntax.Rd:350-508: Only 4 columns allowed in this table (row 84 has 1)
  checkRd: (-1) re2_syntax.Rd:350-508: Only 4 columns allowed in this table (row 85 has 1)
  checkRd: (-1) re2_syntax.Rd:350-508: Only 4 columns allowed in this table (row 86 has 1)
  checkRd: (-1) re2_syntax.Rd:350-508: Only 4 columns allowed in this table (row 87 has 1)
  checkRd: (-1) re2_syntax.Rd:350-508: Only 4 columns allowed in this table (row 88 has 1)
  checkRd: (-1) re2_syntax.Rd:350-508: Only 4 columns allowed in this table (row 89 has 1)
  checkRd: (-1) re2_syntax.Rd:350-508: Only 4 columns allowed in this table (row 90 has 1)
  checkRd: (-1) re2_syntax.Rd:350-508: Only 4 columns allowed in this table (row 91 has 1)
  checkRd: (-1) re2_syntax.Rd:350-508: Only 4 columns allowed in this table (row 92 has 1)
  checkRd: (-1) re2_syntax.Rd:350-508: Only 4 columns allowed in this table (row 93 has 1)
  checkRd: (-1) re2_syntax.Rd:350-508: Only 4 columns allowed in this table (row 94 has 1)
  checkRd: (-1) re2_syntax.Rd:350-508: Only 4 columns allowed in this table (row 95 has 1)
  checkRd: (-1) re2_syntax.Rd:350-508: Only 4 columns allowed in this table (row 96 has 1)
  checkRd: (-1) re2_syntax.Rd:350-508: Only 4 columns allowed in this table (row 97 has 1)
  checkRd: (-1) re2_syntax.Rd:350-508: Only 4 columns allowed in this table (row 98 has 1)
  checkRd: (-1) re2_syntax.Rd:350-508: Only 4 columns allowed in this table (row 99 has 1)
  checkRd: (-1) re2_syntax.Rd:350-508: Only 4 columns allowed in this table (row 100 has 1)
  checkRd: (-1) re2_syntax.Rd:350-508: Only 4 columns allowed in this table (row 101 has 1)
  checkRd: (-1) re2_syntax.Rd:350-508: Only 4 columns allowed in this table (row 102 has 1)
  checkRd: (-1) re2_syntax.Rd:350-508: Only 4 columns allowed in this table (row 103 has 1)
  checkRd: (-1) re2_syntax.Rd:350-508: Only 4 columns allowed in this table (row 104 has 1)
  checkRd: (-1) re2_syntax.Rd:350-508: Only 4 columns allowed in this table (row 105 has 1)
  checkRd: (-1) re2_syntax.Rd:350-508: Only 4 columns allowed in this table (row 106 has 1)
  checkRd: (-1) re2_syntax.Rd:350-508: Only 4 columns allowed in this table (row 107 has 1)
  checkRd: (-1) re2_syntax.Rd:350-508: Only 4 columns allowed in this table (row 108 has 1)
  checkRd: (-1) re2_syntax.Rd:350-508: Only 4 columns allowed in this table (row 109 has 1)
  checkRd: (-1) re2_syntax.Rd:350-508: Only 4 columns allowed in this table (row 110 has 1)
  checkRd: (-1) re2_syntax.Rd:350-508: Only 4 columns allowed in this table (row 111 has 1)
  checkRd: (-1) re2_syntax.Rd:350-508: Only 4 columns allowed in this table (row 112 has 1)
  checkRd: (-1) re2_syntax.Rd:350-508: Only 4 columns allowed in this table (row 113 has 1)
  checkRd: (-1) re2_syntax.Rd:350-508: Only 4 columns allowed in this table (row 114 has 1)
  checkRd: (-1) re2_syntax.Rd:350-508: Only 4 columns allowed in this table (row 115 has 1)
  checkRd: (-1) re2_syntax.Rd:350-508: Only 4 columns allowed in this table (row 116 has 1)
  checkRd: (-1) re2_syntax.Rd:350-508: Only 4 columns allowed in this table (row 117 has 1)
  checkRd: (-1) re2_syntax.Rd:350-508: Only 4 columns allowed in this table (row 118 has 1)
  checkRd: (-1) re2_syntax.Rd:350-508: Only 4 columns allowed in this table (row 119 has 1)
  checkRd: (-1) re2_syntax.Rd:350-508: Only 4 columns allowed in this table (row 120 has 1)
  checkRd: (-1) re2_syntax.Rd:350-508: Only 4 columns allowed in this table (row 121 has 1)
  checkRd: (-1) re2_syntax.Rd:350-508: Only 4 columns allowed in this table (row 122 has 1)
  checkRd: (-1) re2_syntax.Rd:350-508: Only 4 columns allowed in this table (row 123 has 1)
  checkRd: (-1) re2_syntax.Rd:350-508: Only 4 columns allowed in this table (row 124 has 1)
  checkRd: (-1) re2_syntax.Rd:350-508: Only 4 columns allowed in this table (row 125 has 1)
  checkRd: (-1) re2_syntax.Rd:350-508: Only 4 columns allowed in this table (row 126 has 1)
  checkRd: (-1) re2_syntax.Rd:350-508: Only 4 columns allowed in this table (row 127 has 1)
  checkRd: (-1) re2_syntax.Rd:350-508: Only 4 columns allowed in this table (row 128 has 1)
  checkRd: (-1) re2_syntax.Rd:350-508: Only 4 columns allowed in this table (row 129 has 1)
  checkRd: (-1) re2_syntax.Rd:350-508: Only 4 columns allowed in this table (row 130 has 1)
  checkRd: (-1) re2_syntax.Rd:350-508: Only 4 columns allowed in this table (row 131 has 1)
  checkRd: (-1) re2_syntax.Rd:350-508: Only 4 columns allowed in this table (row 132 has 1)
  checkRd: (-1) re2_syntax.Rd:350-508: Only 4 columns allowed in this table (row 133 has 1)
  checkRd: (-1) re2_syntax.Rd:350-508: Only 4 columns allowed in this table (row 134 has 1)
  checkRd: (-1) re2_syntax.Rd:350-508: Only 4 columns allowed in this table (row 135 has 1)
  checkRd: (-1) re2_syntax.Rd:350-508: Only 4 columns allowed in this table (row 136 has 1)
  checkRd: (-1) re2_syntax.Rd:350-508: Only 4 columns allowed in this table (row 137 has 1)
  checkRd: (-1) re2_syntax.Rd:350-508: Only 4 columns allowed in this table (row 138 has 1)
  checkRd: (-1) re2_syntax.Rd:350-508: Only 4 columns allowed in this table (row 139 has 1)
  checkRd: (-1) re2_syntax.Rd:350-508: Only 4 columns allowed in this table (row 140 has 1)
  checkRd: (-1) re2_syntax.Rd:350-508: Only 4 columns allowed in this table (row 141 has 1)
  checkRd: (-1) re2_syntax.Rd:350-508: Only 4 columns allowed in this table (row 142 has 1)
  checkRd: (-1) re2_syntax.Rd:350-508: Only 4 columns allowed in this table (row 143 has 1)
  checkRd: (-1) re2_syntax.Rd:350-508: Only 4 columns allowed in this table (row 144 has 1)
  checkRd: (-1) re2_syntax.Rd:350-508: Only 4 columns allowed in this table (row 145 has 1)
  checkRd: (-1) re2_syntax.Rd:350-508: Only 4 columns allowed in this table (row 146 has 1)
  checkRd: (-1) re2_syntax.Rd:350-508: Only 4 columns allowed in this table (row 147 has 1)
  checkRd: (-1) re2_syntax.Rd:350-508: Only 4 columns allowed in this table (row 148 has 1)
  checkRd: (-1) re2_syntax.Rd:350-508: Only 4 columns allowed in this table (row 149 has 1)
  checkRd: (-1) re2_syntax.Rd:350-508: Only 4 columns allowed in this table (row 150 has 1)
  checkRd: (-1) re2_syntax.Rd:350-508: Only 4 columns allowed in this table (row 151 has 1)
  checkRd: (-1) re2_syntax.Rd:350-508: Only 4 columns allowed in this table (row 152 has 1)
  checkRd: (-1) re2_syntax.Rd:350-508: Only 4 columns allowed in this table (row 153 has 1)
  checkRd: (-1) re2_syntax.Rd:350-508: Only 4 columns allowed in this table (row 154 has 1)
  checkRd: (-1) re2_syntax.Rd:350-508: Only 4 columns allowed in this table (row 155 has 1)
  checkRd: (-1) re2_syntax.Rd:350-508: Only 4 columns allowed in this table (row 156 has 1)
  checkRd: (-1) re2_syntax.Rd:350-508: Only 4 columns allowed in this table (row 157 has 1)
  checkRd: (-1) re2_syntax.Rd:511-547: Only 4 columns allowed in this table (row 1 has 2)
  checkRd: (-1) re2_syntax.Rd:511-547: Only 4 columns allowed in this table (row 2 has 2)
  checkRd: (-1) re2_syntax.Rd:511-547: Only 4 columns allowed in this table (row 3 has 2)
  checkRd: (-1) re2_syntax.Rd:511-547: Only 4 columns allowed in this table (row 4 has 2)
  checkRd: (-1) re2_syntax.Rd:511-547: Only 4 columns allowed in this table (row 5 has 2)
  checkRd: (-1) re2_syntax.Rd:511-547: Only 4 columns allowed in this table (row 6 has 2)
  checkRd: (-1) re2_syntax.Rd:511-547: Only 4 columns allowed in this table (row 7 has 2)
  checkRd: (-1) re2_syntax.Rd:511-547: Only 4 columns allowed in this table (row 8 has 2)
  checkRd: (-1) re2_syntax.Rd:511-547: Only 4 columns allowed in this table (row 9 has 2)
  checkRd: (-1) re2_syntax.Rd:511-547: Only 4 columns allowed in this table (row 10 has 2)
  checkRd: (-1) re2_syntax.Rd:511-547: Only 4 columns allowed in this table (row 11 has 2)
  checkRd: (-1) re2_syntax.Rd:511-547: Only 4 columns allowed in this table (row 12 has 2)
  checkRd: (-1) re2_syntax.Rd:511-547: Only 4 columns allowed in this table (row 13 has 2)
  checkRd: (-1) re2_syntax.Rd:511-547: Only 4 columns allowed in this table (row 14 has 2)
  checkRd: (-1) re2_syntax.Rd:511-547: Only 4 columns allowed in this table (row 15 has 2)
  checkRd: (-1) re2_syntax.Rd:511-547: Only 4 columns allowed in this table (row 16 has 2)
  checkRd: (-1) re2_syntax.Rd:511-547: Only 4 columns allowed in this table (row 17 has 2)
  checkRd: (-1) re2_syntax.Rd:511-547: Only 4 columns allowed in this table (row 18 has 2)
  checkRd: (-1) re2_syntax.Rd:511-547: Only 4 columns allowed in this table (row 19 has 2)
  checkRd: (-1) re2_syntax.Rd:511-547: Only 4 columns allowed in this table (row 20 has 2)
  checkRd: (-1) re2_syntax.Rd:511-547: Only 4 columns allowed in this table (row 21 has 2)
  checkRd: (-1) re2_syntax.Rd:511-547: Only 4 columns allowed in this table (row 22 has 2)
  checkRd: (-1) re2_syntax.Rd:511-547: Only 4 columns allowed in this table (row 23 has 2)
  checkRd: (-1) re2_syntax.Rd:511-547: Only 4 columns allowed in this table (row 24 has 2)
  checkRd: (-1) re2_syntax.Rd:511-547: Only 4 columns allowed in this table (row 25 has 2)
  checkRd: (-1) re2_syntax.Rd:511-547: Only 4 columns allowed in this table (row 26 has 2)
  checkRd: (-1) re2_syntax.Rd:511-547: Only 4 columns allowed in this table (row 27 has 2)
  checkRd: (-1) re2_syntax.Rd:511-547: Only 4 columns allowed in this table (row 28 has 2)
  checkRd: (-1) re2_syntax.Rd:511-547: Only 4 columns allowed in this table (row 29 has 2)
  checkRd: (-1) re2_syntax.Rd:511-547: Only 4 columns allowed in this table (row 30 has 2)
  checkRd: (-1) re2_syntax.Rd:511-547: Only 4 columns allowed in this table (row 31 has 2)
  checkRd: (-1) re2_syntax.Rd:511-547: Only 4 columns allowed in this table (row 32 has 2)
  checkRd: (-1) re2_syntax.Rd:511-547: Only 4 columns allowed in this table (row 33 has 2)
  checkRd: (-1) re2_syntax.Rd:511-547: Only 4 columns allowed in this table (row 34 has 2)
  checkRd: (-1) re2_syntax.Rd:511-547: Only 4 columns allowed in this table (row 35 has 2)
  checkRd: (-1) re2_syntax.Rd:550-579: Only 4 columns allowed in this table (row 1 has 2)
  checkRd: (-1) re2_syntax.Rd:550-579: Only 4 columns allowed in this table (row 2 has 2)
  checkRd: (-1) re2_syntax.Rd:550-579: Only 4 columns allowed in this table (row 3 has 2)
  checkRd: (-1) re2_syntax.Rd:550-579: Only 4 columns allowed in this table (row 4 has 2)
  checkRd: (-1) re2_syntax.Rd:550-579: Only 4 columns allowed in this table (row 5 has 2)
  checkRd: (-1) re2_syntax.Rd:550-579: Only 4 columns allowed in this table (row 6 has 2)
  checkRd: (-1) re2_syntax.Rd:550-579: Only 4 columns allowed in this table (row 7 has 2)
  checkRd: (-1) re2_syntax.Rd:550-579: Only 4 columns allowed in this table (row 8 has 2)
  checkRd: (-1) re2_syntax.Rd:550-579: Only 4 columns allowed in this table (row 9 has 2)
  checkRd: (-1) re2_syntax.Rd:550-579: Only 4 columns allowed in this table (row 10 has 2)
  checkRd: (-1) re2_syntax.Rd:550-579: Only 4 columns allowed in this table (row 11 has 2)
  checkRd: (-1) re2_syntax.Rd:550-579: Only 4 columns allowed in this table (row 12 has 2)
  checkRd: (-1) re2_syntax.Rd:550-579: Only 4 columns allowed in this table (row 13 has 2)
  checkRd: (-1) re2_syntax.Rd:550-579: Only 4 columns allowed in this table (row 14 has 2)
  checkRd: (-1) re2_syntax.Rd:550-579: Only 4 columns allowed in this table (row 15 has 2)
  checkRd: (-1) re2_syntax.Rd:550-579: Only 4 columns allowed in this table (row 16 has 2)
  checkRd: (-1) re2_syntax.Rd:550-579: Only 4 columns allowed in this table (row 17 has 2)
  checkRd: (-1) re2_syntax.Rd:550-579: Only 4 columns allowed in this table (row 18 has 2)
  checkRd: (-1) re2_syntax.Rd:550-579: Only 4 columns allowed in this table (row 19 has 2)
  checkRd: (-1) re2_syntax.Rd:550-579: Only 4 columns allowed in this table (row 20 has 2)
  checkRd: (-1) re2_syntax.Rd:550-579: Only 4 columns allowed in this table (row 21 has 2)
  checkRd: (-1) re2_syntax.Rd:550-579: Only 4 columns allowed in this table (row 22 has 2)
  checkRd: (-1) re2_syntax.Rd:550-579: Only 4 columns allowed in this table (row 23 has 2)
  checkRd: (-1) re2_syntax.Rd:550-579: Only 4 columns allowed in this table (row 24 has 2)
  checkRd: (-1) re2_syntax.Rd:550-579: Only 4 columns allowed in this table (row 25 has 2)
  checkRd: (-1) re2_syntax.Rd:550-579: Only 4 columns allowed in this table (row 26 has 2)
  checkRd: (-1) re2_syntax.Rd:550-579: Only 4 columns allowed in this table (row 27 has 2)
  checkRd: (-1) re2_syntax.Rd:550-579: Only 4 columns allowed in this table (row 28 has 2)
Flavors: r-devel-linux-x86_64-debian-clang, r-devel-linux-x86_64-debian-gcc, r-devel-linux-x86_64-fedora-clang, r-devel-linux-x86_64-fedora-gcc
Version: 0.1.4
Check: installed package size
Result: NOTE
    installed size is  9.2Mb
    sub-directories of 1Mb or more:
      libs   8.9Mb
Flavors: r-oldrel-macos-arm64, r-oldrel-macos-x86_64
These binaries (installable software) and packages are in development.
They may not be fully stable and should be used with caution. We make no claims about them.
Health stats visible at Monitor.