Last updated on 2025-07-17 19:51:48 CEST.
Flavor | Version | Tinstall | Tcheck | Ttotal | Status | Flags |
---|---|---|---|---|---|---|
r-devel-linux-x86_64-debian-clang | 1.0.4 | 5.56 | 81.95 | 87.51 | ERROR | |
r-devel-linux-x86_64-debian-gcc | 1.0.4 | 4.45 | 59.07 | 63.52 | ERROR | |
r-devel-linux-x86_64-fedora-clang | 1.0.4 | 141.33 | OK | |||
r-devel-linux-x86_64-fedora-gcc | 1.0.4 | 126.34 | OK | |||
r-devel-windows-x86_64 | 1.0.4 | 9.00 | 186.00 | 195.00 | ERROR | |
r-patched-linux-x86_64 | 1.0.4 | 5.58 | 74.86 | 80.44 | ERROR | |
r-release-linux-x86_64 | 1.0.4 | 5.91 | 73.50 | 79.41 | OK | |
r-release-macos-arm64 | 1.0.4 | 136.00 | OK | |||
r-release-macos-x86_64 | 1.0.4 | 179.00 | OK | |||
r-release-windows-x86_64 | 1.0.4 | 9.00 | 183.00 | 192.00 | ERROR | |
r-oldrel-macos-arm64 | 1.0.4 | 133.00 | OK | |||
r-oldrel-macos-x86_64 | 1.0.4 | 156.00 | OK | |||
r-oldrel-windows-x86_64 | 1.0.4 | 10.00 | 203.00 | 213.00 | ERROR |
Version: 1.0.4
Check: tests
Result: ERROR
Running ‘testthat.R’ [31s/116s]
Running the tests in ‘tests/testthat.R’ failed.
Complete output:
> library(testthat)
> library(rdracor)
>
> test_check("rdracor")
DraCor API URL: https://dracor.org/api/v1
openapi: https://dracor.org/api/v1/openapi.yaml
existdb: 6.4.0
version: 1.1.0
name: DraCor API v1
base: https://dracor.org/api/v1
status: stable[ FAIL 5 | WARN 0 | SKIP 0 | PASS 36 ]
══ Failed tests ════════════════════════════════════════════════════════════════
── Error ('test-net.R:23:3'): cooccur_igraph is returned by get_net_cooccur_igraph() ──
Error in `igraph::graph_from_data_frame(edges, directed = FALSE, vertices = nodes)`: Some vertex names in edge list are not listed in vertex data frame
Backtrace:
▆
1. ├─testthat::expect_s3_class(...) at test-net.R:23:3
2. │ └─testthat::quasi_label(enquo(object), arg = "object")
3. │ └─rlang::eval_bare(expr, quo_get_env(quo))
4. └─rdracor::get_net_cooccur_igraph("gogol-zhenitba", "rus")
5. └─igraph::graph_from_data_frame(edges, directed = FALSE, vertices = nodes)
── Error ('test-net.R:30:3'): label_cooccur_igraph() return come NA for big network ──
Error in `igraph::graph_from_data_frame(edges, directed = FALSE, vertices = nodes)`: Duplicate vertex names
Backtrace:
▆
1. └─rdracor::get_net_cooccur_igraph("henry-iv-part-1", "shake") at test-net.R:30:3
2. └─igraph::graph_from_data_frame(edges, directed = FALSE, vertices = nodes)
── Error ('test-net.R:37:5'): label_cooccur_igraph() do not return NA after max_graph_size adjustment ──
Error in `igraph::graph_from_data_frame(edges, directed = FALSE, vertices = nodes)`: Duplicate vertex names
Backtrace:
▆
1. └─rdracor::get_net_cooccur_igraph("henry-iv-part-1", "shake") at test-net.R:37:5
2. └─igraph::graph_from_data_frame(edges, directed = FALSE, vertices = nodes)
── Error ('test-net.R:43:3'): summary.cooccur_igraph() prints appropriate number of rows ──
Error in `igraph::graph_from_data_frame(edges, directed = FALSE, vertices = nodes)`: Duplicate vertex names
Backtrace:
▆
1. └─rdracor::get_net_cooccur_igraph("henry-iv-part-1", "shake") at test-net.R:43:3
2. └─igraph::graph_from_data_frame(edges, directed = FALSE, vertices = nodes)
── Error ('test-net.R:48:3'): relations_igraph is returned by get_net_relations_igraph() ──
Error in `igraph::graph_from_data_frame(relations[, c("source", "target",
"type", "relation")], directed = TRUE, vertices = nodes)`: Some vertex names in edge list are not listed in vertex data frame
Backtrace:
▆
1. ├─testthat::expect_s3_class(...) at test-net.R:48:3
2. │ └─testthat::quasi_label(enquo(object), arg = "object")
3. │ └─rlang::eval_bare(expr, quo_get_env(quo))
4. └─rdracor::get_net_relations_igraph("gogol-zhenitba", "rus")
5. └─igraph::graph_from_data_frame(...)
[ FAIL 5 | WARN 0 | SKIP 0 | PASS 36 ]
Error: Test failures
Execution halted
Flavor: r-devel-linux-x86_64-debian-clang
Version: 1.0.4
Check: tests
Result: ERROR
Running ‘testthat.R’ [22s/107s]
Running the tests in ‘tests/testthat.R’ failed.
Complete output:
> library(testthat)
> library(rdracor)
>
> test_check("rdracor")
DraCor API URL: https://dracor.org/api/v1
openapi: https://dracor.org/api/v1/openapi.yaml
existdb: 6.4.0
version: 1.1.0
name: DraCor API v1
base: https://dracor.org/api/v1
status: stable[ FAIL 5 | WARN 0 | SKIP 0 | PASS 36 ]
══ Failed tests ════════════════════════════════════════════════════════════════
── Error ('test-net.R:23:3'): cooccur_igraph is returned by get_net_cooccur_igraph() ──
Error in `igraph::graph_from_data_frame(edges, directed = FALSE, vertices = nodes)`: Some vertex names in edge list are not listed in vertex data frame
Backtrace:
▆
1. ├─testthat::expect_s3_class(...) at test-net.R:23:3
2. │ └─testthat::quasi_label(enquo(object), arg = "object")
3. │ └─rlang::eval_bare(expr, quo_get_env(quo))
4. └─rdracor::get_net_cooccur_igraph("gogol-zhenitba", "rus")
5. └─igraph::graph_from_data_frame(edges, directed = FALSE, vertices = nodes)
── Error ('test-net.R:30:3'): label_cooccur_igraph() return come NA for big network ──
Error in `igraph::graph_from_data_frame(edges, directed = FALSE, vertices = nodes)`: Duplicate vertex names
Backtrace:
▆
1. └─rdracor::get_net_cooccur_igraph("henry-iv-part-1", "shake") at test-net.R:30:3
2. └─igraph::graph_from_data_frame(edges, directed = FALSE, vertices = nodes)
── Error ('test-net.R:37:5'): label_cooccur_igraph() do not return NA after max_graph_size adjustment ──
Error in `igraph::graph_from_data_frame(edges, directed = FALSE, vertices = nodes)`: Duplicate vertex names
Backtrace:
▆
1. └─rdracor::get_net_cooccur_igraph("henry-iv-part-1", "shake") at test-net.R:37:5
2. └─igraph::graph_from_data_frame(edges, directed = FALSE, vertices = nodes)
── Error ('test-net.R:43:3'): summary.cooccur_igraph() prints appropriate number of rows ──
Error in `igraph::graph_from_data_frame(edges, directed = FALSE, vertices = nodes)`: Duplicate vertex names
Backtrace:
▆
1. └─rdracor::get_net_cooccur_igraph("henry-iv-part-1", "shake") at test-net.R:43:3
2. └─igraph::graph_from_data_frame(edges, directed = FALSE, vertices = nodes)
── Error ('test-net.R:48:3'): relations_igraph is returned by get_net_relations_igraph() ──
Error in `igraph::graph_from_data_frame(relations[, c("source", "target",
"type", "relation")], directed = TRUE, vertices = nodes)`: Some vertex names in edge list are not listed in vertex data frame
Backtrace:
▆
1. ├─testthat::expect_s3_class(...) at test-net.R:48:3
2. │ └─testthat::quasi_label(enquo(object), arg = "object")
3. │ └─rlang::eval_bare(expr, quo_get_env(quo))
4. └─rdracor::get_net_relations_igraph("gogol-zhenitba", "rus")
5. └─igraph::graph_from_data_frame(...)
[ FAIL 5 | WARN 0 | SKIP 0 | PASS 36 ]
Error: Test failures
Execution halted
Flavor: r-devel-linux-x86_64-debian-gcc
Version: 1.0.4
Check: tests
Result: ERROR
Running 'testthat.R' [108s]
Running the tests in 'tests/testthat.R' failed.
Complete output:
> library(testthat)
> library(rdracor)
>
> test_check("rdracor")
DraCor API URL: https://dracor.org/api/v1
openapi: https://dracor.org/api/v1/openapi.yaml
existdb: 6.4.0
version: 1.1.0
name: DraCor API v1
base: https://dracor.org/api/v1
status: stable[ FAIL 5 | WARN 0 | SKIP 0 | PASS 36 ]
══ Failed tests ════════════════════════════════════════════════════════════════
── Error ('test-net.R:23:3'): cooccur_igraph is returned by get_net_cooccur_igraph() ──
Error in `igraph::graph_from_data_frame(edges, directed = FALSE, vertices = nodes)`: Some vertex names in edge list are not listed in vertex data frame
Backtrace:
▆
1. ├─testthat::expect_s3_class(...) at test-net.R:23:3
2. │ └─testthat::quasi_label(enquo(object), arg = "object")
3. │ └─rlang::eval_bare(expr, quo_get_env(quo))
4. └─rdracor::get_net_cooccur_igraph("gogol-zhenitba", "rus")
5. └─igraph::graph_from_data_frame(edges, directed = FALSE, vertices = nodes)
── Error ('test-net.R:30:3'): label_cooccur_igraph() return come NA for big network ──
Error in `igraph::graph_from_data_frame(edges, directed = FALSE, vertices = nodes)`: Duplicate vertex names
Backtrace:
▆
1. └─rdracor::get_net_cooccur_igraph("henry-iv-part-1", "shake") at test-net.R:30:3
2. └─igraph::graph_from_data_frame(edges, directed = FALSE, vertices = nodes)
── Error ('test-net.R:37:5'): label_cooccur_igraph() do not return NA after max_graph_size adjustment ──
Error in `igraph::graph_from_data_frame(edges, directed = FALSE, vertices = nodes)`: Duplicate vertex names
Backtrace:
▆
1. └─rdracor::get_net_cooccur_igraph("henry-iv-part-1", "shake") at test-net.R:37:5
2. └─igraph::graph_from_data_frame(edges, directed = FALSE, vertices = nodes)
── Error ('test-net.R:43:3'): summary.cooccur_igraph() prints appropriate number of rows ──
Error in `igraph::graph_from_data_frame(edges, directed = FALSE, vertices = nodes)`: Duplicate vertex names
Backtrace:
▆
1. └─rdracor::get_net_cooccur_igraph("henry-iv-part-1", "shake") at test-net.R:43:3
2. └─igraph::graph_from_data_frame(edges, directed = FALSE, vertices = nodes)
── Error ('test-net.R:48:3'): relations_igraph is returned by get_net_relations_igraph() ──
Error in `igraph::graph_from_data_frame(relations[, c("source", "target",
"type", "relation")], directed = TRUE, vertices = nodes)`: Some vertex names in edge list are not listed in vertex data frame
Backtrace:
▆
1. ├─testthat::expect_s3_class(...) at test-net.R:48:3
2. │ └─testthat::quasi_label(enquo(object), arg = "object")
3. │ └─rlang::eval_bare(expr, quo_get_env(quo))
4. └─rdracor::get_net_relations_igraph("gogol-zhenitba", "rus")
5. └─igraph::graph_from_data_frame(...)
[ FAIL 5 | WARN 0 | SKIP 0 | PASS 36 ]
Error: Test failures
Execution halted
Flavor: r-devel-windows-x86_64
Version: 1.0.4
Check: tests
Result: ERROR
Running ‘testthat.R’ [30s/119s]
Running the tests in ‘tests/testthat.R’ failed.
Complete output:
> library(testthat)
> library(rdracor)
>
> test_check("rdracor")
DraCor API URL: https://dracor.org/api/v1
openapi: https://dracor.org/api/v1/openapi.yaml
existdb: 6.4.0
version: 1.1.0
name: DraCor API v1
base: https://dracor.org/api/v1
status: stable[ FAIL 5 | WARN 0 | SKIP 0 | PASS 36 ]
══ Failed tests ════════════════════════════════════════════════════════════════
── Error ('test-net.R:23:3'): cooccur_igraph is returned by get_net_cooccur_igraph() ──
Error in `igraph::graph_from_data_frame(edges, directed = FALSE, vertices = nodes)`: Some vertex names in edge list are not listed in vertex data frame
Backtrace:
▆
1. ├─testthat::expect_s3_class(...) at test-net.R:23:3
2. │ └─testthat::quasi_label(enquo(object), arg = "object")
3. │ └─rlang::eval_bare(expr, quo_get_env(quo))
4. └─rdracor::get_net_cooccur_igraph("gogol-zhenitba", "rus")
5. └─igraph::graph_from_data_frame(edges, directed = FALSE, vertices = nodes)
── Error ('test-net.R:30:3'): label_cooccur_igraph() return come NA for big network ──
Error in `igraph::graph_from_data_frame(edges, directed = FALSE, vertices = nodes)`: Duplicate vertex names
Backtrace:
▆
1. └─rdracor::get_net_cooccur_igraph("henry-iv-part-1", "shake") at test-net.R:30:3
2. └─igraph::graph_from_data_frame(edges, directed = FALSE, vertices = nodes)
── Error ('test-net.R:37:5'): label_cooccur_igraph() do not return NA after max_graph_size adjustment ──
Error in `igraph::graph_from_data_frame(edges, directed = FALSE, vertices = nodes)`: Duplicate vertex names
Backtrace:
▆
1. └─rdracor::get_net_cooccur_igraph("henry-iv-part-1", "shake") at test-net.R:37:5
2. └─igraph::graph_from_data_frame(edges, directed = FALSE, vertices = nodes)
── Error ('test-net.R:43:3'): summary.cooccur_igraph() prints appropriate number of rows ──
Error in `igraph::graph_from_data_frame(edges, directed = FALSE, vertices = nodes)`: Duplicate vertex names
Backtrace:
▆
1. └─rdracor::get_net_cooccur_igraph("henry-iv-part-1", "shake") at test-net.R:43:3
2. └─igraph::graph_from_data_frame(edges, directed = FALSE, vertices = nodes)
── Error ('test-net.R:48:3'): relations_igraph is returned by get_net_relations_igraph() ──
Error in `igraph::graph_from_data_frame(relations[, c("source", "target",
"type", "relation")], directed = TRUE, vertices = nodes)`: Some vertex names in edge list are not listed in vertex data frame
Backtrace:
▆
1. ├─testthat::expect_s3_class(...) at test-net.R:48:3
2. │ └─testthat::quasi_label(enquo(object), arg = "object")
3. │ └─rlang::eval_bare(expr, quo_get_env(quo))
4. └─rdracor::get_net_relations_igraph("gogol-zhenitba", "rus")
5. └─igraph::graph_from_data_frame(...)
[ FAIL 5 | WARN 0 | SKIP 0 | PASS 36 ]
Error: Test failures
Execution halted
Flavor: r-patched-linux-x86_64
Version: 1.0.4
Check: tests
Result: ERROR
Running 'testthat.R' [105s]
Running the tests in 'tests/testthat.R' failed.
Complete output:
> library(testthat)
> library(rdracor)
>
> test_check("rdracor")
DraCor API URL: https://dracor.org/api/v1
openapi: https://dracor.org/api/v1/openapi.yaml
existdb: 6.4.0
version: 1.1.0
name: DraCor API v1
base: https://dracor.org/api/v1
status: stable[ FAIL 5 | WARN 0 | SKIP 0 | PASS 36 ]
══ Failed tests ════════════════════════════════════════════════════════════════
── Error ('test-net.R:23:3'): cooccur_igraph is returned by get_net_cooccur_igraph() ──
Error in `igraph::graph_from_data_frame(edges, directed = FALSE, vertices = nodes)`: Some vertex names in edge list are not listed in vertex data frame
Backtrace:
▆
1. ├─testthat::expect_s3_class(...) at test-net.R:23:3
2. │ └─testthat::quasi_label(enquo(object), arg = "object")
3. │ └─rlang::eval_bare(expr, quo_get_env(quo))
4. └─rdracor::get_net_cooccur_igraph("gogol-zhenitba", "rus")
5. └─igraph::graph_from_data_frame(edges, directed = FALSE, vertices = nodes)
── Error ('test-net.R:30:3'): label_cooccur_igraph() return come NA for big network ──
Error in `igraph::graph_from_data_frame(edges, directed = FALSE, vertices = nodes)`: Duplicate vertex names
Backtrace:
▆
1. └─rdracor::get_net_cooccur_igraph("henry-iv-part-1", "shake") at test-net.R:30:3
2. └─igraph::graph_from_data_frame(edges, directed = FALSE, vertices = nodes)
── Error ('test-net.R:37:5'): label_cooccur_igraph() do not return NA after max_graph_size adjustment ──
Error in `igraph::graph_from_data_frame(edges, directed = FALSE, vertices = nodes)`: Duplicate vertex names
Backtrace:
▆
1. └─rdracor::get_net_cooccur_igraph("henry-iv-part-1", "shake") at test-net.R:37:5
2. └─igraph::graph_from_data_frame(edges, directed = FALSE, vertices = nodes)
── Error ('test-net.R:43:3'): summary.cooccur_igraph() prints appropriate number of rows ──
Error in `igraph::graph_from_data_frame(edges, directed = FALSE, vertices = nodes)`: Duplicate vertex names
Backtrace:
▆
1. └─rdracor::get_net_cooccur_igraph("henry-iv-part-1", "shake") at test-net.R:43:3
2. └─igraph::graph_from_data_frame(edges, directed = FALSE, vertices = nodes)
── Error ('test-net.R:48:3'): relations_igraph is returned by get_net_relations_igraph() ──
Error in `igraph::graph_from_data_frame(relations[, c("source", "target",
"type", "relation")], directed = TRUE, vertices = nodes)`: Some vertex names in edge list are not listed in vertex data frame
Backtrace:
▆
1. ├─testthat::expect_s3_class(...) at test-net.R:48:3
2. │ └─testthat::quasi_label(enquo(object), arg = "object")
3. │ └─rlang::eval_bare(expr, quo_get_env(quo))
4. └─rdracor::get_net_relations_igraph("gogol-zhenitba", "rus")
5. └─igraph::graph_from_data_frame(...)
[ FAIL 5 | WARN 0 | SKIP 0 | PASS 36 ]
Error: Test failures
Execution halted
Flavor: r-release-windows-x86_64
Version: 1.0.4
Check: tests
Result: ERROR
Running 'testthat.R' [115s]
Running the tests in 'tests/testthat.R' failed.
Complete output:
> library(testthat)
> library(rdracor)
>
> test_check("rdracor")
DraCor API URL: https://dracor.org/api/v1
openapi: https://dracor.org/api/v1/openapi.yaml
existdb: 6.4.0
version: 1.1.0
name: DraCor API v1
base: https://dracor.org/api/v1
status: stable[ FAIL 5 | WARN 0 | SKIP 0 | PASS 36 ]
══ Failed tests ════════════════════════════════════════════════════════════════
── Error ('test-net.R:23:3'): cooccur_igraph is returned by get_net_cooccur_igraph() ──
Error in `igraph::graph_from_data_frame(edges, directed = FALSE, vertices = nodes)`: Some vertex names in edge list are not listed in vertex data frame
Backtrace:
▆
1. ├─testthat::expect_s3_class(...) at test-net.R:23:3
2. │ └─testthat::quasi_label(enquo(object), arg = "object")
3. │ └─rlang::eval_bare(expr, quo_get_env(quo))
4. └─rdracor::get_net_cooccur_igraph("gogol-zhenitba", "rus")
5. └─igraph::graph_from_data_frame(edges, directed = FALSE, vertices = nodes)
── Error ('test-net.R:30:3'): label_cooccur_igraph() return come NA for big network ──
Error in `igraph::graph_from_data_frame(edges, directed = FALSE, vertices = nodes)`: Duplicate vertex names
Backtrace:
▆
1. └─rdracor::get_net_cooccur_igraph("henry-iv-part-1", "shake") at test-net.R:30:3
2. └─igraph::graph_from_data_frame(edges, directed = FALSE, vertices = nodes)
── Error ('test-net.R:37:5'): label_cooccur_igraph() do not return NA after max_graph_size adjustment ──
Error in `igraph::graph_from_data_frame(edges, directed = FALSE, vertices = nodes)`: Duplicate vertex names
Backtrace:
▆
1. └─rdracor::get_net_cooccur_igraph("henry-iv-part-1", "shake") at test-net.R:37:5
2. └─igraph::graph_from_data_frame(edges, directed = FALSE, vertices = nodes)
── Error ('test-net.R:43:3'): summary.cooccur_igraph() prints appropriate number of rows ──
Error in `igraph::graph_from_data_frame(edges, directed = FALSE, vertices = nodes)`: Duplicate vertex names
Backtrace:
▆
1. └─rdracor::get_net_cooccur_igraph("henry-iv-part-1", "shake") at test-net.R:43:3
2. └─igraph::graph_from_data_frame(edges, directed = FALSE, vertices = nodes)
── Error ('test-net.R:48:3'): relations_igraph is returned by get_net_relations_igraph() ──
Error in `igraph::graph_from_data_frame(relations[, c("source", "target",
"type", "relation")], directed = TRUE, vertices = nodes)`: Some vertex names in edge list are not listed in vertex data frame
Backtrace:
▆
1. ├─testthat::expect_s3_class(...) at test-net.R:48:3
2. │ └─testthat::quasi_label(enquo(object), arg = "object")
3. │ └─rlang::eval_bare(expr, quo_get_env(quo))
4. └─rdracor::get_net_relations_igraph("gogol-zhenitba", "rus")
5. └─igraph::graph_from_data_frame(...)
[ FAIL 5 | WARN 0 | SKIP 0 | PASS 36 ]
Error: Test failures
Execution halted
Flavor: r-oldrel-windows-x86_64
These binaries (installable software) and packages are in development.
They may not be fully stable and should be used with caution. We make no claims about them.
Health stats visible at Monitor.