CRAN Package Check Results for Package rdian

Last updated on 2025-05-17 13:49:48 CEST.

Flavor Version Tinstall Tcheck Ttotal Status Flags
r-devel-linux-x86_64-debian-clang 0.1.1 1.78 19.46 21.24 NOTE
r-devel-linux-x86_64-debian-gcc 0.1.1 1.45 15.67 17.12 NOTE
r-devel-linux-x86_64-fedora-clang 0.1.1 34.20 OK
r-devel-linux-x86_64-fedora-gcc 0.1.1 32.26 OK
r-devel-windows-x86_64 0.1.1 4.00 43.00 47.00 OK
r-patched-linux-x86_64 0.1.1 1.92 18.48 20.40 OK
r-release-linux-x86_64 0.1.1 1.86 18.65 20.51 OK
r-release-macos-arm64 0.1.1 15.00 OK
r-release-macos-x86_64 0.1.1 23.00 OK
r-release-windows-x86_64 0.1.1 4.00 42.00 46.00 OK
r-oldrel-macos-arm64 0.1.1 15.00 OK
r-oldrel-macos-x86_64 0.1.1 20.00 OK
r-oldrel-windows-x86_64 0.1.1 3.00 45.00 48.00 OK

Check Details

Version: 0.1.1
Check: CRAN incoming feasibility
Result: NOTE Maintainer: ‘Oliver Keyes <ironholds@gmail.com>’ No Authors@R field in DESCRIPTION. Please add one, modifying Authors@R: person(given = "Oliver", family = "Keyes", role = c("aut", "cre"), email = "ironholds@gmail.com") as necessary. The Description field contains A client library for 'The Guardian' (https://www.guardian.com/) and Please enclose URLs in angle brackets (<...>). The BugReports field in DESCRIPTION has https://github.com/ironholds/rdian which should likely be https://github.com/ironholds/rdian/issues instead. Flavors: r-devel-linux-x86_64-debian-clang, r-devel-linux-x86_64-debian-gcc

These binaries (installable software) and packages are in development.
They may not be fully stable and should be used with caution. We make no claims about them.
Health stats visible at Monitor.