Last updated on 2025-05-15 07:49:49 CEST.
Flavor | Version | Tinstall | Tcheck | Ttotal | Status | Flags |
---|---|---|---|---|---|---|
r-devel-linux-x86_64-debian-clang | 1.0.4 | 1.88 | 19.40 | 21.28 | NOTE | |
r-devel-linux-x86_64-debian-gcc | 1.0.4 | 1.55 | 15.08 | 16.63 | NOTE | |
r-devel-linux-x86_64-fedora-clang | 1.0.4 | 34.79 | OK | |||
r-devel-linux-x86_64-fedora-gcc | 1.0.4 | 33.96 | OK | |||
r-devel-windows-x86_64 | 1.0.4 | 3.00 | 37.00 | 40.00 | OK | |
r-patched-linux-x86_64 | 1.0.4 | 1.95 | 18.48 | 20.43 | OK | |
r-release-linux-x86_64 | 1.0.4 | 1.84 | 18.43 | 20.27 | OK | |
r-release-macos-arm64 | 1.0.4 | OK | ||||
r-release-macos-x86_64 | 1.0.4 | 24.00 | OK | |||
r-release-windows-x86_64 | 1.0.4 | 4.00 | 40.00 | 44.00 | OK | |
r-oldrel-macos-arm64 | 1.0.4 | 14.00 | OK | |||
r-oldrel-macos-x86_64 | 1.0.4 | 19.00 | OK | |||
r-oldrel-windows-x86_64 | 1.0.4 | 3.00 | 36.00 | 39.00 | OK |
Version: 1.0.4
Check: CRAN incoming feasibility
Result: NOTE
Maintainer: ‘Colin Millar <colin.millar@ices.dk>’
Found the following URLs which should use \doi (with the DOI name only):
File ‘rct3-package.Rd’:
https://doi.org/10.1006/jmsc.1997.0222
File ‘rct3.Rd’:
https://doi.org/10.1006/jmsc.1997.0222
Flavors: r-devel-linux-x86_64-debian-clang, r-devel-linux-x86_64-debian-gcc
These binaries (installable software) and packages are in development.
They may not be fully stable and should be used with caution. We make no claims about them.
Health stats visible at Monitor.