Last updated on 2025-05-03 13:51:07 CEST.
Flavor | Version | Tinstall | Tcheck | Ttotal | Status | Flags |
---|---|---|---|---|---|---|
r-devel-linux-x86_64-debian-clang | 0.5.0 | 35.63 | 316.37 | 352.00 | NOTE | |
r-devel-linux-x86_64-debian-gcc | 0.5.0 | 22.71 | 208.01 | 230.72 | NOTE | |
r-devel-linux-x86_64-fedora-clang | 0.5.0 | 551.38 | OK | |||
r-devel-linux-x86_64-fedora-gcc | 0.5.0 | 589.34 | OK | |||
r-devel-windows-x86_64 | 0.5.0 | 32.00 | 236.00 | 268.00 | OK | |
r-patched-linux-x86_64 | 0.5.0 | 36.24 | 295.62 | 331.86 | OK | |
r-release-linux-x86_64 | OK | |||||
r-release-macos-arm64 | 0.5.0 | 135.00 | OK | |||
r-release-macos-x86_64 | 0.5.0 | 266.00 | OK | |||
r-release-windows-x86_64 | 0.5.0 | 32.00 | 240.00 | 272.00 | OK | |
r-oldrel-macos-arm64 | 0.5.0 | 120.00 | OK | |||
r-oldrel-macos-x86_64 | 0.5.0 | 210.00 | OK | |||
r-oldrel-windows-x86_64 | 0.5.0 | 43.00 | 296.00 | 339.00 | ERROR |
Version: 0.5.0
Check: CRAN incoming feasibility
Result: NOTE
Maintainer: ‘Jamie Spaulding <jspaulding02@hamline.edu>’
No Authors@R field in DESCRIPTION.
Please add one, modifying
Authors@R: c(person(given = "Jamie",
family = "Spaulding",
role = c("aut", "cre"),
email = "jspaulding02@hamline.edu"),
person(given = "Keith",
family = "Morris",
role = "aut"))
as necessary.
Flavors: r-devel-linux-x86_64-debian-clang, r-devel-linux-x86_64-debian-gcc
Version: 0.5.0
Check: examples
Result: ERROR
Running examples in 'rcrimeanalysis-Ex.R' failed
The error occurred in:
R version 4.4.3 (2025-02-28 ucrt) -- "Trophy Case"
Copyright (C) 2025 The R Foundation for Statistical Computing
Platform: x86_64-w64-mingw32/x64
R is free software and comes with ABSOLUTELY NO WARRANTY.
You are welcome to redistribute it under certain conditions.
Type 'license()' or 'licence()' for distribution details.
Natural language support but running in an English locale
R is a collaborative project with many contributors.
Type 'contributors()' for more information and
'citation()' on how to cite R or R packages in publications.
Type 'demo()' for some demos, 'help()' for on-line help, or
'help.start()' for an HTML browser interface to help.
Type 'q()' to quit R.
> pkgname <- "rcrimeanalysis"
> source(file.path(R.home("share"), "R", "examples-header.R"))
> options(warn = 1)
> options(pager = "console")
> library('rcrimeanalysis')
Flavor: r-oldrel-windows-x86_64
These binaries (installable software) and packages are in development.
They may not be fully stable and should be used with caution. We make no claims about them.
Health stats visible at Monitor.