Last updated on 2025-02-02 05:48:33 CET.
Flavor | Version | Tinstall | Tcheck | Ttotal | Status | Flags |
---|---|---|---|---|---|---|
r-devel-linux-x86_64-debian-clang | 1.2.2 | 27.28 | 267.70 | 294.98 | NOTE | |
r-devel-linux-x86_64-debian-gcc | 1.2.2 | 15.16 | 168.38 | 183.54 | NOTE | |
r-devel-linux-x86_64-fedora-clang | 1.2.2 | 504.82 | OK | |||
r-devel-linux-x86_64-fedora-gcc | 1.2.2 | 479.18 | OK | |||
r-devel-windows-x86_64 | 1.2.2 | 25.00 | 246.00 | 271.00 | NOTE | |
r-patched-linux-x86_64 | 1.2.2 | 35.41 | 246.18 | 281.59 | OK | |
r-release-linux-x86_64 | 1.2.2 | 26.60 | 249.13 | 275.73 | OK | |
r-release-macos-arm64 | 1.2.2 | 100.00 | OK | |||
r-release-macos-x86_64 | 1.2.2 | 257.00 | OK | |||
r-release-windows-x86_64 | 1.2.2 | 25.00 | 242.00 | 267.00 | OK | |
r-oldrel-macos-arm64 | 1.2.2 | 124.00 | OK | |||
r-oldrel-macos-x86_64 | 1.2.2 | 382.00 | OK | |||
r-oldrel-windows-x86_64 | 1.2.2 | 35.00 | 311.00 | 346.00 | OK |
Version: 1.2.2
Check: Rd cross-references
Result: NOTE
Found the following Rd file(s) with Rd \link{} targets missing package
anchors:
apply_thr.Rd: SpatRaster-class
azimuth_image.Rd: SpatRaster-class
calc_co.Rd: SpatRaster-class
chessboard.Rd: SpatRaster-class
cie_sky_model_raster.Rd: SpatRaster-class
colorfulness.Rd: SpatRaster-class
correct_vignetting.Rd: SpatRaster-class
crop_caim.Rd: SpatRaster-class
defuzzify.Rd: SpatRaster-class
enhance_caim.Rd: SpatRaster-class, color-class
expand_noncircular.Rd: SpatRaster-class
extract_dn.Rd: SpatRaster-class, color-class
extract_feature.Rd: SpatRaster-class
extract_radiometry.Rd: SpatRaster-class
extract_rl.Rd: SpatRaster-class
extract_sky_points.Rd: SpatRaster-class
extract_sky_points_simple.Rd: SpatRaster-class
extract_sun_coord.Rd: SpatRaster-class
find_sky_pixels.Rd: SpatRaster-class
find_sky_pixels_nonnull.Rd: SpatRaster-class
fisheye_to_equidistant.Rd: SpatRaster-class
fisheye_to_pano.Rd: SpatRaster-class
fit_cie_sky_model.Rd: SpatRaster-class
fit_trend_surface.Rd: SpatRaster-class
fix_reconstructed_sky.Rd: SpatRaster-class
gbc.Rd: SpatRaster-class
interpolate_sky_points.Rd: SpatRaster-class
local_fuzzy_thresholding.Rd: SpatRaster-class
mask_hs.Rd: SpatRaster-class
mask_sunlit_canopy.Rd: SpatRaster-class
masking.Rd: SpatRaster-class
membership_to_color.Rd: SpatRaster-class, color-class
normalize.Rd: SpatRaster-class
obia.Rd: SpatRaster-class
ootb_mblt.Rd: SpatRaster-class
ootb_obia.Rd: SpatRaster-class, color-class
ootb_sky_reconstruction.Rd: SpatRaster-class
optim_normalize.Rd: SpatRaster-class
percentage_of_clipped_highlights.Rd: SpatRaster-class
polar_qtree.Rd: SpatRaster-class
qtree.Rd: SpatRaster-class
read_bin.Rd: SpatRaster-class
read_caim.Rd: SpatRaster-class
read_caim_raw.Rd: SpatRaster-class
regional_thresholding.Rd: SpatRaster-class
rings_segmentation.Rd: SpatRaster-class
row_col_from_zenith_azimuth.Rd: SpatRaster-class
sectors_segmentation.Rd: SpatRaster-class
sky_grid_segmentation.Rd: SpatRaster-class
thr_mblt.Rd: SpatRaster-class
write_bin.Rd: SpatRaster-class
write_caim.Rd: SpatRaster-class
zenith_azimuth_from_row_col.Rd: SpatRaster-class
zenith_image.Rd: SpatRaster-class
Please provide package anchors for all Rd \link{} targets not in the
package itself and the base packages.
Flavors: r-devel-linux-x86_64-debian-clang, r-devel-linux-x86_64-debian-gcc, r-devel-windows-x86_64
These binaries (installable software) and packages are in development.
They may not be fully stable and should be used with caution. We make no claims about them.
Health stats visible at Monitor.