Last updated on 2025-02-23 15:49:55 CET.
Flavor | Version | Tinstall | Tcheck | Ttotal | Status | Flags |
---|---|---|---|---|---|---|
r-devel-linux-x86_64-debian-clang | 0.4.0 | 9.10 | 81.97 | 91.07 | NOTE | |
r-devel-linux-x86_64-debian-gcc | 0.4.0 | 6.60 | 59.18 | 65.78 | NOTE | |
r-devel-linux-x86_64-fedora-clang | 0.4.0 | 142.37 | OK | |||
r-devel-linux-x86_64-fedora-gcc | 0.4.0 | 146.26 | OK | |||
r-devel-macos-arm64 | 0.4.0 | 49.00 | OK | |||
r-devel-macos-x86_64 | 0.4.0 | 93.00 | OK | |||
r-devel-windows-x86_64 | 0.4.0 | 10.00 | 86.00 | 96.00 | NOTE | |
r-patched-linux-x86_64 | 0.4.0 | 14.15 | 73.95 | 88.10 | OK | |
r-release-linux-x86_64 | 0.4.0 | 9.15 | 74.65 | 83.80 | OK | |
r-release-macos-arm64 | 0.4.0 | 46.00 | OK | |||
r-release-macos-x86_64 | 0.4.0 | 74.00 | OK | |||
r-release-windows-x86_64 | 0.4.0 | 9.00 | 85.00 | 94.00 | OK | |
r-oldrel-macos-arm64 | 0.4.0 | 45.00 | OK | |||
r-oldrel-macos-x86_64 | 0.4.0 | 101.00 | OK | |||
r-oldrel-windows-x86_64 | 0.4.0 | 13.00 | 109.00 | 122.00 | OK |
Version: 0.4.0
Check: Rd cross-references
Result: NOTE
Found the following Rd file(s) with Rd \link{} targets missing package
anchors:
acceptance_rate.Rd: libbi, get_traces
adapt_particles.Rd: libbi
adapt_proposal.Rd: libbi
get_mvn_params.Rd: libbi
numeric_to_time.Rd: libbi
update_proposal.Rd: bi_model
Please provide package anchors for all Rd \link{} targets not in the
package itself and the base packages.
Flavors: r-devel-linux-x86_64-debian-clang, r-devel-linux-x86_64-debian-gcc, r-devel-windows-x86_64
These binaries (installable software) and packages are in development.
They may not be fully stable and should be used with caution. We make no claims about them.
Health stats visible at Monitor.