CRAN Package Check Results for Package rayvertex

Last updated on 2025-02-23 15:49:55 CET.

Flavor Version Tinstall Tcheck Ttotal Status Flags
r-devel-linux-x86_64-debian-clang 0.12.0 127.70 55.13 182.83 OK
r-devel-linux-x86_64-debian-gcc 0.12.0 109.04 37.57 146.61 OK
r-devel-linux-x86_64-fedora-clang 0.12.0 332.01 OK
r-devel-linux-x86_64-fedora-gcc 0.12.0 362.22 OK
r-devel-macos-arm64 0.12.0 66.00 OK
r-devel-macos-x86_64 0.12.0 97.00 OK
r-devel-windows-x86_64 0.12.0 143.00 113.00 256.00 OK
r-patched-linux-x86_64 0.12.0 144.71 51.58 196.29 OK
r-release-linux-x86_64 0.12.0 149.27 51.60 200.87 OK
r-release-macos-arm64 0.12.0 87.00 NOTE
r-release-macos-x86_64 0.12.0 127.00 NOTE
r-release-windows-x86_64 0.12.0 149.00 107.00 256.00 OK
r-oldrel-macos-arm64 0.11.4 81.00 NOTE
r-oldrel-macos-x86_64 0.12.0 142.00 NOTE
r-oldrel-windows-x86_64 0.12.0 180.00 125.00 305.00 OK

Additional issues

Intel Intel

Check Details

Version: 0.12.0
Check: installed package size
Result: NOTE installed size is 13.8Mb sub-directories of 1Mb or more: libs 13.0Mb Flavors: r-release-macos-arm64, r-release-macos-x86_64, r-oldrel-macos-x86_64

Version: 0.11.4
Check: installed package size
Result: NOTE installed size is 13.6Mb sub-directories of 1Mb or more: libs 12.8Mb Flavor: r-oldrel-macos-arm64

These binaries (installable software) and packages are in development.
They may not be fully stable and should be used with caution. We make no claims about them.
Health stats visible at Monitor.