Last updated on 2025-02-23 19:51:17 CET.
Flavor | Version | Tinstall | Tcheck | Ttotal | Status | Flags |
---|---|---|---|---|---|---|
r-devel-linux-x86_64-debian-clang | 0.2.1 | 124.91 | 122.49 | 247.40 | OK | |
r-devel-linux-x86_64-debian-gcc | 0.2.1 | 91.55 | 84.00 | 175.55 | OK | |
r-devel-linux-x86_64-fedora-clang | 0.2.1 | 491.57 | WARN | |||
r-devel-linux-x86_64-fedora-gcc | 0.2.1 | 465.81 | OK | |||
r-devel-macos-arm64 | 0.2.1 | 106.00 | OK | |||
r-devel-macos-x86_64 | 0.2.1 | 158.00 | OK | |||
r-devel-windows-x86_64 | 0.2.1 | 157.00 | 174.00 | 331.00 | OK | |
r-patched-linux-x86_64 | 0.2.1 | 128.12 | 112.20 | 240.32 | OK | |
r-release-linux-x86_64 | 0.2.1 | 127.01 | 112.57 | 239.58 | OK | |
r-release-macos-arm64 | 0.2.1 | 102.00 | NOTE | |||
r-release-macos-x86_64 | 0.2.1 | 194.00 | NOTE | |||
r-release-windows-x86_64 | 0.2.1 | 160.00 | 164.00 | 324.00 | OK | |
r-oldrel-macos-arm64 | 0.2.0 | 91.00 | NOTE | |||
r-oldrel-macos-x86_64 | 0.2.1 | 186.00 | NOTE | |||
r-oldrel-windows-x86_64 | 0.2.1 | 185.00 | 210.00 | 395.00 | OK |
Version: 0.2.1
Check: whether package can be installed
Result: WARN
Found the following significant warnings:
vcglib/wrap/callback.h:79:12: warning: address of stack memory associated with local variable 'formatted' returned [-Wreturn-stack-address]
See ‘/data/gannet/ripley/R/packages/tests-clang/ravetools.Rcheck/00install.out’ for details.
* used C++ compiler: ‘clang version 20.1.0-rc2’
Flavor: r-devel-linux-x86_64-fedora-clang
Version: 0.2.1
Check: installed package size
Result: NOTE
installed size is 15.8Mb
sub-directories of 1Mb or more:
libs 15.0Mb
Flavors: r-release-macos-arm64, r-release-macos-x86_64, r-oldrel-macos-x86_64
Version: 0.2.0
Check: installed package size
Result: NOTE
installed size is 14.9Mb
sub-directories of 1Mb or more:
libs 14.1Mb
Flavor: r-oldrel-macos-arm64
These binaries (installable software) and packages are in development.
They may not be fully stable and should be used with caution. We make no claims about them.
Health stats visible at Monitor.