Last updated on 2025-02-23 15:49:55 CET.
Flavor | Version | Tinstall | Tcheck | Ttotal | Status | Flags |
---|---|---|---|---|---|---|
r-devel-linux-x86_64-debian-clang | 5.5.1 | 21.88 | 93.58 | 115.46 | NOTE | |
r-devel-linux-x86_64-debian-gcc | 5.5.1 | 13.35 | 61.05 | 74.40 | NOTE | |
r-devel-linux-x86_64-fedora-clang | 5.5.1 | 192.58 | NOTE | |||
r-devel-linux-x86_64-fedora-gcc | 5.5.1 | 204.95 | NOTE | |||
r-devel-macos-arm64 | 5.5.1 | 59.00 | NOTE | |||
r-devel-macos-x86_64 | 5.5.1 | 110.00 | NOTE | |||
r-devel-windows-x86_64 | 5.5.1 | 25.00 | 110.00 | 135.00 | NOTE | |
r-patched-linux-x86_64 | 5.5.1 | 19.85 | 87.08 | 106.93 | NOTE | |
r-release-linux-x86_64 | 5.5.1 | 18.32 | 86.80 | 105.12 | NOTE | |
r-release-macos-arm64 | 5.5.1 | 57.00 | NOTE | |||
r-release-macos-x86_64 | 5.5.1 | 138.00 | NOTE | |||
r-release-windows-x86_64 | 5.5.1 | 27.00 | 102.00 | 129.00 | NOTE | |
r-oldrel-macos-arm64 | 5.5.1 | 54.00 | NOTE | |||
r-oldrel-macos-x86_64 | 5.5.1 | 95.00 | NOTE | |||
r-oldrel-windows-x86_64 | 5.5.1 | 31.00 | 121.00 | 152.00 | NOTE |
Version: 5.5.1
Check: Rd files
Result: NOTE
checkRd: (-1) acquireAuditData.Rd:24: Escaped LaTeX specials: \_
checkRd: (-1) rattle.Rd:44: Escaped LaTeX specials: \_
Flavors: r-devel-linux-x86_64-debian-clang, r-devel-linux-x86_64-debian-gcc, r-devel-linux-x86_64-fedora-clang, r-devel-linux-x86_64-fedora-gcc, r-devel-macos-arm64, r-devel-macos-x86_64, r-devel-windows-x86_64, r-patched-linux-x86_64, r-release-linux-x86_64, r-release-macos-arm64, r-release-macos-x86_64, r-release-windows-x86_64, r-oldrel-macos-arm64, r-oldrel-macos-x86_64, r-oldrel-windows-x86_64
Version: 5.5.1
Check: package dependencies
Result: NOTE
Packages suggested but not available for checking: 'cairoDevice', 'RGtk2'
Flavors: r-patched-linux-x86_64, r-release-linux-x86_64, r-release-macos-arm64, r-release-macos-x86_64, r-release-windows-x86_64, r-oldrel-macos-arm64, r-oldrel-macos-x86_64, r-oldrel-windows-x86_64
Version: 5.5.1
Check: installed package size
Result: NOTE
installed size is 10.5Mb
sub-directories of 1Mb or more:
data 5.6Mb
etc 1.9Mb
po 1.2Mb
Flavors: r-release-macos-arm64, r-release-macos-x86_64, r-release-windows-x86_64, r-oldrel-macos-arm64, r-oldrel-macos-x86_64, r-oldrel-windows-x86_64
These binaries (installable software) and packages are in development.
They may not be fully stable and should be used with caution. We make no claims about them.
Health stats visible at Monitor.