Last updated on 2025-02-02 07:50:23 CET.
Flavor | Version | Tinstall | Tcheck | Ttotal | Status | Flags |
---|---|---|---|---|---|---|
r-devel-linux-x86_64-debian-clang | 1.3.1 | 442.58 | 178.58 | 621.16 | NOTE | |
r-devel-linux-x86_64-debian-gcc | 1.3.1 | 411.22 | 163.91 | 575.13 | NOTE | |
r-devel-linux-x86_64-fedora-clang | 1.3.1 | 952.06 | NOTE | |||
r-devel-linux-x86_64-fedora-gcc | 1.3.1 | 1349.71 | NOTE | |||
r-devel-windows-x86_64 | 1.3.1 | 396.00 | 230.00 | 626.00 | NOTE | |
r-patched-linux-x86_64 | 1.3.1 | 538.40 | 215.08 | 753.48 | NOTE | |
r-release-linux-x86_64 | 1.3.1 | 523.91 | 214.99 | 738.90 | NOTE | |
r-release-macos-arm64 | 1.3.1 | 136.00 | NOTE | |||
r-release-macos-x86_64 | 1.3.1 | 153.00 | NOTE | |||
r-release-windows-x86_64 | 1.3.1 | 417.00 | 228.00 | 645.00 | NOTE | |
r-oldrel-macos-arm64 | 1.3.1 | 428.00 | NOTE | |||
r-oldrel-macos-x86_64 | 1.3.1 | 583.00 | NOTE | |||
r-oldrel-windows-x86_64 | 1.3.1 | 535.00 | 278.00 | 813.00 | NOTE |
Version: 1.3.1
Check: Rd files
Result: NOTE
checkRd: (-1) as_mcmc.list.Rd:5: Lost braces; missing escapes or markup?
5 | \title{Convert a rater_fit object to a {coda} \code{mcmc.list} object.}
| ^
checkRd: (-1) as_mcmc.list.Rd:16: Lost braces; missing escapes or markup?
16 | Convert a rater_fit object to a {coda} \code{mcmc.list} object.
| ^
checkRd: (-1) as_mcmc.list.Rd:13: Lost braces; missing escapes or markup?
13 | A {coda} mcmc.list object.
| ^
Flavors: r-devel-linux-x86_64-debian-clang, r-devel-linux-x86_64-debian-gcc, r-devel-linux-x86_64-fedora-clang, r-devel-linux-x86_64-fedora-gcc, r-devel-windows-x86_64, r-patched-linux-x86_64, r-release-linux-x86_64, r-release-macos-arm64, r-release-macos-x86_64, r-release-windows-x86_64
Version: 1.3.1
Check: for GNU extensions in Makefiles
Result: NOTE
GNU make is a SystemRequirements.
Flavors: r-patched-linux-x86_64, r-release-linux-x86_64, r-release-macos-arm64, r-release-macos-x86_64, r-release-windows-x86_64, r-oldrel-macos-arm64, r-oldrel-macos-x86_64, r-oldrel-windows-x86_64
Version: 1.3.1
Check: installed package size
Result: NOTE
installed size is 93.6Mb
sub-directories of 1Mb or more:
libs 92.8Mb
Flavors: r-release-macos-arm64, r-release-macos-x86_64, r-release-windows-x86_64, r-oldrel-macos-arm64, r-oldrel-macos-x86_64, r-oldrel-windows-x86_64
These binaries (installable software) and packages are in development.
They may not be fully stable and should be used with caution. We make no claims about them.
Health stats visible at Monitor.