Last updated on 2025-02-02 07:50:23 CET.
Flavor | Version | Tinstall | Tcheck | Ttotal | Status | Flags |
---|---|---|---|---|---|---|
r-devel-linux-x86_64-debian-clang | 0.51.6 | 24.82 | 243.86 | 268.68 | NOTE | |
r-devel-linux-x86_64-debian-gcc | 0.51.6 | 17.34 | 157.42 | 174.76 | NOTE | |
r-devel-linux-x86_64-fedora-clang | 0.51.6 | 444.31 | OK | |||
r-devel-linux-x86_64-fedora-gcc | 0.51.6 | 410.30 | OK | |||
r-devel-windows-x86_64 | 0.51.6 | 26.00 | 201.00 | 227.00 | NOTE | |
r-patched-linux-x86_64 | 0.51.6 | 28.76 | 229.32 | 258.08 | OK | |
r-release-linux-x86_64 | 0.51.6 | 27.85 | 230.66 | 258.51 | OK | |
r-release-macos-arm64 | 0.51.6 | 89.00 | OK | |||
r-release-macos-x86_64 | 0.51.6 | 194.00 | OK | |||
r-release-windows-x86_64 | 0.51.6 | 25.00 | 199.00 | 224.00 | OK | |
r-oldrel-macos-arm64 | 0.51.6 | 104.00 | OK | |||
r-oldrel-macos-x86_64 | 0.51.6 | 279.00 | OK | |||
r-oldrel-windows-x86_64 | 0.51.6 | 33.00 | 271.00 | 304.00 | OK |
Version: 0.51.6
Check: Rd cross-references
Result: NOTE
Found the following Rd file(s) with Rd \link{} targets missing package
anchors:
bwplot-methods.Rd: panel.violin, panel.bwplot, sampleRandom,
panel.stripplot
chooseRegion.Rd: in.out
densityplot-methods.Rd: sampleRandom
hexbinplot.Rd: sampleRegular
histogram-methods.Rd: sampleRandom
horizonplot-methods.Rd: zonal
hovmoller-methods.Rd: zonal, panel.2dsmoother
levelplot-methods.Rd: sampleRegular, trellis.par.set, custom.theme,
panel.levelplot, panel.levelplot.raster, ratify
rasterTheme.Rd: custom.theme, custom.theme.2,
yscale.components.default, xscale.components.default,
trellis.par.get
splom-methods.Rd: sampleRandom
vectorplot.Rd: terrain, panel.arrows
xyLayer.Rd: sampleRegular, spatSample
xyplot-methods.Rd: zonal
Please provide package anchors for all Rd \link{} targets not in the
package itself and the base packages.
Flavors: r-devel-linux-x86_64-debian-clang, r-devel-linux-x86_64-debian-gcc, r-devel-windows-x86_64
These binaries (installable software) and packages are in development.
They may not be fully stable and should be used with caution. We make no claims about them.
Health stats visible at Monitor.