Last updated on 2024-05-02 11:51:32 CEST.
Flavor | Version | Tinstall | Tcheck | Ttotal | Status | Flags |
---|---|---|---|---|---|---|
r-devel-linux-x86_64-debian-clang | 0.5.20 | 37.27 | 431.93 | 469.20 | NOTE | |
r-devel-linux-x86_64-debian-gcc | 0.5.20 | 26.43 | 298.03 | 324.46 | NOTE | |
r-devel-linux-x86_64-fedora-clang | 0.5.20 | 554.19 | NOTE | |||
r-devel-linux-x86_64-fedora-gcc | 0.5.20 | 533.97 | NOTE | |||
r-devel-windows-x86_64 | 0.5.20 | 26.00 | 249.00 | 275.00 | NOTE | |
r-patched-linux-x86_64 | 0.5.20 | 38.11 | 391.62 | 429.73 | NOTE | |
r-release-linux-x86_64 | 0.5.20 | 31.12 | 393.62 | 424.74 | NOTE | |
r-release-macos-arm64 | 0.5.20 | 121.00 | NOTE | |||
r-release-windows-x86_64 | 0.5.20 | 25.00 | 244.00 | 269.00 | NOTE | |
r-oldrel-macos-arm64 | 0.5.20 | 125.00 | OK | |||
r-oldrel-macos-x86_64 | 0.5.20 | 320.00 | OK | |||
r-oldrel-windows-x86_64 | 0.5.20 | 34.00 | 343.00 | 377.00 | OK |
Version: 0.5.20
Check: Rd files
Result: NOTE
checkRd: (-1) RasterList-Package.Rd:20: Lost braces
20 | {\code{\link{rasterList}}}{: it is the constructor of a \code{\link{RasterList-class}} object from a generic \code{object}, it also transforms a \code{\link{RasterList-class}} into another one throungh a function argument. }
| ^
checkRd: (-1) RasterList-Package.Rd:22: Lost braces
22 | {\code{\link{rasterListFun}}}{: it is a function that constructs a particular \code{\link{RasterList-class}} object in which the objects are \code{function}-type. }
| ^
checkRd: (-1) RasterList-Package.Rd:24: Lost braces
24 | {\code{\link{RasterListApply}}}{: it is a function that allows to operate among two or more \code{\link{RasterList-class}} objects defined in the same spatial extent through a generic function \code{fun(x,y,...)} where \code{x} and \code{y} are each cell/element of two \code{\link{RasterList-class}} objects given as arguments \code{x} and \code{y} of \code{\link{RasterListApply}}.}
| ^
Flavors: r-devel-linux-x86_64-debian-clang, r-devel-linux-x86_64-debian-gcc, r-devel-linux-x86_64-fedora-clang, r-devel-linux-x86_64-fedora-gcc, r-devel-windows-x86_64, r-patched-linux-x86_64, r-release-linux-x86_64, r-release-macos-arm64, r-release-windows-x86_64
These binaries (installable software) and packages are in development.
They may not be fully stable and should be used with caution. We make no claims about them.
Health stats visible at Monitor.