Last updated on 2025-10-31 19:58:20 CET.
| Flavor | Version | Tinstall | Tcheck | Ttotal | Status | Flags | 
|---|---|---|---|---|---|---|
| r-devel-linux-x86_64-debian-clang | 3.6-32 | 164.62 | 430.95 | 595.57 | NOTE | |
| r-devel-linux-x86_64-debian-gcc | 3.6-32 | 115.69 | 260.78 | 376.47 | NOTE | |
| r-devel-linux-x86_64-fedora-clang | 3.6-32 | 366.00 | 640.73 | 1006.73 | NOTE | |
| r-devel-linux-x86_64-fedora-gcc | 3.6-32 | 840.00 | 168.94 | 1008.94 | NOTE | |
| r-devel-windows-x86_64 | 3.6-32 | 186.00 | 422.00 | 608.00 | OK | |
| r-patched-linux-x86_64 | 3.6-32 | 175.33 | 416.36 | 591.69 | OK | |
| r-release-linux-x86_64 | 3.6-32 | 168.33 | 407.25 | 575.58 | OK | |
| r-release-macos-arm64 | 3.6-32 | 65.00 | 152.00 | 217.00 | OK | |
| r-release-macos-x86_64 | 3.6-32 | 155.00 | 367.00 | 522.00 | OK | |
| r-release-windows-x86_64 | 3.6-32 | 186.00 | 419.00 | 605.00 | OK | |
| r-oldrel-macos-arm64 | 3.6-32 | 60.00 | 142.00 | 202.00 | NOTE | |
| r-oldrel-macos-x86_64 | 3.6-32 | 87.00 | 312.00 | 399.00 | NOTE | |
| r-oldrel-windows-x86_64 | 3.6-32 | 234.00 | 577.00 | 811.00 | NOTE | 
Version: 3.6-32
Check: Rd files
Result: NOTE
  checkRd: (-1) raster-package.Rd:193-220: Only 2 columns allowed in this table (row 10 has 1)
  checkRd: (-1) raster-package.Rd:193-220: Only 2 columns allowed in this table (row 18 has 1)
  checkRd: (-1) raster-package.Rd:281-294: Only 2 columns allowed in this table (row 1 has 1)
  checkRd: (-1) raster-package.Rd:281-294: Only 2 columns allowed in this table (row 5 has 1)
  checkRd: (-1) raster-package.Rd:281-294: Only 2 columns allowed in this table (row 6 has 1)
Flavors: r-devel-linux-x86_64-debian-clang, r-devel-linux-x86_64-debian-gcc, r-devel-linux-x86_64-fedora-clang, r-devel-linux-x86_64-fedora-gcc
Version: 3.6-32
Check: installed package size
Result: NOTE
    installed size is 12.9Mb
    sub-directories of 1Mb or more:
      R      4.0Mb
      libs   7.9Mb
Flavors: r-oldrel-macos-arm64, r-oldrel-macos-x86_64, r-oldrel-windows-x86_64
These binaries (installable software) and packages are in development.
They may not be fully stable and should be used with caution. We make no claims about them.
Health stats visible at Monitor.