CRAN Package Check Results for Package raster

Last updated on 2025-02-02 07:50:23 CET.

Flavor Version Tinstall Tcheck Ttotal Status Flags
r-devel-linux-x86_64-debian-clang 3.6-31 162.72 414.06 576.78 OK
r-devel-linux-x86_64-debian-gcc 3.6-31 117.60 258.25 375.85 OK
r-devel-linux-x86_64-fedora-clang 3.6-31 1066.66 OK
r-devel-linux-x86_64-fedora-gcc 3.6-31 950.60 OK
r-devel-windows-x86_64 3.6-31 171.00 416.00 587.00 OK
r-patched-linux-x86_64 3.6-31 172.53 386.60 559.13 OK
r-release-linux-x86_64 3.6-31 159.69 392.85 552.54 OK
r-release-macos-arm64 3.6-31 198.00 NOTE
r-release-macos-x86_64 3.6-31 453.00 NOTE
r-release-windows-x86_64 3.6-31 176.00 406.00 582.00 NOTE
r-oldrel-macos-arm64 3.6-31 191.00 NOTE
r-oldrel-macos-x86_64 3.6-30 331.00 NOTE
r-oldrel-windows-x86_64 3.6-31 220.00 556.00 776.00 NOTE

Check Details

Version: 3.6-31
Check: installed package size
Result: NOTE installed size is 13.0Mb sub-directories of 1Mb or more: R 4.1Mb libs 7.8Mb Flavors: r-release-macos-arm64, r-release-macos-x86_64, r-release-windows-x86_64, r-oldrel-macos-arm64, r-oldrel-windows-x86_64

Version: 3.6-30
Check: installed package size
Result: NOTE installed size is 12.3Mb sub-directories of 1Mb or more: R 4.0Mb libs 7.2Mb Flavor: r-oldrel-macos-x86_64

These binaries (installable software) and packages are in development.
They may not be fully stable and should be used with caution. We make no claims about them.
Health stats visible at Monitor.