Last updated on 2025-02-23 19:51:17 CET.
Flavor | Version | Tinstall | Tcheck | Ttotal | Status | Flags |
---|---|---|---|---|---|---|
r-devel-linux-x86_64-debian-clang | 4.1.1 | 2.07 | 36.95 | 39.02 | OK | |
r-devel-linux-x86_64-debian-gcc | 4.1.1 | 1.76 | 29.01 | 30.77 | OK | |
r-devel-linux-x86_64-fedora-clang | 4.1.1 | 63.55 | OK | |||
r-devel-linux-x86_64-fedora-gcc | 4.1.1 | 74.53 | OK | |||
r-devel-macos-arm64 | 4.1.1 | 33.00 | OK | |||
r-devel-macos-x86_64 | 4.1.1 | 49.00 | OK | |||
r-devel-windows-x86_64 | 4.1.1 | 4.00 | 168.00 | 172.00 | ERROR | |
r-patched-linux-x86_64 | 4.1.1 | 2.62 | 35.91 | 38.53 | OK | |
r-release-linux-x86_64 | 4.1.1 | 1.89 | 35.96 | 37.85 | OK | |
r-release-macos-arm64 | 4.1.1 | 31.00 | OK | |||
r-release-macos-x86_64 | 4.1.1 | 47.00 | OK | |||
r-release-windows-x86_64 | 4.1.1 | 4.00 | 91.00 | 95.00 | OK | |
r-oldrel-macos-arm64 | 4.1.1 | 38.00 | OK | |||
r-oldrel-macos-x86_64 | 4.1.1 | 53.00 | OK | |||
r-oldrel-windows-x86_64 | 4.1.1 | 5.00 | 97.00 | 102.00 | OK |
Version: 4.1.1
Check: tests
Result: ERROR
Running 'runit.R' [0s]
Running 'testthat.R' [90s]
Running the tests in 'tests/testthat.R' failed.
Complete output:
> library(testthat)
> library(rasciidoc)
Due to the CRAN policy of not writing "anywhere else on the file system apart from the R session's temporary directory" we work on a temporary copy of the input file.
Thus all internal sourcing and internal links will be broken and any output is written to D:\temp\2025_02_15_01_50_01_12291\Rtmp4yNLpB. Set the option "write_to_disk" to TRUE (using
options("write_to_disk" = TRUE)
) to bypass this. You may want to include the above line into your ~/.Rprofile.
>
> test_check("rasciidoc")
Cloning into '/d/temp/2025_02_15_01_50_01_12291/Rtmp4yNLpB/asciidoc'...
error: RPC failed; curl 92 HTTP/2 stream 5 was not closed cleanly: CANCEL (err 8)
error: 734 bytes of body are still expected
fetch-pack: unexpected disconnect while reading sideband packet
fatal: early EOF
fatal: fetch-pack: invalid index-pack output
Cloning into '/d/temp/2025_02_15_01_50_01_12291/Rtmp4yNLpB/asciidoc'...
Updating files: 8% (44/508)
Updating files: 9% (46/508)
Updating files: 10% (51/508)
Updating files: 11% (56/508)
Updating files: 12% (61/508)
Updating files: 13% (67/508)
Updating files: 14% (72/508)
Updating files: 15% (77/508)
Updating files: 16% (82/508)
Updating files: 17% (87/508)
Updating files: 17% (90/508)
Updating files: 18% (92/508)
Updating files: 19% (97/508)
Updating files: 20% (102/508)
Updating files: 21% (107/508)
Updating files: 22% (112/508)
Updating files: 22% (116/508)
Updating files: 23% (117/508)
Updating files: 24% (122/508)
Updating files: 25% (127/508)
Updating files: 26% (133/508)
Updating files: 27% (138/508)
Updating files: 28% (143/508)
Updating files: 29% (148/508)
Updating files: 29% (150/508)
Updating files: 30% (153/508)
Updating files: 31% (158/508)
Updating files: 32% (163/508)
Updating files: 33% (168/508)
Updating files: 34% (173/508)
Updating files: 35% (178/508)
Updating files: 36% (183/508)
Updating files: 36% (186/508)
Updating files: 37% (188/508)
Updating files: 38% (194/508)
Updating files: 39% (199/508)
Updating files: 40% (204/508)
Updating files: 41% (209/508)
Updating files: 41% (210/508)
Updating files: 42% (214/508)
Updating files: 43% (219/508)
Updating files: 44% (224/508)
Updating files: 45% (229/508)
Updating files: 46% (234/508)
Updating files: 46% (235/508)
Updating files: 47% (239/508)
Updating files: 48% (244/508)
Updating files: 49% (249/508)
Updating files: 50% (254/508)
Updating files: 51% (260/508)
Updating files: 52% (265/508)
Updating files: 53% (270/508)
Updating files: 54% (275/508)
Updating files: 55% (280/508)
Updating files: 56% (285/508)
Updating files: 57% (290/508)
Updating files: 58% (295/508)
Updating files: 58% (299/508)
Updating files: 59% (300/508)
Updating files: 60% (305/508)
Updating files: 61% (310/508)
Updating files: 62% (315/508)
Updating files: 63% (321/508)
Updating files: 64% (326/508)
Updating files: 65% (331/508)
Updating files: 65% (332/508)
Updating files: 66% (336/508)
Updating files: 67% (341/508)
Updating files: 68% (346/508)
Updating files: 69% (351/508)
Updating files: 70% (356/508)
Updating files: 71% (361/508)
Updating files: 72% (366/508)
Updating files: 73% (371/508)
Updating files: 73% (373/508)
Updating files: 74% (376/508)
Updating files: 75% (381/508)
Updating files: 76% (387/508)
Updating files: 77% (392/508)
Updating files: 78% (397/508)
Updating files: 79% (402/508)
Updating files: 80% (407/508)
Updating files: 81% (412/508)
Updating files: 82% (417/508)
Updating files: 83% (422/508)
Updating files: 84% (427/508)
Updating files: 85% (432/508)
Updating files: 86% (437/508)
Updating files: 87% (442/508)
Updating files: 88% (448/508)
Updating files: 89% (453/508)
Updating files: 90% (458/508)
Updating files: 91% (463/508)
Updating files: 92% (468/508)
Updating files: 93% (473/508)
Updating files: 93% (475/508)
Updating files: 94% (478/508)
Updating files: 95% (483/508)
Updating files: 96% (488/508)
Updating files: 97% (493/508)
Updating files: 98% (498/508)
Updating files: 99% (503/508)
Updating files: 100% (508/508)
Updating files: 100% (508/508), done.
[ FAIL 2 | WARN 2 | SKIP 0 | PASS 6 ]
══ Failed tests ════════════════════════════════════════════════════════════════
── Failure ('test-main.R:20:29'): get asciidoc ─────────────────────────────────
result[["asciidoc_source"]] has type 'NULL', not 'character'.
── Error ('test-main.R:23:29'): get asciidoc ───────────────────────────────────
Error in `file.exists(source_file)`: invalid 'file' argument
Backtrace:
▆
1. ├─testthat::expect_true(file.exists(source_file)) at test-main.R:23:29
2. │ └─testthat::quasi_label(enquo(object), label, arg = "object")
3. │ └─rlang::eval_bare(expr, quo_get_env(quo))
4. └─base::file.exists(source_file)
[ FAIL 2 | WARN 2 | SKIP 0 | PASS 6 ]
Error: Test failures
Execution halted
Flavor: r-devel-windows-x86_64
These binaries (installable software) and packages are in development.
They may not be fully stable and should be used with caution. We make no claims about them.
Health stats visible at Monitor.