CRAN Package Check Results for Package rar

Last updated on 2025-02-23 15:49:54 CET.

Flavor Version Tinstall Tcheck Ttotal Status Flags
r-devel-linux-x86_64-debian-clang 0.0.3 48.95 43.60 92.55 OK
r-devel-linux-x86_64-debian-gcc 0.0.3 40.87 34.72 75.59 OK
r-devel-linux-x86_64-fedora-clang 0.0.3 190.02 WARN
r-devel-linux-x86_64-fedora-gcc 0.0.3 175.86 OK
r-devel-macos-arm64 0.0.3 46.00 OK
r-devel-macos-x86_64 0.0.3 68.00 OK
r-devel-windows-x86_64 0.0.3 61.00 84.00 145.00 OK
r-patched-linux-x86_64 0.0.3 57.99 42.92 100.91 OK
r-release-linux-x86_64 0.0.3 57.96 44.34 102.30 OK
r-release-macos-arm64 0.0.3 47.00 NOTE
r-release-macos-x86_64 0.0.3 56.00 NOTE
r-release-windows-x86_64 0.0.3 63.00 80.00 143.00 OK
r-oldrel-macos-arm64 0.0.3 50.00 NOTE
r-oldrel-macos-x86_64 0.0.3 71.00 NOTE
r-oldrel-windows-x86_64 0.0.3 73.00 100.00 173.00 OK

Additional issues

rchk

Check Details

Version: 0.0.3
Check: whether package can be installed
Result: WARN Found the following significant warnings: /data/gannet/ripley/R/test-clang/cpp11/include/cpp11/R.hpp:52:31: warning: identifier '_xl' preceded by whitespace in a literal operator declaration is deprecated [-Wdeprecated-literal-operator] /data/gannet/ripley/R/test-clang/cpp11/include/cpp11/named_arg.hpp:42:29: warning: identifier '_nm' preceded by whitespace in a literal operator declaration is deprecated [-Wdeprecated-literal-operator] See ‘/data/gannet/ripley/R/packages/tests-clang/rar.Rcheck/00install.out’ for details. * used C++ compiler: ‘clang version 20.1.0-rc2’ Flavor: r-devel-linux-x86_64-fedora-clang

Version: 0.0.3
Check: installed package size
Result: NOTE installed size is 8.9Mb sub-directories of 1Mb or more: libs 8.7Mb Flavors: r-release-macos-arm64, r-release-macos-x86_64, r-oldrel-macos-arm64, r-oldrel-macos-x86_64

These binaries (installable software) and packages are in development.
They may not be fully stable and should be used with caution. We make no claims about them.
Health stats visible at Monitor.