Last updated on 2025-02-02 07:50:23 CET.
Flavor | Version | Tinstall | Tcheck | Ttotal | Status | Flags |
---|---|---|---|---|---|---|
r-devel-linux-x86_64-debian-clang | 1.1 | 4.60 | 36.89 | 41.49 | NOTE | |
r-devel-linux-x86_64-debian-gcc | 1.1 | 3.43 | 27.61 | 31.04 | NOTE | |
r-devel-linux-x86_64-fedora-clang | 1.1 | 67.21 | NOTE | |||
r-devel-linux-x86_64-fedora-gcc | 1.1 | 62.00 | NOTE | |||
r-devel-windows-x86_64 | 1.1 | 6.00 | 90.00 | 96.00 | NOTE | |
r-patched-linux-x86_64 | 1.1 | 5.06 | 34.83 | 39.89 | NOTE | |
r-release-linux-x86_64 | 1.1 | 4.25 | 34.62 | 38.87 | NOTE | |
r-release-macos-arm64 | 1.1 | 24.00 | NOTE | |||
r-release-macos-x86_64 | 1.1 | 41.00 | NOTE | |||
r-release-windows-x86_64 | 1.1 | 7.00 | 67.00 | 74.00 | NOTE | |
r-oldrel-macos-arm64 | 1.1 | 23.00 | OK | |||
r-oldrel-macos-x86_64 | 1.1 | 34.00 | OK | |||
r-oldrel-windows-x86_64 | 1.1 | 8.00 | 72.00 | 80.00 | OK |
Version: 1.1
Check: Rd files
Result: NOTE
checkRd: (-1) max.Rd:17: Lost braces
17 | Returns the maximum of all values in a vector by passing \{code{\link{max}} as \code{fn} argument to \code{\link{univar}} function.
| ^
checkRd: (-1) min.Rd:17: Lost braces
17 | Returns the minimum of all values in a vector by passing \{code{\link{min}} as \code{fn} argument to \code{\link{univar}} function.
| ^
Flavors: r-devel-linux-x86_64-debian-clang, r-devel-linux-x86_64-debian-gcc, r-devel-linux-x86_64-fedora-clang, r-devel-linux-x86_64-fedora-gcc, r-devel-windows-x86_64, r-patched-linux-x86_64, r-release-linux-x86_64, r-release-macos-arm64, r-release-macos-x86_64, r-release-windows-x86_64
These binaries (installable software) and packages are in development.
They may not be fully stable and should be used with caution. We make no claims about them.
Health stats visible at Monitor.