Last updated on 2024-05-02 08:01:54 CEST.
Flavor | Version | Tinstall | Tcheck | Ttotal | Status | Flags |
---|---|---|---|---|---|---|
r-devel-linux-x86_64-debian-clang | 2.0.4 | 15.72 | 78.62 | 94.34 | NOTE | |
r-devel-linux-x86_64-debian-gcc | 2.0.4 | 10.89 | 58.05 | 68.94 | NOTE | |
r-devel-linux-x86_64-fedora-clang | 2.0.4 | 115.68 | NOTE | |||
r-devel-linux-x86_64-fedora-gcc | 2.0.4 | 123.86 | NOTE | |||
r-devel-windows-x86_64 | 2.0.4 | 27.00 | 126.00 | 153.00 | NOTE | |
r-patched-linux-x86_64 | 2.0.4 | 13.04 | 75.63 | 88.67 | NOTE | |
r-release-linux-x86_64 | 2.0.4 | 12.00 | 74.50 | 86.50 | NOTE | |
r-release-macos-arm64 | 2.0.4 | 52.00 | NOTE | |||
r-release-windows-x86_64 | 2.0.4 | 28.00 | 123.00 | 151.00 | NOTE | |
r-oldrel-macos-arm64 | 2.0.4 | 56.00 | OK | |||
r-oldrel-macos-x86_64 | 2.0.4 | 76.00 | NOTE | |||
r-oldrel-windows-x86_64 | 2.0.4 | 32.00 | 123.00 | 155.00 | OK |
Version: 2.0.4
Check: Rd files
Result: NOTE
checkRd: (-1) auxfun.Rd:22: Lost braces in \itemize; meant \describe ?
checkRd: (-1) auxfun.Rd:23: Lost braces in \itemize; meant \describe ?
checkRd: (-1) auxfun.Rd:24: Lost braces in \itemize; meant \describe ?
checkRd: (-1) auxfun.Rd:25: Lost braces in \itemize; meant \describe ?
checkRd: (-1) auxfun.Rd:26: Lost braces in \itemize; meant \describe ?
checkRd: (-1) auxfun.Rd:34: Lost braces in \itemize; meant \describe ?
checkRd: (-1) auxfun.Rd:35-37: Lost braces in \itemize; meant \describe ?
checkRd: (-1) auxfun.Rd:38-44: Lost braces in \itemize; meant \describe ?
Flavors: r-devel-linux-x86_64-debian-clang, r-devel-linux-x86_64-debian-gcc, r-devel-linux-x86_64-fedora-clang, r-devel-linux-x86_64-fedora-gcc, r-devel-windows-x86_64, r-patched-linux-x86_64, r-release-linux-x86_64, r-release-macos-arm64, r-release-windows-x86_64
Version: 2.0.4
Check: re-building of vignette outputs
Result: NOTE
Error(s) in re-building vignettes:
--- re-building ‘fullpres.Rnw’ using Sweave
Loading required package: rngWELL
This is randtoolbox. For an overview, type 'help("randtoolbox")'.
Warning in sobol(10^3, 2, scrambling = 1) :
scrambling is currently disabled.
Warning in sobol(10^3, 2, scrambling = 2) :
scrambling is currently disabled.
Warning in coll.test(runif, 2^7, 2^10, 1, echo = FALSE) :
p-values will be approximated in the presence of low expected collision number.
Warning in coll.test(congruRand, 2^8, 2^14, 1, echo = FALSE) :
p-values will be approximated in the presence of low expected collision number.
Error: processing vignette 'fullpres.Rnw' failed with diagnostics:
Running 'texi2dvi' on 'fullpres.tex' failed.
LaTeX errors:
! LaTeX Error: File `perpage.sty' not found.
Type X to quit or <RETURN> to proceed,
or enter new name. (Default extension: sty)
! Emergency stop.
<read *>
l.79 \MakePerPage
[1]{footnote}^^M
! ==> Fatal error occurred, no output PDF file produced!
--- failed re-building ‘fullpres.Rnw’
--- re-building ‘shortintro.Rnw’ using Sweave
Loading required package: rngWELL
This is randtoolbox. For an overview, type 'help("randtoolbox")'.
Warning in RNGkind("default") :
someone corrupted the random-number generator: re-initializing
Error: processing vignette 'shortintro.Rnw' failed with diagnostics:
Running 'texi2dvi' on 'shortintro.tex' failed.
LaTeX errors:
! LaTeX Error: File `perpage.sty' not found.
Type X to quit or <RETURN> to proceed,
or enter new name. (Default extension: sty)
! Emergency stop.
<read *>
l.87 \MakePerPage
[1]{footnote}^^M
! ==> Fatal error occurred, no output PDF file produced!
--- failed re-building ‘shortintro.Rnw’
SUMMARY: processing the following files failed:
‘fullpres.Rnw’ ‘shortintro.Rnw’
Error: Vignette re-building failed.
Execution halted
Flavor: r-oldrel-macos-x86_64
These binaries (installable software) and packages are in development.
They may not be fully stable and should be used with caution. We make no claims about them.
Health stats visible at Monitor.