Last updated on 2024-05-02 09:51:54 CEST.
Flavor | Version | Tinstall | Tcheck | Ttotal | Status | Flags |
---|---|---|---|---|---|---|
r-devel-linux-x86_64-debian-clang | 1.1-3 | 14.99 | 92.62 | 107.61 | NOTE | |
r-devel-linux-x86_64-debian-gcc | 1.1-3 | 10.39 | 66.79 | 77.18 | NOTE | |
r-devel-linux-x86_64-fedora-clang | 1.1-3 | 125.76 | NOTE | |||
r-devel-linux-x86_64-fedora-gcc | 1.1-3 | 133.49 | NOTE | |||
r-devel-windows-x86_64 | 1.1-3 | 14.00 | 88.00 | 102.00 | NOTE | |
r-patched-linux-x86_64 | 1.1-3 | 11.18 | 84.12 | 95.30 | NOTE | |
r-release-linux-x86_64 | 1.1-3 | 11.61 | 84.33 | 95.94 | NOTE | |
r-release-macos-arm64 | 1.1-3 | 43.00 | NOTE | |||
r-release-windows-x86_64 | 1.1-3 | 14.00 | 89.00 | 103.00 | NOTE | |
r-oldrel-macos-arm64 | 1.1-3 | 45.00 | OK | |||
r-oldrel-macos-x86_64 | 1.1-3 | 107.00 | OK | |||
r-oldrel-windows-x86_64 | 1.1-3 | 18.00 | 102.00 | 120.00 | OK |
Version: 1.1-3
Check: Rd files
Result: NOTE
checkRd: (-1) outcomeProbs.Rd:18: Lost braces
18 | \item{scale}{either "prob" where probabilities are returned, the default, or "raw" where the probabilities are returned on the logit or probit scale, depending on which scale was selected in the texttt{randomLCA} function}
| ^
Flavors: r-devel-linux-x86_64-debian-clang, r-devel-linux-x86_64-debian-gcc, r-devel-linux-x86_64-fedora-clang, r-devel-linux-x86_64-fedora-gcc, r-devel-windows-x86_64, r-patched-linux-x86_64, r-release-linux-x86_64, r-release-macos-arm64, r-release-windows-x86_64
These binaries (installable software) and packages are in development.
They may not be fully stable and should be used with caution. We make no claims about them.
Health stats visible at Monitor.