Last updated on 2025-05-15 11:50:11 CEST.
Flavor | Version | Tinstall | Tcheck | Ttotal | Status | Flags |
---|---|---|---|---|---|---|
r-devel-linux-x86_64-debian-clang | 0.7 | 16.05 | 131.77 | 147.82 | NOTE | |
r-devel-linux-x86_64-debian-gcc | 0.7 | 10.05 | 92.12 | 102.17 | NOTE | |
r-devel-linux-x86_64-fedora-clang | 0.7 | 224.67 | OK | |||
r-devel-linux-x86_64-fedora-gcc | 0.7 | 230.64 | OK | |||
r-devel-windows-x86_64 | 0.7 | 15.00 | 133.00 | 148.00 | OK | |
r-patched-linux-x86_64 | 0.7 | 14.21 | 121.43 | 135.64 | OK | |
r-release-linux-x86_64 | 0.7 | 14.25 | 121.87 | 136.12 | OK | |
r-release-macos-arm64 | 0.7 | 65.00 | OK | |||
r-release-macos-x86_64 | 0.7 | 113.00 | OK | |||
r-release-windows-x86_64 | 0.7 | 17.00 | 134.00 | 151.00 | OK | |
r-oldrel-macos-arm64 | 0.7 | 60.00 | OK | |||
r-oldrel-macos-x86_64 | 0.7 | 85.00 | OK | |||
r-oldrel-windows-x86_64 | 0.7 | 22.00 | 172.00 | 194.00 | OK |
Version: 0.7
Check: CRAN incoming feasibility
Result: NOTE
Maintainer: ‘Tianxi Li <tianxili@virginia.edu>’
The Description field contains
<arXiv:1612.04717> . Several other model-based and task-specific
<arXiv:1411.1715>, likelihood ratio method from Wang and Bickel (2015)
<arXiv:1502.02069>, spectral methods from Le and Levina (2015)
<arXiv:1507.00827>. Many network analysis methods are also implemented,
neighborhood smoothing (Zhang et. al. 2015 <arXiv:1509.08588>). It also
<arXiv:1410.5837>, the method of moments estimation of nomination SBM
of Li et. al. (2020) <arxiv:2008.03652>, and the network mixing method
of Li and Le (2021) <arxiv:2106.02803>. It also includes the
<arXiv:2101.06388>. The work to build and improve this package is
Please refer to arXiv e-prints via their arXiv DOI <doi:10.48550/arXiv.YYMM.NNNNN>.
Flavors: r-devel-linux-x86_64-debian-clang, r-devel-linux-x86_64-debian-gcc
These binaries (installable software) and packages are in development.
They may not be fully stable and should be used with caution. We make no claims about them.
Health stats visible at Monitor.