Last updated on 2025-02-23 15:49:57 CET.
Flavor | Version | Tinstall | Tcheck | Ttotal | Status | Flags |
---|---|---|---|---|---|---|
r-devel-linux-x86_64-debian-clang | 1.2.4 | 19.02 | 136.32 | 155.34 | NOTE | |
r-devel-linux-x86_64-debian-gcc | 1.2.4 | 14.78 | 103.46 | 118.24 | NOTE | |
r-devel-linux-x86_64-fedora-clang | 1.2.4 | 241.91 | NOTE | |||
r-devel-linux-x86_64-fedora-gcc | 1.2.4 | 250.41 | NOTE | |||
r-devel-macos-arm64 | 1.2.4 | 80.00 | OK | |||
r-devel-macos-x86_64 | 1.2.4 | 149.00 | NOTE | |||
r-devel-windows-x86_64 | 1.2.4 | 21.00 | 137.00 | 158.00 | NOTE | |
r-patched-linux-x86_64 | 1.2.4 | 23.07 | 122.99 | 146.06 | NOTE | |
r-release-linux-x86_64 | 1.2.4 | 20.32 | 124.12 | 144.44 | NOTE | |
r-release-macos-arm64 | 1.2.4 | 76.00 | NOTE | |||
r-release-macos-x86_64 | 1.2.4 | 175.00 | NOTE | |||
r-release-windows-x86_64 | 1.2.4 | 20.00 | 132.00 | 152.00 | NOTE | |
r-oldrel-macos-arm64 | 1.2.4 | 76.00 | NOTE | |||
r-oldrel-macos-x86_64 | 1.2.4 | 127.00 | NOTE | |||
r-oldrel-windows-x86_64 | 1.2.4 | 27.00 | 167.00 | 194.00 | NOTE |
Version: 1.2.4
Check: DESCRIPTION meta-information
Result: NOTE
Missing dependency on R >= 4.1.0 because package code uses the pipe
|> or function shorthand \(...) syntax added in R 4.1.0.
File(s) using such syntax:
‘wcvp_checklist.R’
Flavors: r-devel-linux-x86_64-debian-clang, r-devel-linux-x86_64-debian-gcc, r-devel-linux-x86_64-fedora-clang, r-devel-linux-x86_64-fedora-gcc, r-devel-macos-x86_64, r-devel-windows-x86_64
Version: 1.2.4
Check: Rd cross-references
Result: NOTE
Found the following Rd file(s) with Rd \link{} targets missing package
anchors:
wcvp_summary_gt.Rd: gt
Please provide package anchors for all Rd \link{} targets not in the
package itself and the base packages.
Flavors: r-devel-linux-x86_64-debian-clang, r-devel-linux-x86_64-debian-gcc, r-devel-windows-x86_64
Version: 1.2.4
Check: package dependencies
Result: NOTE
Package suggested but not available for checking: ‘rWCVPdata’
Flavors: r-patched-linux-x86_64, r-release-linux-x86_64, r-release-macos-arm64, r-release-macos-x86_64, r-release-windows-x86_64, r-oldrel-macos-arm64, r-oldrel-macos-x86_64, r-oldrel-windows-x86_64
Version: 1.2.4
Check: installed package size
Result: NOTE
installed size is 5.9Mb
sub-directories of 1Mb or more:
data 3.2Mb
extdata 2.4Mb
Flavors: r-release-macos-arm64, r-release-macos-x86_64, r-oldrel-macos-arm64, r-oldrel-macos-x86_64
These binaries (installable software) and packages are in development.
They may not be fully stable and should be used with caution. We make no claims about them.
Health stats visible at Monitor.