Last updated on 2025-02-23 19:51:19 CET.
Flavor | Version | Tinstall | Tcheck | Ttotal | Status | Flags |
---|---|---|---|---|---|---|
r-devel-linux-x86_64-debian-clang | 4.23.1-2 | 107.45 | 141.77 | 249.22 | NOTE | |
r-devel-linux-x86_64-debian-gcc | 4.23.1-2 | 85.02 | 98.15 | 183.17 | NOTE | |
r-devel-linux-x86_64-fedora-clang | 4.23.1-2 | 429.16 | NOTE | |||
r-devel-linux-x86_64-fedora-gcc | 4.23.1-2 | 449.65 | NOTE | |||
r-devel-macos-arm64 | 4.23.1-2 | 116.00 | NOTE | |||
r-devel-macos-x86_64 | 4.23.1-2 | 224.00 | NOTE | |||
r-devel-windows-x86_64 | 4.23.1-2 | 107.00 | 196.00 | 303.00 | NOTE | |
r-patched-linux-x86_64 | 4.23.1-2 | 120.97 | 132.54 | 253.51 | NOTE | |
r-release-linux-x86_64 | 4.23.1-2 | 118.50 | 133.08 | 251.58 | NOTE | |
r-release-macos-arm64 | 4.23.1-2 | 68.00 | NOTE | |||
r-release-macos-x86_64 | 4.23.1-2 | 106.00 | NOTE | |||
r-release-windows-x86_64 | 4.23.1-2 | 105.00 | 188.00 | 293.00 | NOTE | |
r-oldrel-macos-arm64 | 4.23.1-2 | 122.00 | NOTE | |||
r-oldrel-macos-x86_64 | 4.23.1-2 | 237.00 | NOTE | |||
r-oldrel-windows-x86_64 | 4.23.1-2 | 115.00 | 238.00 | 353.00 | NOTE |
Version: 4.23.1-2
Check: C++ specification
Result: NOTE
Specified C++11: please drop specification unless essential
Flavors: r-devel-linux-x86_64-debian-clang, r-devel-linux-x86_64-debian-gcc, r-devel-linux-x86_64-fedora-clang, r-devel-linux-x86_64-fedora-gcc, r-devel-macos-arm64, r-devel-macos-x86_64, r-devel-windows-x86_64, r-patched-linux-x86_64, r-release-linux-x86_64, r-release-macos-arm64, r-release-macos-x86_64, r-release-windows-x86_64, r-oldrel-macos-arm64, r-oldrel-macos-x86_64, r-oldrel-windows-x86_64
Version: 4.23.1-2
Check: Rd cross-references
Result: NOTE
Found the following Rd file(s) with Rd \link{} targets missing package
anchors:
TRNG.Engine.Rd: Rcpp, Module-class
rTRNG-package.Rd: dependsAttribute
rbinom_trng.Rd: RcppParallel, setThreadOptions
rlnorm_trng.Rd: RcppParallel, setThreadOptions
rnorm_trng.Rd: RcppParallel, setThreadOptions
rpois_trng.Rd: RcppParallel, setThreadOptions
runif_trng.Rd: RcppParallel, setThreadOptions
Please provide package anchors for all Rd \link{} targets not in the
package itself and the base packages.
Flavors: r-devel-linux-x86_64-debian-clang, r-devel-linux-x86_64-debian-gcc, r-devel-windows-x86_64
Version: 4.23.1-2
Check: for GNU extensions in Makefiles
Result: NOTE
GNU make is a SystemRequirements.
Flavors: r-patched-linux-x86_64, r-release-linux-x86_64, r-release-macos-arm64, r-release-macos-x86_64, r-release-windows-x86_64, r-oldrel-macos-arm64, r-oldrel-macos-x86_64, r-oldrel-windows-x86_64
Version: 4.23.1-2
Check: installed package size
Result: NOTE
installed size is 29.4Mb
sub-directories of 1Mb or more:
doc 7.8Mb
libs 20.7Mb
Flavors: r-release-macos-arm64, r-release-macos-x86_64, r-release-windows-x86_64, r-oldrel-macos-arm64, r-oldrel-macos-x86_64, r-oldrel-windows-x86_64
These binaries (installable software) and packages are in development.
They may not be fully stable and should be used with caution. We make no claims about them.
Health stats visible at Monitor.