CRAN Package Check Results for Package rSpectral

Last updated on 2025-10-09 21:50:29 CEST.

Flavor Version Tinstall Tcheck Ttotal Status Flags
r-devel-linux-x86_64-debian-clang 1.0.0.10 64.94 46.20 111.14 WARN
r-devel-linux-x86_64-debian-gcc 1.0.0.10 36.99 36.62 73.61 WARN
r-devel-linux-x86_64-fedora-clang 1.0.0.10 202.96 NOTE
r-devel-linux-x86_64-fedora-gcc 1.0.0.10 171.37 NOTE
r-devel-windows-x86_64 1.0.0.10 76.00 83.00 159.00 NOTE
r-patched-linux-x86_64 1.0.0.10 62.63 43.72 106.35 NOTE
r-release-linux-x86_64 1.0.0.10 62.79 43.05 105.84 NOTE
r-release-macos-arm64 1.0.0.10 47.00 NOTE
r-release-macos-x86_64 1.0.0.10 67.00 NOTE
r-release-windows-x86_64 1.0.0.10 75.00 82.00 157.00 NOTE
r-oldrel-macos-arm64 1.0.0.10 49.00 NOTE
r-oldrel-macos-x86_64 1.0.0.10 77.00 NOTE
r-oldrel-windows-x86_64 1.0.0.10 91.00 101.00 192.00 NOTE

Additional issues

noSuggests

Check Details

Version: 1.0.0.10
Check: CRAN incoming feasibility
Result: NOTE Maintainer: ‘Anatoly Sorokin <lptolik@gmail.com>’ Package CITATION file contains call(s) to old-style personList() or as.personList(). Please use c() on person objects instead. Package CITATION file contains call(s) to old-style citEntry(). Please use bibentry() instead. Flavors: r-devel-linux-x86_64-debian-clang, r-devel-linux-x86_64-debian-gcc

Version: 1.0.0.10
Check: whether package can be installed
Result: WARN Found the following significant warnings: /home/hornik/tmp/R.check/r-devel-clang/Work/build/Packages/RcppArmadillo/include/RcppArmadillo/version/arma.h:66:17: warning: Using fallback compilation with Armadillo 14.6.3. Please consider defining -DARMA_USE_CURRENT and also removing C++11 compilation directive. See GitHub issue #475 for more. [-W#pragma-messages] See ‘/home/hornik/tmp/R.check/r-devel-clang/Work/PKGS/rSpectral.Rcheck/00install.out’ for details. * used C++ compiler: ‘Debian clang version 19.1.7 (7)’ Flavor: r-devel-linux-x86_64-debian-clang

Version: 1.0.0.10
Check: C++ specification
Result: NOTE Specified C++11: please drop specification unless essential Flavors: r-devel-linux-x86_64-debian-clang, r-devel-linux-x86_64-debian-gcc, r-devel-linux-x86_64-fedora-clang, r-devel-linux-x86_64-fedora-gcc, r-devel-windows-x86_64, r-patched-linux-x86_64, r-release-linux-x86_64, r-release-macos-arm64, r-release-macos-x86_64, r-release-windows-x86_64, r-oldrel-macos-arm64, r-oldrel-macos-x86_64, r-oldrel-windows-x86_64

Version: 1.0.0.10
Check: Rd cross-references
Result: NOTE Found the following Rd file(s) with Rd \link{} targets missing package anchors: rSpectral.Rd: igraph spectral_igraph_communities.Rd: igraph Please provide package anchors for all Rd \link{} targets not in the package itself and the base packages. Flavors: r-devel-linux-x86_64-debian-clang, r-devel-linux-x86_64-debian-gcc, r-devel-windows-x86_64, r-patched-linux-x86_64, r-release-linux-x86_64, r-release-windows-x86_64

Version: 1.0.0.10
Check: whether package can be installed
Result: WARN Found the following significant warnings: /home/hornik/tmp/R.check/r-devel-gcc/Work/build/Packages/RcppArmadillo/include/RcppArmadillo/version/arma.h:66:199: note: ‘#pragma message: Using fallback compilation with Armadillo 14.6.3. Please consider defining -DARMA_USE_CURRENT and also removing C++11 compilation directive. See GitHub issue #475 for more.’ See ‘/home/hornik/tmp/R.check/r-devel-gcc/Work/PKGS/rSpectral.Rcheck/00install.out’ for details. * used C++ compiler: ‘g++-15 (Debian 15.2.0-4) 15.2.0’ Flavor: r-devel-linux-x86_64-debian-gcc

These binaries (installable software) and packages are in development.
They may not be fully stable and should be used with caution. We make no claims about them.
Health stats visible at Monitor.