CRAN Package Check Results for Package r2shortcode

Last updated on 2025-05-15 09:52:38 CEST.

Flavor Version Tinstall Tcheck Ttotal Status Flags
r-devel-linux-x86_64-debian-clang 0.2 1.94 24.28 26.22 NOTE
r-devel-linux-x86_64-debian-gcc 0.2 1.49 20.53 22.02 NOTE
r-devel-linux-x86_64-fedora-clang 0.2 41.29 OK
r-devel-linux-x86_64-fedora-gcc 0.2 52.92 OK
r-devel-windows-x86_64 0.2 4.00 52.00 56.00 OK
r-patched-linux-x86_64 0.2 2.04 22.88 24.92 OK
r-release-linux-x86_64 0.2 1.97 23.48 25.45 OK
r-release-macos-arm64 0.2 23.00 OK
r-release-macos-x86_64 0.2 63.00 OK
r-release-windows-x86_64 0.2 4.00 54.00 58.00 OK
r-oldrel-macos-arm64 0.2 23.00 OK
r-oldrel-macos-x86_64 0.2 39.00 OK
r-oldrel-windows-x86_64 0.2 4.00 56.00 60.00 OK

Check Details

Version: 0.2
Check: CRAN incoming feasibility
Result: NOTE Maintainer: ‘Obinna Obianom <idonshayo@gmail.com>’ No Authors@R field in DESCRIPTION. Please add one, modifying Authors@R: person(given = "Obinna", family = "Obianom", role = c("aut", "cre"), email = "idonshayo@gmail.com") as necessary. The BugReports field in DESCRIPTION has https://github.com/oobianom/r2shortcode which should likely be https://github.com/oobianom/r2shortcode/issues instead. Flavors: r-devel-linux-x86_64-debian-clang, r-devel-linux-x86_64-debian-gcc

These binaries (installable software) and packages are in development.
They may not be fully stable and should be used with caution. We make no claims about them.
Health stats visible at Monitor.