Last updated on 2024-05-02 06:11:59 CEST.
Flavor | Version | Tinstall | Tcheck | Ttotal | Status | Flags |
---|---|---|---|---|---|---|
r-devel-linux-x86_64-debian-clang | 1.0.1 | 3.38 | 38.39 | 41.77 | NOTE | |
r-devel-linux-x86_64-debian-gcc | 1.0.1 | 2.70 | 29.59 | 32.29 | NOTE | |
r-devel-linux-x86_64-fedora-clang | 1.0.1 | 52.89 | NOTE | |||
r-devel-linux-x86_64-fedora-gcc | 1.0.1 | 50.38 | NOTE | |||
r-devel-windows-x86_64 | 1.0.1 | 3.00 | 54.00 | 57.00 | NOTE | |
r-patched-linux-x86_64 | 1.0.1 | 3.83 | 37.82 | 41.65 | NOTE | |
r-release-linux-x86_64 | 1.0.1 | 2.88 | 37.01 | 39.89 | NOTE | |
r-release-macos-arm64 | 1.0.1 | 21.00 | NOTE | |||
r-release-windows-x86_64 | 1.0.1 | 4.00 | 56.00 | 60.00 | NOTE | |
r-oldrel-macos-arm64 | 1.0.1 | 22.00 | OK | |||
r-oldrel-macos-x86_64 | 1.0.1 | 30.00 | OK | |||
r-oldrel-windows-x86_64 | 1.0.1 | 3.00 | 57.00 | 60.00 | OK |
Version: 1.0.1
Check: Rd files
Result: NOTE
checkRd: (-1) conf2d.Rd:64: Lost braces; missing escapes or markup?
64 | compute a smooth surface from \code{x} and {y}. If users already have
| ^
Flavors: r-devel-linux-x86_64-debian-clang, r-devel-linux-x86_64-debian-gcc, r-devel-linux-x86_64-fedora-clang, r-devel-linux-x86_64-fedora-gcc, r-devel-windows-x86_64, r-patched-linux-x86_64, r-release-linux-x86_64, r-release-macos-arm64, r-release-windows-x86_64
Version: 1.0.1
Check: Rd cross-references
Result: NOTE
Undeclared package ‘gplots’ in Rd xrefs
Flavor: r-devel-linux-x86_64-fedora-clang
These binaries (installable software) and packages are in development.
They may not be fully stable and should be used with caution. We make no claims about them.
Health stats visible at Monitor.