Last updated on 2024-05-02 08:01:53 CEST.
Flavor | Version | Tinstall | Tcheck | Ttotal | Status | Flags |
---|---|---|---|---|---|---|
r-devel-linux-x86_64-debian-clang | 0.6.0 | 47.22 | 218.32 | 265.54 | NOTE | |
r-devel-linux-x86_64-debian-gcc | 0.6.0 | 32.14 | 157.07 | 189.21 | NOTE | |
r-devel-linux-x86_64-fedora-clang | 0.6.0 | 331.21 | NOTE | |||
r-devel-linux-x86_64-fedora-gcc | 0.6.0 | 325.88 | NOTE | |||
r-devel-windows-x86_64 | 0.6.0 | 37.00 | 195.00 | 232.00 | NOTE | |
r-patched-linux-x86_64 | 0.6.0 | 46.40 | 206.97 | 253.37 | NOTE | |
r-release-linux-x86_64 | 0.6.0 | 41.72 | 206.55 | 248.27 | NOTE | |
r-release-macos-arm64 | 0.6.0 | 96.00 | OK | |||
r-release-windows-x86_64 | 0.6.0 | 38.00 | 197.00 | 235.00 | NOTE | |
r-oldrel-macos-arm64 | 0.6.0 | 89.00 | OK | |||
r-oldrel-macos-x86_64 | 0.6.0 | 238.00 | OK | |||
r-oldrel-windows-x86_64 | 0.6.0 | 45.00 | 248.00 | 293.00 | OK |
Version: 0.6.0
Check: HTML version of manual
Result: NOTE
Found the following HTML validation problems:
confusion_matrix.html:236:1 (confusion_matrix.Rd:73): Warning: trimming empty <li>
confusion_matrix.html:238:1 (confusion_matrix.Rd:74): Warning: trimming empty <li>
confusion_matrix.html:240:1 (confusion_matrix.Rd:75): Warning: trimming empty <li>
confusion_matrix.html:235:1 (confusion_matrix.Rd:73): Warning: trimming empty <ul>
Flavors: r-devel-linux-x86_64-debian-clang, r-devel-linux-x86_64-debian-gcc, r-devel-linux-x86_64-fedora-clang, r-devel-linux-x86_64-fedora-gcc, r-devel-windows-x86_64, r-patched-linux-x86_64, r-release-linux-x86_64, r-release-windows-x86_64
Version: 0.6.0
Check: Rd cross-references
Result: NOTE
Undeclared packages ‘Hmisc’, ‘htmlTable’ in Rd xrefs
Flavor: r-devel-linux-x86_64-fedora-clang
These binaries (installable software) and packages are in development.
They may not be fully stable and should be used with caution. We make no claims about them.
Health stats visible at Monitor.