Last updated on 2024-05-02 04:00:30 CEST.
Flavor | Version | Tinstall | Tcheck | Ttotal | Status | Flags |
---|---|---|---|---|---|---|
r-devel-linux-x86_64-debian-clang | 1.2-3 | 41.19 | 212.57 | 253.76 | NOTE | |
r-devel-linux-x86_64-debian-gcc | 1.2-3 | 31.55 | 147.21 | 178.76 | NOTE | |
r-devel-linux-x86_64-fedora-clang | 1.2-3 | 312.01 | NOTE | |||
r-devel-linux-x86_64-fedora-gcc | 1.2-3 | 308.58 | NOTE | |||
r-devel-windows-x86_64 | 1.2-3 | 35.00 | 207.00 | 242.00 | NOTE | |
r-patched-linux-x86_64 | 1.2-3 | 41.52 | 190.06 | 231.58 | NOTE | |
r-release-linux-x86_64 | 1.2-3 | 36.78 | 193.95 | 230.73 | NOTE | |
r-release-macos-arm64 | 1.2-3 | 86.00 | NOTE | |||
r-release-windows-x86_64 | 1.2-3 | 36.00 | 208.00 | 244.00 | NOTE | |
r-oldrel-macos-arm64 | 1.2-3 | 116.00 | OK | |||
r-oldrel-macos-x86_64 | 1.2-3 | 170.00 | OK | |||
r-oldrel-windows-x86_64 | 1.2-3 | 44.00 | 252.00 | 296.00 | OK |
Version: 1.2-3
Check: Rd files
Result: NOTE
checkRd: (-1) MovingBlocks-class.Rd:11: Lost braces
11 | bootstrap described in K{\"u}nsch (1989).
| ^
checkRd: (-1) MovingBlocks-class.Rd:18: Lost braces
18 | The Moving Blocks Bootstrap method of K{\"u}nsch (1989) resamples blocks
| ^
checkRd: (-1) MovingBlocks-class.Rd:25: Lost braces
25 | K{\"u}nsch, H. R. (1989). The jackknife and the bootstrap for general stationary
| ^
checkRd: (-1) frequenciesValidator.Rd:16: Lost braces; missing escapes or markup?
16 | \item{steps}{a vector containing a subset of {1,2,3,4,5,6}, indicating
| ^
Flavors: r-devel-linux-x86_64-debian-clang, r-devel-linux-x86_64-debian-gcc, r-devel-linux-x86_64-fedora-clang, r-devel-linux-x86_64-fedora-gcc, r-devel-windows-x86_64, r-patched-linux-x86_64, r-release-linux-x86_64, r-release-macos-arm64, r-release-windows-x86_64
These binaries (installable software) and packages are in development.
They may not be fully stable and should be used with caution. We make no claims about them.
Health stats visible at Monitor.