CRAN Package Check Results for Package quadrupen

Last updated on 2025-10-10 13:49:34 CEST.

Flavor Version Tinstall Tcheck Ttotal Status Flags
r-devel-linux-x86_64-debian-clang 0.2-13 90.21 158.64 248.85 OK
r-devel-linux-x86_64-debian-gcc 0.2-13 65.30 106.93 172.23 OK
r-devel-linux-x86_64-fedora-clang 0.2-13 419.66 OK
r-devel-linux-x86_64-fedora-gcc 0.2-13 439.68 OK
r-devel-windows-x86_64 0.2-12 108.00 186.00 294.00 WARN
r-patched-linux-x86_64 0.2-12 93.30 155.54 248.84 WARN
r-release-linux-x86_64 0.2-12 93.81 154.68 248.49 WARN
r-release-macos-arm64 0.2-13 104.00 OK
r-release-macos-x86_64 0.2-13 199.00 OK
r-release-windows-x86_64 0.2-12 100.00 193.00 293.00 WARN
r-oldrel-macos-arm64 0.2-13 108.00 NOTE
r-oldrel-macos-x86_64 0.2-13 195.00 NOTE
r-oldrel-windows-x86_64 0.2-13 89.00 223.00 312.00 OK

Check Details

Version: 0.2-12
Check: whether package can be installed
Result: WARN Found the following significant warnings: elastic_net.cpp:180:30: warning: 'eT arma::Mat<eT>::max(arma::uword&) const [with eT = double; arma::uword = unsigned int]' is deprecated: use .index_max() instead [-Wdeprecated-declarations] elastic_net.cpp:255:33: warning: 'eT arma::Mat<eT>::max(arma::uword&) const [with eT = double; arma::uword = unsigned int]' is deprecated: use .index_max() instead [-Wdeprecated-declarations] quadratic.cpp:43:29: warning: 'eT arma::Mat<eT>::min(arma::uword&) const [with eT = double; arma::uword = unsigned int]' is deprecated: use .index_min() instead [-Wdeprecated-declarations] See 'd:/Rcompile/CRANpkg/local/4.6/quadrupen.Rcheck/00install.out' for details. * used C compiler: 'gcc.exe (GCC) 14.2.0' * used C++ compiler: 'g++.exe (GCC) 14.2.0' Flavor: r-devel-windows-x86_64

Version: 0.2-12
Check: whether package can be installed
Result: WARN Found the following significant warnings: elastic_net.cpp:180:30: warning: ‘eT arma::Mat<eT>::max(arma::uword&) const [with eT = double; arma::uword = unsigned int]’ is deprecated: use .index_max() instead [-Wdeprecated-declarations] elastic_net.cpp:255:33: warning: ‘eT arma::Mat<eT>::max(arma::uword&) const [with eT = double; arma::uword = unsigned int]’ is deprecated: use .index_max() instead [-Wdeprecated-declarations] quadratic.cpp:43:29: warning: ‘eT arma::Mat<eT>::min(arma::uword&) const [with eT = double; arma::uword = unsigned int]’ is deprecated: use .index_min() instead [-Wdeprecated-declarations] See ‘/home/hornik/tmp/R.check/r-patched-gcc/Work/PKGS/quadrupen.Rcheck/00install.out’ for details. * used C compiler: ‘gcc-14 (Debian 14.3.0-8) 14.3.0’ * used C++ compiler: ‘g++-14 (Debian 14.3.0-8) 14.3.0’ Flavor: r-patched-linux-x86_64

Version: 0.2-12
Check: whether package can be installed
Result: WARN Found the following significant warnings: elastic_net.cpp:180:30: warning: ‘eT arma::Mat<eT>::max(arma::uword&) const [with eT = double; arma::uword = unsigned int]’ is deprecated: use .index_max() instead [-Wdeprecated-declarations] elastic_net.cpp:255:33: warning: ‘eT arma::Mat<eT>::max(arma::uword&) const [with eT = double; arma::uword = unsigned int]’ is deprecated: use .index_max() instead [-Wdeprecated-declarations] quadratic.cpp:43:29: warning: ‘eT arma::Mat<eT>::min(arma::uword&) const [with eT = double; arma::uword = unsigned int]’ is deprecated: use .index_min() instead [-Wdeprecated-declarations] See ‘/home/hornik/tmp/R.check/r-release-gcc/Work/PKGS/quadrupen.Rcheck/00install.out’ for details. * used C compiler: ‘gcc-14 (Debian 14.3.0-8) 14.3.0’ * used C++ compiler: ‘g++-14 (Debian 14.3.0-8) 14.3.0’ Flavor: r-release-linux-x86_64

Version: 0.2-12
Check: whether package can be installed
Result: WARN Found the following significant warnings: elastic_net.cpp:180:30: warning: 'eT arma::Mat<eT>::max(arma::uword&) const [with eT = double; arma::uword = unsigned int]' is deprecated: use .index_max() instead [-Wdeprecated-declarations] elastic_net.cpp:255:33: warning: 'eT arma::Mat<eT>::max(arma::uword&) const [with eT = double; arma::uword = unsigned int]' is deprecated: use .index_max() instead [-Wdeprecated-declarations] quadratic.cpp:43:29: warning: 'eT arma::Mat<eT>::min(arma::uword&) const [with eT = double; arma::uword = unsigned int]' is deprecated: use .index_min() instead [-Wdeprecated-declarations] See 'd:/Rcompile/CRANpkg/local/4.5/quadrupen.Rcheck/00install.out' for details. * used C compiler: 'gcc.exe (GCC) 14.2.0' * used C++ compiler: 'g++.exe (GCC) 14.2.0' Flavor: r-release-windows-x86_64

Version: 0.2-13
Check: installed package size
Result: NOTE installed size is 8.0Mb sub-directories of 1Mb or more: libs 7.6Mb Flavors: r-oldrel-macos-arm64, r-oldrel-macos-x86_64

These binaries (installable software) and packages are in development.
They may not be fully stable and should be used with caution. We make no claims about them.
Health stats visible at Monitor.