Last updated on 2025-05-15 09:52:38 CEST.
Flavor | Version | Tinstall | Tcheck | Ttotal | Status | Flags |
---|---|---|---|---|---|---|
r-devel-linux-x86_64-debian-clang | 1.1.3 | 6.32 | 48.94 | 55.26 | NOTE | |
r-devel-linux-x86_64-debian-gcc | 1.1.3 | 3.70 | 35.34 | 39.04 | NOTE | |
r-devel-linux-x86_64-fedora-clang | 1.1.3 | 81.13 | OK | |||
r-devel-linux-x86_64-fedora-gcc | 1.1.3 | 75.72 | OK | |||
r-devel-windows-x86_64 | 1.1.3 | 8.00 | 73.00 | 81.00 | OK | |
r-patched-linux-x86_64 | 1.1.3 | 6.30 | 42.90 | 49.20 | OK | |
r-release-linux-x86_64 | 1.1.3 | 5.61 | 42.94 | 48.55 | OK | |
r-release-macos-arm64 | 1.1.3 | 29.00 | OK | |||
r-release-macos-x86_64 | 1.1.3 | 47.00 | OK | |||
r-release-windows-x86_64 | 1.1.3 | 9.00 | 66.00 | 75.00 | OK | |
r-oldrel-macos-arm64 | 1.1.3 | 29.00 | OK | |||
r-oldrel-macos-x86_64 | 1.1.3 | 41.00 | OK | |||
r-oldrel-windows-x86_64 | 1.1.3 | 10.00 | 77.00 | 87.00 | OK |
Version: 1.1.3
Check: CRAN incoming feasibility
Result: NOTE
Maintainer: ‘Robrecht Cannoodt <rcannood@gmail.com>’
Package CITATION file contains call(s) to old-style citEntry(). Please
use bibentry() instead.
Flavors: r-devel-linux-x86_64-debian-clang, r-devel-linux-x86_64-debian-gcc
Version: 1.1.3
Check: DESCRIPTION meta-information
Result: NOTE
Author field differs from that derived from Authors@R
Author: ‘Robrecht Cannoodt [aut, cre] (<https://orcid.org/0000-0003-3641-729X>, rcannood), Wouter Saelens [aut] (<https://orcid.org/0000-0002-7114-6248>, zouter)’
Authors@R: ‘Robrecht Cannoodt [aut, cre] (ORCID: <https://orcid.org/0000-0003-3641-729X>, github: rcannood), Wouter Saelens [aut] (ORCID: <https://orcid.org/0000-0002-7114-6248>, github: zouter)’
Flavors: r-devel-linux-x86_64-debian-clang, r-devel-linux-x86_64-debian-gcc
These binaries (installable software) and packages are in development.
They may not be fully stable and should be used with caution. We make no claims about them.
Health stats visible at Monitor.