Last updated on 2025-11-14 01:51:47 CET.
| Flavor | Version | Tinstall | Tcheck | Ttotal | Status | Flags |
|---|---|---|---|---|---|---|
| r-devel-linux-x86_64-debian-clang | 0.1.5 | 37.48 | 45.63 | 83.11 | NOTE | |
| r-devel-linux-x86_64-debian-gcc | 0.1.5 | 25.72 | 37.09 | 62.81 | NOTE | |
| r-devel-linux-x86_64-fedora-clang | 0.1.5 | 24.00 | 38.36 | 62.36 | NOTE | |
| r-devel-linux-x86_64-fedora-gcc | 0.1.5 | 77.00 | 68.02 | 145.02 | NOTE | |
| r-devel-windows-x86_64 | 0.1.5 | 92.00 | 99.00 | 191.00 | OK | |
| r-patched-linux-x86_64 | 0.1.5 | 33.83 | 43.57 | 77.40 | OK | |
| r-release-linux-x86_64 | 0.1.5 | 32.06 | 42.73 | 74.79 | OK | |
| r-release-macos-arm64 | 0.1.5 | 35.00 | 37.00 | 72.00 | NOTE | |
| r-release-macos-x86_64 | 0.1.5 | 49.00 | 57.00 | 106.00 | NOTE | |
| r-release-windows-x86_64 | 0.1.5 | 91.00 | 102.00 | 193.00 | OK | |
| r-oldrel-macos-arm64 | 0.1.5 | 42.00 | 54.00 | 96.00 | NOTE | |
| r-oldrel-macos-x86_64 | 0.1.5 | 46.00 | 102.00 | 148.00 | NOTE | |
| r-oldrel-windows-x86_64 | 0.1.5 | 93.00 | 120.00 | 213.00 | NOTE |
Version: 0.1.5
Check: compiled code
Result: NOTE
File ‘qs2/libs/qs2.so’:
Found non-API call to R: ‘SET_OBJECT’
Compiled code should not call non-API entry points in R.
See ‘Writing portable packages’ in the ‘Writing R Extensions’ manual,
and section ‘Moving into C API compliance’ for issues with the use of
non-API entry points.
Flavors: r-devel-linux-x86_64-debian-clang, r-devel-linux-x86_64-debian-gcc, r-devel-linux-x86_64-fedora-clang, r-devel-linux-x86_64-fedora-gcc
Version: 0.1.5
Check: compiled code
Result: NOTE
File ‘qs2/libs/qs2.so’:
Found ‘___stderrp’, possibly from ‘stderr’ (C)
Object: ‘libQSZSTD.a’
Compiled code should not call entry points which might terminate R nor
write to stdout/stderr instead of to the console, nor use Fortran I/O
nor system RNGs nor [v]sprintf.
See ‘Writing portable packages’ in the ‘Writing R Extensions’ manual.
Flavors: r-release-macos-arm64, r-release-macos-x86_64
Version: 0.1.5
Check: installed package size
Result: NOTE
installed size is 9.5Mb
sub-directories of 1Mb or more:
libs 9.3Mb
Flavors: r-oldrel-macos-arm64, r-oldrel-macos-x86_64
Version: 0.1.5
Check: for GNU extensions in Makefiles
Result: NOTE
GNU make is a SystemRequirements.
Flavors: r-oldrel-macos-arm64, r-oldrel-macos-x86_64, r-oldrel-windows-x86_64
These binaries (installable software) and packages are in development.
They may not be fully stable and should be used with caution. We make no claims about them.
Health stats visible at Monitor.