Last updated on 2025-02-08 19:49:28 CET.
Flavor | Version | Tinstall | Tcheck | Ttotal | Status | Flags |
---|---|---|---|---|---|---|
r-devel-linux-x86_64-debian-clang | 0.0-17 | 13.66 | 180.17 | 193.83 | NOTE | |
r-devel-linux-x86_64-debian-gcc | 0.0-17 | 9.48 | 131.43 | 140.91 | NOTE | |
r-devel-linux-x86_64-fedora-clang | 0.0-17 | 314.07 | OK | |||
r-devel-linux-x86_64-fedora-gcc | 0.0-17 | 323.86 | OK | |||
r-devel-windows-x86_64 | 0.0-17 | 16.00 | 197.00 | 213.00 | NOTE | |
r-patched-linux-x86_64 | 0.0-17 | 16.59 | 174.58 | 191.17 | OK | |
r-release-linux-x86_64 | 0.0-17 | 11.51 | 176.73 | 188.24 | OK | |
r-release-macos-arm64 | 0.0-17 | 87.00 | OK | |||
r-release-macos-x86_64 | 0.0-17 | 138.00 | OK | |||
r-release-windows-x86_64 | 0.0-17 | 16.00 | 196.00 | 212.00 | OK | |
r-oldrel-macos-arm64 | 0.0-17 | 94.00 | OK | |||
r-oldrel-macos-x86_64 | 0.0-17 | 264.00 | OK | |||
r-oldrel-windows-x86_64 | 0.0-17 | 19.00 | 265.00 | 284.00 | OK |
Version: 0.0-17
Check: Rd cross-references
Result: NOTE
Found the following Rd file(s) with Rd \link{} targets missing package
anchors:
fit_ARMA_GARCH.Rd: ugarchfit
get_data.Rd: getSymbols, Quandl, Ad, Cl, Op, Hi, Lo, Vo, OpCl, ClCl,
HiCl, LoCl, LoHi, OpHi, OpLo, OpOp
matrix_plot.Rd: levelplot
returns.Rd: xts
tests.Rd: ad.test
Please provide package anchors for all Rd \link{} targets not in the
package itself and the base packages.
Flavors: r-devel-linux-x86_64-debian-clang, r-devel-linux-x86_64-debian-gcc, r-devel-windows-x86_64
These binaries (installable software) and packages are in development.
They may not be fully stable and should be used with caution. We make no claims about them.
Health stats visible at Monitor.