CRAN Package Check Results for Package qqtest

Last updated on 2025-05-15 07:49:48 CEST.

Flavor Version Tinstall Tcheck Ttotal Status Flags
r-devel-linux-x86_64-debian-clang 1.2.0 2.53 35.37 37.90 NOTE
r-devel-linux-x86_64-debian-gcc 1.2.0 1.86 26.39 28.25 NOTE
r-devel-linux-x86_64-fedora-clang 1.2.0 60.24 NOTE
r-devel-linux-x86_64-fedora-gcc 1.2.0 71.51 NOTE
r-devel-windows-x86_64 1.2.0 3.00 56.00 59.00 NOTE
r-patched-linux-x86_64 1.2.0 2.56 33.31 35.87 NOTE
r-release-linux-x86_64 1.2.0 2.57 33.77 36.34 NOTE
r-release-macos-arm64 1.2.0 NOTE
r-release-macos-x86_64 1.2.0 50.00 NOTE
r-release-windows-x86_64 1.2.0 4.00 56.00 60.00 NOTE
r-oldrel-macos-arm64 1.2.0 26.00 NOTE
r-oldrel-macos-x86_64 1.2.0 38.00 NOTE
r-oldrel-windows-x86_64 1.2.0 3.00 64.00 67.00 NOTE

Check Details

Version: 1.2.0
Check: CRAN incoming feasibility
Result: NOTE Maintainer: ‘Wayne Oldford <rwoldford@uwaterloo.ca>’ Found the following URLs which should use \doi (with the DOI name only): File ‘qqtest.Rd’: https://doi.org/10.1080/00031305.2015.1090338 Flavors: r-devel-linux-x86_64-debian-clang, r-devel-linux-x86_64-debian-gcc

Version: 1.2.0
Check: Rd files
Result: NOTE checkRd: (-1) hideLocation.Rd:10: Lost braces; missing escapes or markup? 10 | \item{trueLoc}{A vector of one or more numbers in the set {1, 2, ..., nSubjects} whose locations are to be hidden.} | ^ checkRd: (-1) hideLocation.Rd:12: Lost braces; missing escapes or markup? 12 | \item{nSubjects}{An integer larger than 1 used to define the set {1, 2, ..., nSubjects}.} | ^ Flavors: r-devel-linux-x86_64-debian-clang, r-devel-linux-x86_64-debian-gcc, r-devel-linux-x86_64-fedora-clang, r-devel-linux-x86_64-fedora-gcc, r-devel-windows-x86_64, r-patched-linux-x86_64, r-release-linux-x86_64, r-release-macos-arm64, r-release-macos-x86_64, r-release-windows-x86_64, r-oldrel-macos-arm64, r-oldrel-macos-x86_64, r-oldrel-windows-x86_64

These binaries (installable software) and packages are in development.
They may not be fully stable and should be used with caution. We make no claims about them.
Health stats visible at Monitor.