Last updated on 2025-10-30 19:53:33 CET.
| Flavor | Version | Tinstall | Tcheck | Ttotal | Status | Flags | 
|---|---|---|---|---|---|---|
| r-devel-linux-x86_64-debian-clang | 0.1.0 | 4.20 | 66.09 | 70.29 | NOTE | |
| r-devel-linux-x86_64-debian-gcc | 0.1.0 | 4.40 | 49.34 | 53.74 | NOTE | |
| r-devel-linux-x86_64-fedora-clang | 0.1.0 | 11.00 | 98.83 | 109.83 | NOTE | |
| r-devel-linux-x86_64-fedora-gcc | 0.1.0 | 17.00 | 105.94 | 122.94 | NOTE | |
| r-devel-windows-x86_64 | 0.1.0 | 9.00 | 76.00 | 85.00 | OK | |
| r-patched-linux-x86_64 | 0.1.0 | 5.77 | 61.80 | 67.57 | OK | |
| r-release-linux-x86_64 | 0.1.0 | 5.50 | 61.51 | 67.01 | OK | |
| r-release-macos-arm64 | 0.1.0 | 3.00 | 34.00 | 37.00 | OK | |
| r-release-macos-x86_64 | 0.1.0 | 7.00 | 156.00 | 163.00 | OK | |
| r-release-windows-x86_64 | 0.1.0 | 11.00 | 75.00 | 86.00 | OK | |
| r-oldrel-macos-arm64 | 0.1.0 | 3.00 | 32.00 | 35.00 | OK | |
| r-oldrel-macos-x86_64 | 0.1.0 | 4.00 | 48.00 | 52.00 | OK | |
| r-oldrel-windows-x86_64 | 0.1.0 | 10.00 | 92.00 | 102.00 | OK | 
Version: 0.1.0
Check: CRAN incoming feasibility
Result: NOTE
  Maintainer: ‘Ingo Rohlfing <i.rohlfing@uni-koeln.de>’
  
  The BugReports field in DESCRIPTION has
    https://github.com/ingorohlfing/qcapower
  which should likely be
    https://github.com/ingorohlfing/qcapower/issues
  instead.
Flavors: r-devel-linux-x86_64-debian-clang, r-devel-linux-x86_64-debian-gcc
Version: 0.1.0
Check: dependencies in R code
Result: NOTE
  Namespace in Imports field not imported from: ‘devtools’
    All declared Imports should be used.
Flavors: r-devel-linux-x86_64-fedora-clang, r-devel-linux-x86_64-fedora-gcc
These binaries (installable software) and packages are in development.
They may not be fully stable and should be used with caution. We make no claims about them.
Health stats visible at Monitor.