CRAN Package Check Results for Package pyMTurkR

Last updated on 2025-05-17 13:49:47 CEST.

Flavor Version Tinstall Tcheck Ttotal Status Flags
r-devel-linux-x86_64-debian-clang 1.1.6 12.17 67.08 79.25 NOTE
r-devel-linux-x86_64-debian-gcc 1.1.6 8.53 44.20 52.73 NOTE
r-devel-linux-x86_64-fedora-clang 1.1.6 130.48 OK
r-devel-linux-x86_64-fedora-gcc 1.1.6 118.26 OK
r-devel-windows-x86_64 1.1.6 13.00 84.00 97.00 OK
r-patched-linux-x86_64 1.1.6 13.47 61.94 75.41 OK
r-release-linux-x86_64 1.1.6 12.61 61.78 74.39 OK
r-release-macos-arm64 1.1.6 39.00 OK
r-release-macos-x86_64 1.1.6 78.00 OK
r-release-windows-x86_64 1.1.6 13.00 84.00 97.00 OK
r-oldrel-macos-arm64 1.1.6 32.00 OK
r-oldrel-macos-x86_64 1.1.6 54.00 OK
r-oldrel-windows-x86_64 1.1.6 17.00 100.00 117.00 OK

Check Details

Version: 1.1.6
Check: DESCRIPTION meta-information
Result: NOTE Author field differs from that derived from Authors@R Author: ‘Tyler Burleigh [aut] (https://twitter.com/tylerburleigh), Thomas J. Leeper [aut] (<https://orcid.org/0000-0003-4097-6326>), Solomon Messing [ctb], Sean Murphy [ctb], Jonathan Chang [ctb], Andrew Brown [ctb], Vineet Bansal [cre]’ Authors@R: ‘Tyler Burleigh [aut] (twitter: https://twitter.com/tylerburleigh), Thomas J. Leeper [aut] (ORCID: <https://orcid.org/0000-0003-4097-6326>), Solomon Messing [ctb], Sean Murphy [ctb], Jonathan Chang [ctb], Andrew Brown [ctb], Vineet Bansal [cre]’ Flavors: r-devel-linux-x86_64-debian-clang, r-devel-linux-x86_64-debian-gcc

These binaries (installable software) and packages are in development.
They may not be fully stable and should be used with caution. We make no claims about them.
Health stats visible at Monitor.