CRAN Package Check Results for Package pwt9

Last updated on 2025-05-17 13:49:47 CEST.

Flavor Version Tinstall Tcheck Ttotal Status Flags
r-devel-linux-x86_64-debian-clang 9.1-0 5.83 12.42 18.25 NOTE
r-devel-linux-x86_64-debian-gcc 9.1-0 4.87 10.36 15.23 NOTE
r-devel-linux-x86_64-fedora-clang 9.1-0 28.73 OK
r-devel-linux-x86_64-fedora-gcc 9.1-0 27.72 OK
r-devel-windows-x86_64 9.1-0 6.00 31.00 37.00 OK
r-patched-linux-x86_64 9.1-0 6.12 11.86 17.98 OK
r-release-linux-x86_64 9.1-0 5.92 11.89 17.81 OK
r-release-macos-arm64 9.1-0 19.00 OK
r-release-macos-x86_64 9.1-0 24.00 OK
r-release-windows-x86_64 9.1-0 6.00 34.00 40.00 OK
r-oldrel-macos-arm64 9.1-0 16.00 OK
r-oldrel-macos-x86_64 9.1-0 20.00 OK
r-oldrel-windows-x86_64 9.1-0 7.00 31.00 38.00 OK

Check Details

Version: 9.1-0
Check: CRAN incoming feasibility
Result: NOTE Maintainer: ‘Achim Zeileis <Achim.Zeileis@R-project.org>’ Found the following URLs which should use \doi (with the DOI name only): File ‘pwt9.0.Rd’: https://doi.org/10.15141/S5J01T File ‘pwt9.1.Rd’: https://doi.org/10.15141/S50T0R Flavors: r-devel-linux-x86_64-debian-clang, r-devel-linux-x86_64-debian-gcc

These binaries (installable software) and packages are in development.
They may not be fully stable and should be used with caution. We make no claims about them.
Health stats visible at Monitor.