Last updated on 2025-05-15 07:49:48 CEST.
Flavor | Version | Tinstall | Tcheck | Ttotal | Status | Flags |
---|---|---|---|---|---|---|
r-devel-linux-x86_64-debian-clang | 8.1-1 | 4.27 | 12.62 | 16.89 | NOTE | |
r-devel-linux-x86_64-debian-gcc | 8.1-1 | 3.64 | 10.23 | 13.87 | NOTE | |
r-devel-linux-x86_64-fedora-clang | 8.1-1 | 25.91 | OK | |||
r-devel-linux-x86_64-fedora-gcc | 8.1-1 | 26.05 | OK | |||
r-devel-windows-x86_64 | 8.1-1 | 4.00 | 31.00 | 35.00 | OK | |
r-patched-linux-x86_64 | 8.1-1 | 4.43 | 11.95 | 16.38 | OK | |
r-release-linux-x86_64 | 8.1-1 | 4.78 | 12.00 | 16.78 | OK | |
r-release-macos-arm64 | 8.1-1 | OK | ||||
r-release-macos-x86_64 | 8.1-1 | 23.00 | OK | |||
r-release-windows-x86_64 | 8.1-1 | 5.00 | 33.00 | 38.00 | OK | |
r-oldrel-macos-arm64 | 8.1-1 | 15.00 | OK | |||
r-oldrel-macos-x86_64 | 8.1-1 | 19.00 | OK | |||
r-oldrel-windows-x86_64 | 8.1-1 | 5.00 | 30.00 | 35.00 | OK |
Version: 8.1-1
Check: CRAN incoming feasibility
Result: NOTE
Maintainer: ‘Achim Zeileis <Achim.Zeileis@R-project.org>’
Package CITATION file contains call(s) to old-style personList() or
as.personList(). Please use c() on person objects instead.
Package CITATION file contains call(s) to old-style citEntry(). Please
use bibentry() instead.
Found the following URLs which should use \doi (with the DOI name only):
File ‘pwt8.0.Rd’:
http://dx.doi.org/10.15141/S5159X
http://dx.doi.org/10.1016/j.jdeveco.2012.10.001
File ‘pwt8.1.Rd’:
http://dx.doi.org/10.15141/S5NP4S
Flavors: r-devel-linux-x86_64-debian-clang, r-devel-linux-x86_64-debian-gcc
These binaries (installable software) and packages are in development.
They may not be fully stable and should be used with caution. We make no claims about them.
Health stats visible at Monitor.