Last updated on 2025-10-31 03:50:16 CET.
| Flavor | Version | Tinstall | Tcheck | Ttotal | Status | Flags | 
|---|---|---|---|---|---|---|
| r-devel-linux-x86_64-debian-clang | 8.1-1 | 4.11 | 14.15 | 18.26 | NOTE | |
| r-devel-linux-x86_64-debian-gcc | 8.1-1 | 3.42 | 11.79 | 15.21 | NOTE | |
| r-devel-linux-x86_64-fedora-clang | 8.1-1 | 26.62 | OK | |||
| r-devel-linux-x86_64-fedora-gcc | 8.1-1 | 15.00 | 12.11 | 27.11 | OK | |
| r-devel-windows-x86_64 | 8.1-1 | 5.00 | 36.00 | 41.00 | OK | |
| r-patched-linux-x86_64 | 8.1-1 | 4.35 | 13.12 | 17.47 | OK | |
| r-release-linux-x86_64 | 8.1-1 | 4.17 | 13.03 | 17.20 | OK | |
| r-release-macos-arm64 | 8.1-1 | 4.00 | 13.00 | 17.00 | OK | |
| r-release-macos-x86_64 | 8.1-1 | 5.00 | 18.00 | 23.00 | OK | |
| r-release-windows-x86_64 | 8.1-1 | 5.00 | 33.00 | 38.00 | OK | |
| r-oldrel-macos-arm64 | 8.1-1 | 3.00 | 12.00 | 15.00 | OK | |
| r-oldrel-macos-x86_64 | 8.1-1 | 3.00 | 16.00 | 19.00 | OK | |
| r-oldrel-windows-x86_64 | 8.1-1 | 5.00 | 30.00 | 35.00 | OK | 
Version: 8.1-1
Check: CRAN incoming feasibility
Result: NOTE
  Maintainer: ‘Achim Zeileis <Achim.Zeileis@R-project.org>’
  
  Package CITATION file contains call(s) to old-style personList() or
  as.personList().  Please use c() on person objects instead.
  Package CITATION file contains call(s) to old-style citEntry().  Please
  use bibentry() instead.
  
  Found the following URLs which should use \doi (with the DOI name only):
    File ‘pwt8.0.Rd’:
      http://dx.doi.org/10.15141/S5159X
      http://dx.doi.org/10.1016/j.jdeveco.2012.10.001
    File ‘pwt8.1.Rd’:
      http://dx.doi.org/10.15141/S5NP4S
Flavors: r-devel-linux-x86_64-debian-clang, r-devel-linux-x86_64-debian-gcc
These binaries (installable software) and packages are in development.
They may not be fully stable and should be used with caution. We make no claims about them.
Health stats visible at Monitor.