Last updated on 2024-05-05 02:52:45 CEST.
Flavor | Version | Tinstall | Tcheck | Ttotal | Status | Flags |
---|---|---|---|---|---|---|
r-devel-linux-x86_64-debian-clang | 1.0.0 | 6.00 | 45.41 | 51.41 | OK | |
r-devel-linux-x86_64-debian-gcc | 1.0.0 | 4.31 | 33.43 | 37.74 | OK | |
r-devel-linux-x86_64-fedora-clang | 1.0.0 | 62.94 | OK | |||
r-devel-linux-x86_64-fedora-gcc | 1.0.0 | 31.94 | OK | |||
r-devel-windows-x86_64 | 1.0.0 | 6.00 | 57.00 | 63.00 | OK | |
r-patched-linux-x86_64 | 1.0.0 | 5.11 | 42.88 | 47.99 | OK | |
r-release-linux-x86_64 | 1.0.0 | 4.46 | 41.95 | 46.41 | OK | |
r-release-macos-arm64 | 1.0.0 | 39.00 | OK | |||
r-release-macos-x86_64 | 1.0.0 | 59.00 | OK | |||
r-release-windows-x86_64 | 1.0.0 | 6.00 | 53.00 | 59.00 | ERROR | |
r-oldrel-macos-arm64 | 1.0.0 | 39.00 | OK | |||
r-oldrel-macos-x86_64 | 1.0.0 | 54.00 | OK | |||
r-oldrel-windows-x86_64 | 1.0.0 | 7.00 | 61.00 | 68.00 | OK |
Version: 1.0.0
Check: examples
Result: ERROR
Running examples in 'puremoe-Ex.R' failed
The error most likely occurred in:
> ### Name: data_mesh_trees
> ### Title: Download and Load 'MeSH' Trees Data
> ### Aliases: data_mesh_trees
>
> ### ** Examples
>
> data <- data_mesh_trees()
No path provided and persistent storage not requested. Using temporary directory for this session.
Downloading MeSH trees...
trying URL 'https://github.com/jaytimm/mesh-builds/blob/main/data/data_mesh_trees.rds?raw=true'
Warning in utils::download.file(sf, df, mode = "wb") :
URL 'https://raw.githubusercontent.com/jaytimm/mesh-resources/main/data/data_mesh_trees.rds': status was 'SSL connect error'
Error in utils::download.file(sf, df, mode = "wb") :
cannot open URL 'https://github.com/jaytimm/mesh-builds/blob/main/data/data_mesh_trees.rds?raw=true'
Calls: data_mesh_trees -> <Anonymous>
Execution halted
Flavor: r-release-windows-x86_64
These binaries (installable software) and packages are in development.
They may not be fully stable and should be used with caution. We make no claims about them.
Health stats visible at Monitor.